{"id":9560,"date":"2024-11-07T17:19:20","date_gmt":"2024-11-07T17:19:20","guid":{"rendered":"https:\/\/cienciapolitica.usac.edu.gt\/?page_id=9560"},"modified":"2025-11-18T22:14:46","modified_gmt":"2025-11-18T22:14:46","slug":"actas-finales-relaciones-2-2024","status":"publish","type":"page","link":"https:\/\/cienciapolitica.usac.edu.gt\/?page_id=9560","title":{"rendered":"ACTAS FINALES RELACIONES 2-2024"},"content":{"rendered":"\n<div class=\"wp-block-buttons is-layout-flex\">\n<div class=\"wp-block-button\"><a class=\"wp-block-button__link has-vivid-cyan-blue-background-color has-background wp-element-button\" href=\"https:\/\/cienciapolitica.usac.edu.gt\/?page_id=9495\">Regreso<\/a><\/div>\n<\/div>\n\n\n\n<p class=\"has-pale-cyan-blue-background-color has-background\">CUARTO CICLO SECCI\u00d3N \u00abA\u00bb<\/p>\n\n\n\n<div class=\"wp-block-columns is-layout-flex wp-container-3\">\n<div class=\"wp-block-column is-layout-flow\">\n<figure class=\"wp-block-table\"><table><tbody><tr><td>C\u00f3digo        <\/td><td>Curso<\/td><td>Docente            <\/td><td>Acta Final          <\/td><td>Recuperaci\u00f3n                   <\/td><\/tr><tr><td>62<\/td><td>Teor\u00eda de las Relaciones Internacionales I        <\/td><td>Mtro. Jonnathan Guerrero                         <\/td><td>&nbsp;<a href=\"https:\/\/drive.google.com\/file\/d\/1MpyjYz1RoSqMeHaenkegk0_eM36JH-hQ\/view?usp=sharing\" target=\"_blank\" rel=\"noreferrer noopener\">Ver Acta<\/a><\/td><td><a rel=\"noreferrer noopener\" href=\"https:\/\/drive.google.com\/file\/d\/1_ZKPizQRVPhbHuFqqmXCj4Q7VCgH377o\/view?usp=sharing\" target=\"_blank\">1ra. Oportunidad<\/a><br><a href=\"https:\/\/drive.google.com\/file\/d\/157P0Ls14OJiBv28o0Q5h0A1LCHLquXdW\/view?usp=sharing\" target=\"_blank\" rel=\"noreferrer noopener\">2da. Oportunidad<\/a><\/td><\/tr><tr><td>63<\/td><td>An\u00e1lisis de la Pol\u00edtica Internacional I<\/td><td>Lic. Sergio Cabria<\/td><td><a href=\"https:\/\/drive.google.com\/file\/d\/1s0jgakd2PyrwVLxkKA5CseBrVI9OUXee\/view?usp=sharing\" target=\"_blank\" rel=\"noreferrer noopener\">Ver Acta<\/a><\/td><td>&nbsp;<\/td><\/tr><tr><td>18<\/td><td>Metodolog\u00eda de las Ciencias Sociales IV<\/td><td>Licda. Ana Rita Canek Romero<\/td><td><a href=\"https:\/\/drive.google.com\/file\/d\/1P8rgmt1GQ9CcoamwLuGYX2Cyciio4l0Y\/view?usp=sharing\" target=\"_blank\" rel=\"noreferrer noopener\">Ver Acta<\/a><\/td><td>&nbsp;<\/td><\/tr><tr><td>19<\/td><td>Micro y Macroeconom\u00eda<\/td><td>Mtra. Mar\u00eda Elena Izquierdo<\/td><td><a href=\"https:\/\/drive.google.com\/file\/d\/1eELZZ5vq7qVyKzQ6_Se90NuVsOaXvDzy\/view?usp=drive_link\">Ver acta<\/a><\/td><td>&nbsp;<\/td><\/tr><tr><td>65<\/td><td>Teor\u00edas&nbsp; de la Seguridad Internacional<\/td><td>Licda. Celia Flores<\/td><td><a href=\"https:\/\/drive.google.com\/file\/d\/1SezIy84_OGOvh_RoYVzACqPM_b65dE0S\/view?usp=sharing\" target=\"_blank\" rel=\"noreferrer noopener\">Ver Acta<\/a><\/td><td><a rel=\"noreferrer noopener\" href=\"https:\/\/drive.google.com\/file\/d\/11IlzUgVcRENIyA1AJPvSGZLaRWD_ny95\/view?usp=sharing\" target=\"_blank\">1ra. Oportunidad<\/a><br><a href=\"https:\/\/drive.google.com\/file\/d\/1agQpFbS4drEC_M6JXlA0b13IMWUh_JAF\/view?usp=sharing\" target=\"_blank\" rel=\"noreferrer noopener\">2da. Oportunidad<\/a><\/td><\/tr><\/tbody><\/table><\/figure>\n<\/div>\n<\/div>\n\n\n\n<p class=\"has-pale-cyan-blue-background-color has-background\">SEXTO CICLO SECCI\u00d3N \u00abA\u00bb<\/p>\n\n\n\n<div class=\"wp-block-columns is-layout-flex wp-container-5\">\n<div class=\"wp-block-column is-layout-flow\">\n<figure class=\"wp-block-table\"><table><tbody><tr><td>C\u00f3digo                <\/td><td>Curso <\/td><td>Docente            <\/td><td>Acta Final              <\/td><td>Recuperaci\u00f3n                  <\/td><\/tr><tr><td>71<\/td><td>Comercio Internacional<\/td><td>Licda. Johana Estefany Gir\u00f3n Linares               <\/td><td><a href=\"https:\/\/drive.google.com\/file\/d\/164B3UsfBwOlMAVQLXFVaXfsI4HU_n2zd\/view?usp=sharing\" target=\"_blank\" rel=\"noreferrer noopener\">Ver Acta<\/a><\/td><td>&nbsp;<\/td><\/tr><tr><td>72<\/td><td>Organismos Internacionales I<\/td><td>Licda. Alejandra Moreira<\/td><td>&nbsp;<a href=\"https:\/\/drive.google.com\/file\/d\/18_o678fzTiYmxuGB-uMHtkT3-qxNZ4lx\/view?usp=drive_link\">ver acta<\/a><\/td><td>&nbsp;<\/td><\/tr><tr><td>31<\/td><td>Historia de Guatemala III<\/td><td>Licda. Leidy Consuelo Ruano<\/td><td><a href=\"https:\/\/drive.google.com\/file\/d\/1-7DQ6EgE_HIdn76e-QaRb1SurcKGYQ2V\/view?usp=sharing\" target=\"_blank\" rel=\"noreferrer noopener\">Ver Acta<\/a><\/td><td>&nbsp;<\/td><\/tr><tr><td>73<\/td><td>Derecho Consular y Diplom\u00e1tico<\/td><td>Mtra. Silvia Carrera<\/td><td><a href=\"https:\/\/drive.google.com\/file\/d\/1fjz_Ozawq58vPqYGxXAuwJ-_zcwpTylq\/view?usp=sharing\" target=\"_blank\" rel=\"noreferrer noopener\">Ver Acta<\/a><\/td><td>&nbsp;<\/td><\/tr><tr><td>75<\/td><td>Estructura, Actores e instituciones de Seguridad Internacional<\/td><td>Licda. Ingrid Adriana Rivera Barillas<\/td><td><a href=\"https:\/\/drive.google.com\/file\/d\/1Xgnrna3SyGCgP0UAOT7yH_G2KQSD31_L\/view?usp=sharing\" target=\"_blank\" rel=\"noreferrer noopener\">Ver Acta<\/a><\/td><td>&nbsp;<\/td><\/tr><\/tbody><\/table><\/figure>\n<\/div>\n<\/div>\n\n\n\n<p class=\"has-pale-cyan-blue-background-color has-background\">OCTAVO  CICLO SECCI\u00d3N \u00abA\u00bb<\/p>\n\n\n\n<div class=\"wp-block-columns is-layout-flex wp-container-7\">\n<div class=\"wp-block-column is-layout-flow\">\n<figure class=\"wp-block-table\"><table><tbody><tr><td>C\u00f3digo                  <\/td><td>Curso<\/td><td>Docente<\/td><td>Acta Final                     <\/td><td>Recuperaci\u00f3n                <\/td><\/tr><tr><td>82<\/td><td>Pol\u00edtica Exterior de Guatemala<\/td><td>Dr. Alain Pierce Samayoa Chavarria<\/td><td><a href=\"https:\/\/drive.google.com\/file\/d\/1YqmAls9-kjRPt6iZbKD7BhT9VWl13KKJ\/view?usp=sharing\" target=\"_blank\" rel=\"noreferrer noopener\">Ver Acta<\/a><\/td><td><a href=\"https:\/\/drive.google.com\/file\/d\/1FmRBR-Mx-87d0Q0EN262X2xh7zghVdXg\/view?usp=sharing\" target=\"_blank\" rel=\"noreferrer noopener\">1ra. Oportunidad<\/a><\/td><\/tr><tr><td>83<\/td><td>Estructura y L\u00f3gica del Poder Mundial<\/td><td>Lic. William Oswaldo Ram\u00edrez<\/td><td><a href=\"https:\/\/drive.google.com\/file\/d\/1gd4Q7xDUrv9Dae0YzxdAc9bDufwg92jt\/view?usp=sharing\" target=\"_blank\" rel=\"noreferrer noopener\">Ver Acta<\/a>&nbsp;<\/td><td><a href=\"https:\/\/drive.google.com\/file\/d\/1Aq0vG9qYRsUBozR_QfBoR5j4fbdVQ_tG\/view?usp=sharing\" target=\"_blank\" rel=\"noreferrer noopener\">1ra. Oportunidad<\/a><\/td><\/tr><tr><td>84<\/td><td>Negociaci\u00f3n Internacional<\/td><td>Mtro. Luis Rodolfo D\u00e1vila S\u00e1nchez<\/td><td><a href=\"https:\/\/drive.google.com\/file\/d\/12bMRt7kD2U9Ap92G0hKJhMjlntu89zrV\/view?usp=sharing\" target=\"_blank\" rel=\"noreferrer noopener\">Ver Acta<\/a>&nbsp;<\/td><td><a href=\"https:\/\/drive.google.com\/file\/d\/1HfI6jUp8huVrAe8FLYGtiqaVuVWPdIhG\/view?usp=sharing\" target=\"_blank\" rel=\"noreferrer noopener\">1ra. Oportunidad<\/a><\/td><\/tr><tr><td>43<\/td><td>Dise\u00f1o de Investigaci\u00f3n de Tesis I                                      <\/td><td>Licda. Ingrid Quill<\/td><td><a href=\"https:\/\/drive.google.com\/file\/d\/1EOeKserWqVG8ipnu-qyA6I1P4jJ_wjNr\/view?usp=sharing\" target=\"_blank\" rel=\"noreferrer noopener\">Ver Acta<\/a>&nbsp;<\/td><td><a href=\"https:\/\/drive.google.com\/file\/d\/19YxgdpNV4jK_bE7U7nMccKedxVoyQl6u\/view?usp=sharing\" target=\"_blank\" rel=\"noreferrer noopener\">2da. Oportunidad<\/a><\/td><\/tr><tr><td>86<\/td><td>An\u00e1lisis Estrat\u00e9gico Interno e Internacional<\/td><td>Mtra. Sory Vanessa G\u00f3mez<\/td><td><a href=\"https:\/\/drive.google.com\/file\/d\/1xnDhmKVboNqOmQbSZd0LnUvbzNHqxhFZ\/view?usp=sharing\" target=\"_blank\" rel=\"noreferrer noopener\">Ver Acta<\/a><\/td><td>&nbsp;<\/td><\/tr><\/tbody><\/table><\/figure>\n<\/div>\n<\/div>\n\n\n\n<p class=\"has-pale-cyan-blue-background-color has-background\">DECIMO CICLO SECCI\u00d3N \u00abA\u00bb<\/p>\n\n\n\n<div class=\"wp-block-columns is-layout-flex wp-container-9\">\n<div class=\"wp-block-column is-layout-flow\">\n<figure class=\"wp-block-table\"><table><tbody><tr><td>C\u00f3digo                <\/td><td>Curso<\/td><td>Docente<\/td><td>Acta Final                  <\/td><td>Recuperaci\u00f3n                         <\/td><\/tr><tr><td>55<\/td><td>Informe de Tesis<\/td><td>Mtra. Beatriz Gonz\u00e1lez Rosales<\/td><td><a href=\"https:\/\/drive.google.com\/file\/d\/1--I_ZUzqqjN_1Qpp7QhwIHAuWQE176Xo\/view?usp=sharing\" target=\"_blank\" rel=\"noreferrer noopener\">Ver Acta<\/a><\/td><td>&nbsp;<\/td><\/tr><tr><td>99<\/td><td>Gesti\u00f3n de Seguridad, Crisis y Emergencias<\/td><td>Lic. Douglas Abad\u00eda C\u00e1rdenas<\/td><td><a href=\"https:\/\/drive.google.com\/file\/d\/11ss19azXEfwHdJP0sJvwsQycbM4L0Ug2\/view?usp=sharing\" target=\"_blank\" rel=\"noreferrer noopener\">Ver Acta<\/a><\/td><td>&nbsp;<\/td><\/tr><tr><td>100<\/td><td>Seminario de An\u00e1lisis de Vulnerabilidad, Gesti\u00f3n de Riesgos y Ayuda Humanitaria<\/td><td>Dr. Jorge Calvo Drago<\/td><td><a href=\"https:\/\/drive.google.com\/file\/d\/13TtN_kn4SvoZHRXlGauuIMDFgAY_SJIi\/view?usp=sharing\" target=\"_blank\" rel=\"noreferrer noopener\">Ver Acta<\/a><\/td><td>&nbsp;<\/td><\/tr><tr><td>101<\/td><td>An\u00e1lisis&nbsp; y Construcci\u00f3n de Escenarios de&nbsp;Seguridad Nacional e Internacional.<\/td><td>Dr. Carlos Fredy Ochoa<\/td><td><a href=\"https:\/\/drive.google.com\/file\/d\/1pawrYvmo17d-LOlRAnTOAcIzqHp7KaTn\/view?usp=sharing\" target=\"_blank\" rel=\"noreferrer noopener\">Ver Acta<\/a>&nbsp;<\/td><td>&nbsp;<\/td><\/tr><tr><td>102<\/td><td>Formulaci\u00f3n y An\u00e1lisis&nbsp;&nbsp; de Pol\u00edticas P\u00fablicas de Seguridad.<\/td><td>Licda. Ingrid Adriana Rivera Barillas<\/td><td><a href=\"https:\/\/drive.google.com\/file\/d\/1KXwFxmrheWCFrDC9DVZd1kPHICOoZiSM\/view?usp=sharing\" target=\"_blank\" rel=\"noreferrer noopener\">Ver Acta<\/a><\/td><td>&nbsp;<\/td><\/tr><\/tbody><\/table><\/figure>\n<\/div>\n<\/div>\n\n\n\n<p class=\"has-pale-cyan-blue-background-color has-background\">CUARTO CICLO SECCI\u00d3N \u00abB\u00bb<\/p>\n\n\n\n<div class=\"wp-block-columns is-layout-flex wp-container-11\">\n<div class=\"wp-block-column is-layout-flow\">\n<figure class=\"wp-block-table\"><table><tbody><tr><td>C\u00f3digo     <\/td><td>Curso<\/td><td>Docente<\/td><td>Acta Final             <\/td><td>Recuperaci\u00f3n                      <\/td><\/tr><tr><td>62<\/td><td>Teor\u00eda de las Relaciones Internacionales I<\/td><td>Mtra. Beatriz Eugenia Bola\u00f1os Sagastume<\/td><td><a href=\"https:\/\/drive.google.com\/file\/d\/1fYwsVi8hP3tINP3SAqDUvdT0RsmVmKMB\/view?usp=sharing\" target=\"_blank\" rel=\"noreferrer noopener\">Ver Acta<\/a><\/td><td><a href=\"https:\/\/drive.google.com\/file\/d\/19T-963RqTqUs9OTAqRHYa8WeK3Dtv3BF\/view?usp=sharing\" target=\"_blank\" rel=\"noreferrer noopener\">2da. Oportunidad<\/a><\/td><\/tr><tr><td>63<\/td><td>An\u00e1lisis de la Pol\u00edtica Internacional I<\/td><td>Mtro. Jonnathan Guerrero<\/td><td><a href=\"https:\/\/drive.google.com\/file\/d\/11Ib42w1yf27Qh6v09nkTXRPUyW68-p5b\/view?usp=sharing\" target=\"_blank\" rel=\"noreferrer noopener\">Ver Acta<\/a>&nbsp;<\/td><td><a rel=\"noreferrer noopener\" href=\"https:\/\/drive.google.com\/file\/d\/1kSQo9lq9a2Vfx6JjxqxDkXwrMe1PBhxb\/view?usp=sharing\" target=\"_blank\">1ra. Oportunidad<\/a><br><a href=\"https:\/\/drive.google.com\/file\/d\/1snxrdTuxqDGNEUSyskoXOUYbcKpSfp4D\/view?usp=sharing\" target=\"_blank\" rel=\"noreferrer noopener\">2da. Oportunidad<\/a><\/td><\/tr><tr><td>18<\/td><td>Metodolog\u00eda de las Ciencias Sociales IV<\/td><td>Dr. Aroldo Camposeco Montejo<\/td><td><a href=\"https:\/\/drive.google.com\/file\/d\/1IvyWsAvbK9-lBR9B17JFaEn7eJLpxtxN\/view?usp=sharing\" target=\"_blank\" rel=\"noreferrer noopener\">Ver Acta<\/a><\/td><td>&nbsp;<\/td><\/tr><tr><td>19<\/td><td>Micro y Macroeconom\u00eda<\/td><td>Mtra. Mar\u00eda Elena Izquierdo<\/td><td><a href=\"https:\/\/drive.google.com\/file\/d\/1fit4SHY5VtUfJ7Irtq-XbEdhjSb7bWKe\/view?usp=drive_link\">Ver Acta<\/a><\/td><td><a rel=\"noreferrer noopener\" href=\"https:\/\/drive.google.com\/file\/d\/1SyXAxfmvo9xifNxcKvy4OziEbL0qjz1N\/view?usp=sharing\" target=\"_blank\">1ra. Oportunidad<\/a><br><a href=\"https:\/\/drive.google.com\/file\/d\/1oUuJ_CxNkE0l-SRcbxZPSDGH6bC9QQuM\/view?usp=sharing\" target=\"_blank\" rel=\"noreferrer noopener\">2da. Oportunidad<\/a><\/td><\/tr><tr><td><br>64<\/td><td>Teor\u00eda para el An\u00e1lisis Pol\u00edtico Internacional<\/td><td>Licda. Nataly V\u00e1squez<\/td><td><a href=\"https:\/\/drive.google.com\/file\/d\/1Bvs5_Iv6W4lO3JXx2A7fY4HaXlBx8sBY\/view?usp=sharing\" target=\"_blank\" rel=\"noreferrer noopener\">Ver Acta<\/a><\/td><td>&nbsp;<\/td><\/tr><\/tbody><\/table><\/figure>\n<\/div>\n<\/div>\n\n\n\n<p class=\"has-pale-cyan-blue-background-color has-background\">SEXTO CICLO SECCI\u00d3N \u00abB\u00bb<\/p>\n\n\n\n<div class=\"wp-block-columns is-layout-flex wp-container-13\">\n<div class=\"wp-block-column is-layout-flow\">\n<figure class=\"wp-block-table\"><table><tbody><tr><td>C\u00f3digo                     <\/td><td>Curso<\/td><td>Docente<\/td><td>Acta Final             <\/td><td>Recuperaci\u00f3n                      <\/td><\/tr><tr><td>71<\/td><td>Comercio Internacional                                         <\/td><td>Mtra. Beatriz Eugenia Bola\u00f1os Sagastume<\/td><td><a href=\"https:\/\/drive.google.com\/file\/d\/1xBwugLjWJTponyC0K05_epNUaofi3-9Q\/view?usp=sharing\" target=\"_blank\" rel=\"noreferrer noopener\">Ver Acta<\/a><\/td><td>&nbsp;<\/td><\/tr><tr><td>72<\/td><td>Organismos Internacionales I                                             <\/td><td>Mtra. Mayra Del Rosario Villatoro Del Valle<\/td><td><a href=\"https:\/\/drive.google.com\/file\/d\/1RDAz89rQ0ErFyD54Qs-Vyfc7TbrVbmAI\/view?usp=sharing\" target=\"_blank\" rel=\"noreferrer noopener\">Ver acta<\/a><\/td><td><a href=\"https:\/\/drive.google.com\/file\/d\/1ZP9wGWbnotUw3Tt5auj4vKd1PfRxUUtg\/view?usp=sharing\" target=\"_blank\" rel=\"noreferrer noopener\">2da. Oportunidad<\/a><\/td><\/tr><tr><td>31<\/td><td>Historia de Guatemala III<\/td><td>Licda. Eunice Rodr\u00edguez<\/td><td><a href=\"https:\/\/drive.google.com\/file\/d\/1AOZIpyh22KqZzoesR6in4s4YHKVAAw7a\/view?usp=sharing\" target=\"_blank\" rel=\"noreferrer noopener\">Ver Acta<\/a><\/td><td>&nbsp;<\/td><\/tr><tr><td>73<\/td><td>Derecho Consular y Diplom\u00e1tico<\/td><td>Lic. Oscar Bautista Soto<\/td><td><a href=\"https:\/\/drive.google.com\/file\/d\/1-hXcIC40SOuOrxGmorneuvY6dcNFGDhq\/view?usp=sharing\" target=\"_blank\" rel=\"noreferrer noopener\">Ver Acta<\/a><\/td><td><a rel=\"noreferrer noopener\" href=\"https:\/\/drive.google.com\/file\/d\/1k76OIX4QHErHwA2RWFZc-Y21McYgWuki\/view?usp=sharing\" target=\"_blank\">1ra. Oportunidad<\/a><br><a href=\"https:\/\/drive.google.com\/file\/d\/1fhtpcwCdyeMBfu7RISNr1h0aJ5ysC77I\/view?usp=sharing\" target=\"_blank\" rel=\"noreferrer noopener\">2da. Oportunidad<\/a><\/td><\/tr><tr><td>74<\/td><td>Problemas Mundiales<\/td><td>Mtro. Secil De Le\u00f3n<\/td><td><a href=\"https:\/\/drive.google.com\/file\/d\/1Pv0daxi3QwVOoN9LCbwQl0FAjTVL6abq\/view?usp=sharing\" target=\"_blank\" rel=\"noreferrer noopener\">Ver Acta<\/a><\/td><td>&nbsp;<\/td><\/tr><\/tbody><\/table><\/figure>\n<\/div>\n<\/div>\n\n\n\n<p class=\"has-pale-cyan-blue-background-color has-background\">OCTAVO CICLO SECCI\u00d3N \u00abB\u00bb<\/p>\n\n\n\n<div class=\"wp-block-columns is-layout-flex wp-container-15\">\n<div class=\"wp-block-column is-layout-flow\">\n<figure class=\"wp-block-table\"><table><tbody><tr><td>C\u00f3digo                 <\/td><td>Curso<\/td><td>Docente<\/td><td>Acta Final                                        <\/td><td>Recuperaci\u00f3n                                    <\/td><\/tr><tr><td>82<\/td><td>Pol\u00edtica Exterior de Guatemala<\/td><td>Mtra. Mayra Del Rosario Villatoro Del Valle                               <\/td><td><a href=\"https:\/\/drive.google.com\/file\/d\/1dv6f0PXKQocZywwRMZ-ZjF1nOq00Li_n\/view?usp=drive_link\" target=\"_blank\" rel=\"noreferrer noopener\">Ver Acta<\/a><\/td><td>&nbsp;<\/td><\/tr><tr><td>83<\/td><td>Estructura y L\u00f3gica del Poder Mundial<\/td><td>Mtro. Francisco Jos\u00e9 Lemus Miranda<\/td><td><a href=\"https:\/\/drive.google.com\/file\/d\/1XsDqm-7n3ebqAty2zRshjsbeBsFlfz4k\/view?usp=sharing\" target=\"_blank\" rel=\"noreferrer noopener\">Ver Acta<\/a><\/td><td>&nbsp;<\/td><\/tr><tr><td>84<\/td><td>Negociaci\u00f3n Internacional<\/td><td>Licda. Thelma S\u00e1nchez<\/td><td><a href=\"https:\/\/drive.google.com\/file\/d\/1r4V3FcK0AvWpbK3Rm4TTy41_Fkh60npl\/view?usp=sharing\" target=\"_blank\" rel=\"noreferrer noopener\">Ver Acta<\/a><\/td><td><a rel=\"noreferrer noopener\" href=\"https:\/\/drive.google.com\/file\/d\/1UoNZvqcpvUewddFgAKPzMBB9LdUNhZPN\/view?usp=sharing\" target=\"_blank\">1ra. Oportunidad<\/a>&nbsp;<br><a href=\"https:\/\/drive.google.com\/file\/d\/154xSKkbMYGOkg2TYLov2ZNbL9w4LGwKd\/view?usp=sharing\" target=\"_blank\" rel=\"noreferrer noopener\">2da. Oportunidad<\/a><\/td><\/tr><tr><td>43<\/td><td>Dise\u00f1o de Investigaci\u00f3n de Tesis I<\/td><td>Mtro. Selvin Alberto D\u00edaz Cabrera<\/td><td><a href=\"https:\/\/drive.google.com\/file\/d\/1Pp0p1WJ7mSaJsiXvCms5Vla4FzVQnsgL\/view?usp=sharing\" target=\"_blank\" rel=\"noreferrer noopener\">Ver Acta<\/a><\/td><td><a href=\"https:\/\/drive.google.com\/file\/d\/1rTHNUwCOemaDcGgjZIwBB4YWA6gXsZow\/view?usp=sharing\" target=\"_blank\" rel=\"noreferrer noopener\">1ra. Oportunidad<\/a><\/td><\/tr><tr><td>85<\/td><td>Formulaci\u00f3n, An\u00e1lisis y&nbsp; Evaluaci\u00f3n de Pol\u00edtica P\u00fablica I<\/td><td>Mtra. Geidy Magali De Mata Medrano<\/td><td><a href=\"https:\/\/drive.google.com\/file\/d\/1MkwZiWZIpz2kLOFkuDYjUGcpTneehecb\/view?usp=sharing\" target=\"_blank\" rel=\"noreferrer noopener\">Ver Acta<\/a><\/td><td><a href=\"https:\/\/drive.google.com\/file\/d\/1WomLU8TwILeCyuv10zR1hjNpdSu0hVAM\/view?usp=sharing\" target=\"_blank\" rel=\"noreferrer noopener\">1ra. Oportunidad<\/a><\/td><\/tr><\/tbody><\/table><\/figure>\n<\/div>\n<\/div>\n\n\n\n<p class=\"has-pale-cyan-blue-background-color has-background\">DECIMO CICLO SECCI\u00d3N \u00abB\u00bb<\/p>\n\n\n\n<div class=\"wp-block-columns is-layout-flex wp-container-17\">\n<div class=\"wp-block-column is-layout-flow\">\n<figure class=\"wp-block-table\"><table><tbody><tr><td>C\u00f3digo                         <\/td><td>Curso<\/td><td>Docente<\/td><td>Acta Final                      <\/td><td>Recuperaci\u00f3n                               <\/td><\/tr><tr><td>55<\/td><td>Informe de Tesis<\/td><td>Dr. Norman Octavio        Mendoza                    <\/td><td><a href=\"https:\/\/drive.google.com\/file\/d\/1bbm_1cL1BTxLUMImH6eqpvmCAsNF0a-l\/view?usp=drive_link\" target=\"_blank\" rel=\"noreferrer noopener\">Ver Acta<\/a><\/td><td>&nbsp;<\/td><\/tr><tr><td>91<\/td><td>Estudios Regionales: La Uni\u00f3n de Europea<\/td><td>Mtro. Secil De Le\u00f3n<\/td><td><a href=\"https:\/\/drive.google.com\/file\/d\/1X1MTMpNiWZSI1ZNU_eMS4oY-28iQTcju\/view?usp=sharing\" target=\"_blank\" rel=\"noreferrer noopener\">Ver Acta<\/a><\/td><td>&nbsp;<\/td><\/tr><tr><td>92<\/td><td>Estudios Regionales: Asia y Medio Oriente<\/td><td>Lic. David Winter Luther                    <\/td><td><a href=\"https:\/\/drive.google.com\/file\/d\/1D9gG4qk_L6B96xCRYyCV2RgU2_pq1Dgx\/view?usp=sharing\" target=\"_blank\" rel=\"noreferrer noopener\">Ver Acta<\/a><\/td><td>&nbsp;<\/td><\/tr><tr><td>93<\/td><td>An\u00e1lisis y Construcci\u00f3n de Escenarios Pol\u00edticos Internacionales<\/td><td>Mtro. Erwin Alvarez<\/td><td><a href=\"https:\/\/drive.google.com\/file\/d\/1ebkcBWyUAoqZe-I456vu63G1Unblu4of\/view?usp=sharing\" target=\"_blank\" rel=\"noreferrer noopener\">Ver Acta<\/a><\/td><td>&nbsp;<\/td><\/tr><tr><td>94<\/td><td>Formulaci\u00f3n,&nbsp; An\u00e1lisis y Evaluaci\u00f3n de Pol\u00edtica P\u00fablica II<\/td><td>Licda. Liseth Montenegro<\/td><td><a href=\"https:\/\/drive.google.com\/file\/d\/1eq3fQ2bPvLC1LT1jPDba3qIbLIo0Jf8t\/view?usp=sharing\" target=\"_blank\" rel=\"noreferrer noopener\">Ver Acta<\/a><\/td><td>&nbsp;<\/td><\/tr><\/tbody><\/table><\/figure>\n<\/div>\n<\/div>\n\n\n\n<div class=\"wp-block-buttons is-layout-flex\">\n<div class=\"wp-block-button\"><a class=\"wp-block-button__link has-vivid-cyan-blue-background-color has-background wp-element-button\" href=\"https:\/\/cienciapolitica.usac.edu.gt\/?page_id=9495\">Regreso<\/a><\/div>\n<\/div>\n","protected":false},"excerpt":{"rendered":"<p>CUARTO CICLO SECCI\u00d3N \u00abA\u00bb C\u00f3digo Curso Docente Acta Final Recuperaci\u00f3n 62 Teor\u00eda de las Relaciones Internacionales I Mtro. Jonnathan Guerrero &nbsp;Ver Acta 1ra. Oportunidad2da. Oportunidad 63 An\u00e1lisis de la Pol\u00edtica Internacional I Lic. Sergio Cabria Ver Acta &nbsp; 18 Metodolog\u00eda de las Ciencias Sociales IV Licda. Ana Rita Canek Romero Ver Acta &nbsp; 19 Micro [&hellip;]<\/p>\n","protected":false},"author":101014,"featured_media":0,"parent":0,"menu_order":0,"comment_status":"closed","ping_status":"closed","template":"","meta":[],"_links":{"self":[{"href":"https:\/\/cienciapolitica.usac.edu.gt\/index.php?rest_route=\/wp\/v2\/pages\/9560"}],"collection":[{"href":"https:\/\/cienciapolitica.usac.edu.gt\/index.php?rest_route=\/wp\/v2\/pages"}],"about":[{"href":"https:\/\/cienciapolitica.usac.edu.gt\/index.php?rest_route=\/wp\/v2\/types\/page"}],"author":[{"embeddable":true,"href":"https:\/\/cienciapolitica.usac.edu.gt\/index.php?rest_route=\/wp\/v2\/users\/101014"}],"replies":[{"embeddable":true,"href":"https:\/\/cienciapolitica.usac.edu.gt\/index.php?rest_route=%2Fwp%2Fv2%2Fcomments&post=9560"}],"version-history":[{"count":88,"href":"https:\/\/cienciapolitica.usac.edu.gt\/index.php?rest_route=\/wp\/v2\/pages\/9560\/revisions"}],"predecessor-version":[{"id":11012,"href":"https:\/\/cienciapolitica.usac.edu.gt\/index.php?rest_route=\/wp\/v2\/pages\/9560\/revisions\/11012"}],"wp:attachment":[{"href":"https:\/\/cienciapolitica.usac.edu.gt\/index.php?rest_route=%2Fwp%2Fv2%2Fmedia&parent=9560"}],"curies":[{"name":"wp","href":"https:\/\/api.w.org\/{rel}","templated":true}]}}