{"id":9543,"date":"2024-11-07T15:53:16","date_gmt":"2024-11-07T15:53:16","guid":{"rendered":"https:\/\/cienciapolitica.usac.edu.gt\/?page_id=9543"},"modified":"2025-08-18T23:25:56","modified_gmt":"2025-08-18T23:25:56","slug":"actas-finales-sociologia-2-2024","status":"publish","type":"page","link":"https:\/\/cienciapolitica.usac.edu.gt\/?page_id=9543","title":{"rendered":"ACTAS  FINALES SOCIOLOG\u00cdA 2-2024"},"content":{"rendered":"\n<div class=\"wp-block-buttons is-layout-flex\">\n<div class=\"wp-block-button\"><a class=\"wp-block-button__link has-vivid-cyan-blue-background-color has-background wp-element-button\" href=\"https:\/\/cienciapolitica.usac.edu.gt\/?page_id=9495\">Regreso<\/a><\/div>\n<\/div>\n\n\n\n<p><\/p>\n\n\n\n<p class=\"has-background\" style=\"background:linear-gradient(135deg,rgb(255,245,203) 0%,rgb(182,227,212) 50%,rgb(23,136,149) 100%)\">CUARTO CICLO SECCI\u00d3N \u00abA\u00bb<\/p>\n\n\n\n<div class=\"wp-block-columns is-layout-flex wp-container-3\">\n<div class=\"wp-block-column is-layout-flow\">\n<figure class=\"wp-block-table\"><table><tbody><tr><td>Codigo    <\/td><td>Curso <\/td><td>Docente   <\/td><td>Acta Final    <\/td><td>Recuperaci\u00f3n           <\/td><\/tr><tr><td>16<\/td><td>Teor\u00eda Sociol\u00f3gica I<\/td><td>Lic. Andres Guerrero<\/td><td>&nbsp;<a href=\"https:\/\/drive.google.com\/file\/d\/1awSWu7N49ZixlggxURilmCmcDWH37Huh\/view?usp=drive_link\" target=\"_blank\" rel=\"noreferrer noopener\">Ver Acta<\/a><\/td><td><a href=\"https:\/\/drive.google.com\/file\/d\/1XQlGIySyPH2_23qoUe3BuGUTtfyF_5N6\/view?usp=sharing\" target=\"_blank\" rel=\"noreferrer noopener\">1ra. Oportunidad<\/a><\/td><\/tr><tr><td>17<\/td><td>Sociolog\u00eda de Guatemala I<\/td><td>Mtro. Mike Angelo Rivera Contreras<\/td><td><a href=\"https:\/\/drive.google.com\/file\/d\/1kprTN9KkBwR796SUcf6mGueO8vGBcI28\/view?usp=sharing\" target=\"_blank\" rel=\"noreferrer noopener\">Ver Acta<\/a><\/td><td>&nbsp;<\/td><\/tr><tr><td>18<\/td><td>Metodolog\u00eda de&nbsp; las Ciencias Sociales IV<\/td><td>Lic. Mynor Castillo<\/td><td><a href=\"https:\/\/drive.google.com\/file\/d\/1PbmTaT7l73GKs9jMZK4YhXzeEDCbmMjW\/view?usp=drive_link\" target=\"_blank\" rel=\"noreferrer noopener\">Ver acta<\/a><\/td><td>&nbsp;<\/td><\/tr><tr><td>19<\/td><td>Micro y Macroeconom\u00eda<\/td><td>Mtra. Mar\u00eda Elena Izquierdo<\/td><td><a href=\"https:\/\/drive.google.com\/file\/d\/1BC02iTYvCJm5w0V6swYATUQfqQl4ECup\/view?usp=sharing\" target=\"_blank\" rel=\"noreferrer noopener\">Ver Acta<\/a><\/td><td>&nbsp;<\/td><\/tr><tr><td>21<\/td><td>Psicolog\u00eda Social de Guatemala<\/td><td>Msc. Alma Consuelo Coguox P\u00e9rez<\/td><td>&nbsp;<a href=\"https:\/\/drive.google.com\/file\/d\/1gBDteKoo5RMCD-uwcnX3hoFBnIoX5MS1\/view?usp=drive_link\">Ver Acta<\/a><\/td><td>&nbsp;<\/td><\/tr><\/tbody><\/table><\/figure>\n\n\n\n<p class=\"has-pale-ocean-gradient-background has-background\">SEXTO CICLO SECCI\u00d3N \u00abA\u00bb<\/p>\n<\/div>\n<\/div>\n\n\n\n<div class=\"wp-block-columns is-layout-flex wp-container-7\">\n<div class=\"wp-block-column is-layout-flow\">\n<figure class=\"wp-block-table\"><table class=\"has-white-background-color has-background\"><tbody><tr><td>Codigo           <\/td><td>Curso<\/td><td>Docente<\/td><td>Acta Final           <\/td><td>Recuperaci\u00f3n            <\/td><\/tr><tr><td>28<\/td><td>Teor\u00eda Sociol\u00f3gica III<\/td><td>No hay alumnos<\/td><td>&nbsp;<\/td><td>&nbsp;<\/td><\/tr><tr><td>29<\/td><td>Sociolog\u00eda de Guatemala III<\/td><td>No hay alumnos<\/td><td>&nbsp;<\/td><td>&nbsp;<\/td><\/tr><tr><td>30<\/td><td>An\u00e1lisis de Experiencias&nbsp; de&nbsp; Investigaci\u00f3n Sociol\u00f3gica II<\/td><td>No hay alumnos<\/td><td>&nbsp;<\/td><td>&nbsp;<\/td><\/tr><tr><td>31<\/td><td>Historia de Guatemala III<\/td><td>No hay alumnos<\/td><td>&nbsp;<\/td><td>&nbsp;<\/td><\/tr><tr><td>33<\/td><td>Derechos Humanos y Seguridad Humana en Guatemala<\/td><td>No hay alumnos<\/td><td>&nbsp;<\/td><td>&nbsp;<\/td><\/tr><\/tbody><\/table><figcaption class=\"wp-element-caption\"><br><\/figcaption><\/figure>\n\n\n\n<p class=\"has-pale-ocean-gradient-background has-background\">OCTAVO CICLO SECCI\u00d3N \u00abA\u00bb<\/p>\n\n\n\n<div class=\"wp-block-columns is-layout-flex wp-container-5\">\n<div class=\"wp-block-column is-layout-flow\">\n<figure class=\"wp-block-table\"><table class=\"has-white-background-color has-background\"><tbody><tr><td>C\u00f3digo    <\/td><td>Curso<\/td><td>Docente    <\/td><td>Acta Final      <\/td><td>Recuperaci\u00f3n        <\/td><\/tr><tr><td>40<\/td><td>Sociolog\u00eda Del Conocimiento<\/td><td>Lic. Boris Cabrera Cifuentes<\/td><td><a href=\"https:\/\/drive.google.com\/file\/d\/1CV7vI8Cb6mFUBTgRvr_duXq_rY3xbpNs\/view?usp=sharing\" target=\"_blank\" rel=\"noreferrer noopener\">Ver Acta<\/a><\/td><td>&nbsp;<\/td><\/tr><tr><td>41<\/td><td>Sociolog\u00eda Pol\u00edtica II<\/td><td>Lic. Christian Calder\u00f3n Cedillos<\/td><td><a href=\"https:\/\/drive.google.com\/file\/d\/1qSQxaXf5OPwn-pXcmOhFt0r4QfathlHD\/view?usp=sharing\" target=\"_blank\" rel=\"noreferrer noopener\">Ver Acta<\/a>&nbsp;<\/td><td>&nbsp;<\/td><\/tr><tr><td>42<\/td><td>Sociolog\u00eda De La Comunicaci\u00f3n<\/td><td>Lic. Juan Carlos Guzm\u00e1n Mor\u00e1n<\/td><td><a href=\"https:\/\/drive.google.com\/file\/d\/1dS3OIdiG2g_wQTzFdkXGxKWkgL-81yaT\/view?usp=sharing\" target=\"_blank\" rel=\"noreferrer noopener\">Ver Acta<\/a><\/td><td>&nbsp;<\/td><\/tr><tr><td>43<\/td><td>Dise\u00f1o De Investigaci\u00f3n De Tesis I<\/td><td>Dr. Fidel Ar\u00e9valo Gamboa<\/td><td><a href=\"https:\/\/drive.google.com\/file\/d\/1tXV3_V5x_7SJemdwOlA4Fjcrodh6tsGS\/view?usp=sharing\" target=\"_blank\" rel=\"noreferrer noopener\">Ver Acta<\/a><\/td><td>&nbsp;<\/td><\/tr><tr><td>45<\/td><td>Legislaci\u00f3n Social De Guatemala<\/td><td>Lic. Oscar Taracena<\/td><td><a href=\"https:\/\/drive.google.com\/file\/d\/1niNd1Jk3aTKnoh6e8Iv8mCOs7UeReY1B\/view?usp=sharing\" target=\"_blank\" rel=\"noreferrer noopener\">Ver Acta<\/a><\/td><td>&nbsp;<\/td><\/tr><\/tbody><\/table><\/figure>\n\n\n\n<p class=\"has-pale-ocean-gradient-background has-background\">D\u00c9CIMO CICLO SECCI\u00d3N \u00abA\u00bb<\/p>\n\n\n\n<figure class=\"wp-block-table\"><table><tbody><tr><td>C\u00f3digo                   <\/td><td>Curso<\/td><td>Docente                              <\/td><td>Acta Final                                 <\/td><td>Recuperaci\u00f3n                                  <\/td><\/tr><tr><td>51<\/td><td>Seminario sobre Teor\u00edas Sociol\u00f3gicas en Guatemala<\/td><td>Lic. Christian Calder\u00f3n Cedillos                                  <\/td><td><a href=\"https:\/\/drive.google.com\/file\/d\/1GSw3CCRi7-ITW_qmY6glViYNjLWhwtq6\/view?usp=sharing\" target=\"_blank\" rel=\"noreferrer noopener\">Ver Acta<\/a><\/td><td>&nbsp;<\/td><\/tr><tr><td>59<\/td><td>Seminario sobre&nbsp; Derechos Humanos y Defensa del Territorio y la Naturaleza desde la Perspectiva Local.<\/td><td>Lic. Juan Ram\u00f3n Donado Vivar<\/td><td>&nbsp;<a href=\"https:\/\/drive.google.com\/file\/d\/1ArRdnIRJu81Z6HfRovMbyKn6dKmjAXB5\/view?usp=sharinglink\" target=\"_blank\" rel=\"noreferrer noopener\">Ver Acta<\/a><\/td><td>&nbsp;<\/td><\/tr><tr><td>60<\/td><td>Seminario sobre Conflictividad, An\u00e1lisis y Resoluci\u00f3n de Conflictos Sociales<\/td><td>Dr. Luis Fernando Mack Echeverr\u00eda<\/td><td><a href=\"https:\/\/drive.google.com\/file\/d\/1I710bkI5tVixQoM7_xScp6xSPXAfkj2n\/view?usp=sharing\" target=\"_blank\" rel=\"noreferrer noopener\">Ver Acta<\/a><\/td><td>&nbsp;<\/td><\/tr><tr><td>61<\/td><td>Seminario sobre Pol\u00edticas P\u00fablicas de Rehabilitaci\u00f3n de Transgresores de la Ley<\/td><td>Dr. Jaime Saravia<\/td><td><a href=\"https:\/\/drive.google.com\/file\/d\/1MmdRVb1Z7N-TaWcWrBp1WgjLUuIEVicr\/view?usp=sharing\" target=\"_blank\" rel=\"noreferrer noopener\">Ver Acta<\/a><\/td><td>&nbsp;<\/td><\/tr><tr><td>55<\/td><td>Informe de Tesis<\/td><td>Dr. Norman Octavio Mendoza<\/td><td><a rel=\"noreferrer noopener\" href=\"https:\/\/drive.google.com\/file\/d\/1m4kXbrBUZX9eydO_nGrlmdpdf_6abnU7\/view?usp=drive_link\" target=\"_blank\">Ver Acta<\/a><\/td><td>&nbsp;<\/td><\/tr><\/tbody><\/table><\/figure>\n<\/div>\n<\/div>\n<\/div>\n<\/div>\n\n\n\n<p class=\"has-pale-ocean-gradient-background has-background\">CUARTO CICLO SECCI\u00d3N \u00abB\u00bb<\/p>\n\n\n\n<div class=\"wp-block-columns is-layout-flex wp-container-11\">\n<div class=\"wp-block-column is-layout-flow\">\n<div class=\"wp-block-columns is-layout-flex wp-container-9\">\n<div class=\"wp-block-column is-layout-flow\">\n<figure class=\"wp-block-table\"><table><tbody><tr><td>C\u00f3digo                  <\/td><td>Curso<\/td><td>Docente<\/td><td>Acta Final             <\/td><td>Recuperaci\u00f3n             <\/td><\/tr><tr><td>16<\/td><td>Teor\u00eda Sociol\u00f3gica I<\/td><td>Licda. Amanda Rosal\u00eda Sol\u00f3rzano Castillo<\/td><td><a href=\"https:\/\/drive.google.com\/file\/d\/1UF9033RDuk_-xDm5pYIX3kQpD-QA8SA2\/view?usp=sharing\" target=\"_blank\" rel=\"noreferrer noopener\">Ver Acta<\/a><\/td><td>&nbsp;<\/td><\/tr><tr><td>17<\/td><td>Sociolog\u00eda de Guatemala I<\/td><td>Dra. Ana Nineth Burgos M\u00e9ndez<\/td><td><a href=\"https:\/\/drive.google.com\/file\/d\/1gaG4edzYD2al4jL4KU2CmjKCJxN-tYpd\/view?usp=sharing\" target=\"_blank\" rel=\"noreferrer noopener\">Ver Acta<\/a>&nbsp;<\/td><td>&nbsp;<\/td><\/tr><tr><td>18<\/td><td>Metodolog\u00eda de&nbsp; las Ciencias Sociales IV<\/td><td>Mtra. Nora Liseth G\u00e1lvez Garc\u00eda<\/td><td><a href=\"https:\/\/drive.google.com\/file\/d\/15ma6LUIduQ6bZdPKawlpfyQH_GHLLtpO\/view?usp=sharing\" target=\"_blank\" rel=\"noreferrer noopener\">Ver Acta<\/a>&nbsp;<\/td><td>&nbsp;<\/td><\/tr><tr><td>19<\/td><td>Micro y Macroeconom\u00eda<\/td><td>Mtra. Mar\u00eda Elena Izquierdo<\/td><td><a href=\"https:\/\/drive.google.com\/file\/d\/1oicytCcG0AsRbIUpGg77wdI8J18bCj6Q\/view?usp=sharing\" target=\"_blank\" rel=\"noreferrer noopener\">Ver Acta<\/a><\/td><td>&nbsp;<\/td><\/tr><tr><td>20<\/td><td>Antropolog\u00eda Social de Guatemala<\/td><td>Lic. Julio Alejandro Valdez<\/td><td><a href=\"https:\/\/drive.google.com\/file\/d\/1ANe28C2AyLLZ5d-Kr_kftfw6eFEBhO1R\/view?usp=sharing\" target=\"_blank\" rel=\"noreferrer noopener\">Ver Acta<\/a><\/td><td>&nbsp;<\/td><\/tr><\/tbody><\/table><\/figure>\n<\/div>\n<\/div>\n<\/div>\n<\/div>\n\n\n\n<p class=\"has-pale-ocean-gradient-background has-background\">SEXTO CICLO SECCI\u00d3N \u00abB\u00bb<\/p>\n\n\n\n<div class=\"wp-block-columns is-layout-flex wp-container-13\">\n<div class=\"wp-block-column is-layout-flow\">\n<figure class=\"wp-block-table\"><table><tbody><tr><td>C\u00f3digo                 <\/td><td>Curso<\/td><td>Docente<\/td><td>Acta Final              <\/td><td>Recuperaci\u00f3n               <\/td><\/tr><tr><td>28<\/td><td>Teor\u00eda Sociol\u00f3gica III<\/td><td>Dra. Ana Nineth Burgos M\u00e9ndez<\/td><td><a href=\"https:\/\/drive.google.com\/file\/d\/19dXBn2Ykq2ytqawPyTb5GPR9Q6vEju7B\/view?usp=sharing\" target=\"_blank\" rel=\"noreferrer noopener\">Ver Acta<\/a><\/td><td>&nbsp;<\/td><\/tr><tr><td>29<\/td><td>Sociolog\u00eda de Guatemala III<\/td><td>Lic. Juan Ram\u00f3n Donado Vivar<\/td><td><a rel=\"noreferrer noopener\" href=\"https:\/\/drive.google.com\/file\/d\/1R1s7OmqyzrYhbRl6s7L4HSh-te5jo8Sf\/view?usp=sharing\" target=\"_blank\">Ver Acta<\/a><\/td><td>&nbsp;<\/td><\/tr><tr><td>30<\/td><td>An\u00e1lisis de Experiencias&nbsp; de&nbsp; Investigaci\u00f3n Sociol\u00f3gica II<\/td><td>Mtro. Manuel Rivera<\/td><td><a href=\"https:\/\/drive.google.com\/file\/d\/1aHHLOUh3PSfA9o5ARxaZBAHwZQkfrA0V\/view?usp=sharing\" target=\"_blank\" rel=\"noreferrer noopener\">Ver Acta<\/a><\/td><td>&nbsp;<\/td><\/tr><tr><td>31<\/td><td>Historia de Guatemala III<\/td><td>Licda. Leydy Consuelo Ruano<\/td><td><a href=\"https:\/\/drive.google.com\/file\/d\/1VRdm1Wy0u_fkfiryzwCUKQr7aQweWYR9\/view?usp=sharing\" target=\"_blank\" rel=\"noreferrer noopener\">Ver Acta<\/a><\/td><td>&nbsp;<\/td><\/tr><tr><td>32<\/td><td>Sociolog\u00eda de la Cultura con Perspectiva de G\u00e9nero y Etnia<\/td><td>Licda. Yohanna Del Aguila<\/td><td><a href=\"https:\/\/drive.google.com\/file\/d\/1xVo0DAwmqSfuhJPoZV0Ghjz2o6Ma0rOw\/view?usp=sharing\" target=\"_blank\" rel=\"noreferrer noopener\">Ver Acta<\/a><\/td><td>&nbsp;<\/td><\/tr><\/tbody><\/table><\/figure>\n<\/div>\n<\/div>\n\n\n\n<p class=\"has-pale-ocean-gradient-background has-background\">OCTAVO CICLO SECCI\u00d3N \u00abB\u00bb<\/p>\n\n\n\n<div class=\"wp-block-columns is-layout-flex wp-container-15\">\n<div class=\"wp-block-column is-layout-flow\">\n<figure class=\"wp-block-table\"><table><tbody><tr><td>C\u00f3digo  <\/td><td>Curso<\/td><td>Docente<\/td><td>Acta Final    <\/td><td>Recuperaci\u00f3n          <\/td><\/tr><tr><td>40<\/td><td>Sociolog\u00eda del Conocimiento<\/td><td>Lic. Boris Cabrera Cifuentes<\/td><td><a href=\"https:\/\/drive.google.com\/file\/d\/1jB96jXA0iUZYjVV7uezTydMyEwNQfuis\/view?usp=sharing\" target=\"_blank\" rel=\"noreferrer noopener\">Ver Acta<\/a><\/td><td>&nbsp;<\/td><\/tr><tr><td>41<\/td><td>Sociolog\u00eda Pol\u00edtica II<\/td><td>Dr. Jorge Ruano Estrada<\/td><td><a href=\"https:\/\/drive.google.com\/file\/d\/1kozeMeJUhirhekcrVZDSZ0VCp_5o-KNR\/view?usp=sharing\" target=\"_blank\" rel=\"noreferrer noopener\">Ver Acta<\/a><\/td><td>&nbsp;<\/td><\/tr><tr><td>42<\/td><td>Sociolog\u00eda de la Comunicaci\u00f3n<\/td><td>Dr. Carlos Orlando Oliva Muralles<\/td><td><a href=\"https:\/\/drive.google.com\/file\/d\/1u_QRIt44QzvVwpoB7N37PeeKkuurE9C2\/view?usp=sharing\" target=\"_blank\" rel=\"noreferrer noopener\">Ver Acta<\/a><\/td><td>&nbsp;<\/td><\/tr><tr><td>43<\/td><td>Dise\u00f1o de Investigaci\u00f3n de Tesis I<\/td><td>Lic. Jorge Amado<\/td><td><a href=\"https:\/\/drive.google.com\/file\/d\/1QudiWYkiBOXK-_soUNoJu3NtKpJ7JiKp\/view?usp=sharing\" target=\"_blank\" rel=\"noreferrer noopener\">Ver Acta<\/a><\/td><td>&nbsp;<\/td><\/tr><tr><td>44<\/td><td>Sociolog\u00eda de G\u00e9nero y Etnia II   <\/td><td>Mtra. Victoria Tub\u00edn<\/td><td><a href=\"https:\/\/drive.google.com\/file\/d\/1d6KtTbLtEFlVzOpqFgHAtpXrpi5yeUj4\/view?usp=sharing\" target=\"_blank\" rel=\"noreferrer noopener\">Ver Acta<\/a><\/td><td>&nbsp;<\/td><\/tr><\/tbody><\/table><\/figure>\n<\/div>\n<\/div>\n\n\n\n<p class=\"has-pale-ocean-gradient-background has-background\">D\u00c9CIMO CICLO SECCI\u00d3N \u00abB\u00bb<\/p>\n\n\n\n<div class=\"wp-block-columns is-layout-flex wp-container-17\">\n<div class=\"wp-block-column is-layout-flow\">\n<figure class=\"wp-block-table\"><table><tbody><tr><td>C\u00f3digo             <\/td><td>Curso<\/td><td>Docente<\/td><td>Acta Final                   <\/td><td>Recuperaci\u00f3n                        <\/td><\/tr><tr><td>51<\/td><td>Seminario sobre Teor\u00edas Sociol\u00f3gicas en Guatemala<\/td><td>Dr. Luis Fernando Mack Echeverr\u00eda<\/td><td><a rel=\"noreferrer noopener\" href=\"https:\/\/drive.google.com\/file\/d\/15crTrIRtY4NXoCYy-nLtyrOyEOxYOwEw\/view?usp=sharing\" target=\"_blank\">Ver Acta<\/a><\/td><td>&nbsp;<\/td><\/tr><tr><td>52<\/td><td>Seminario sobre Pol\u00edticas de Desarrollo Urbano y Rural<\/td><td>No hay estudiates<\/td><td>&nbsp;<\/td><td>&nbsp;<\/td><\/tr><tr><td>53<\/td><td>Seminario sobre&nbsp; Estrategias de Incidencia de pueblos ind\u00edgenas y Organizaciones Sociales.<\/td><td>No hay estudiates<\/td><td>&nbsp;<\/td><td>&nbsp;<\/td><\/tr><tr><td>54<\/td><td>Seminario sobre G\u00e9nero, Etnia y Educaci\u00f3n en Guatemala.<\/td><td>Lic. Edgar Barrios<\/td><td>&nbsp;<\/td><td>&nbsp;<\/td><\/tr><tr><td>55<\/td><td>Informe de Tesis<\/td><td>Dr. Norman Octavio Mendoza<\/td><td><a href=\"https:\/\/drive.google.com\/file\/d\/1imYeZ_O6L1rmnkVib6ew3SuYbGku4NCT\/view?usp=drive_link\" target=\"_blank\" rel=\"noreferrer noopener\">Ver Acta<\/a><\/td><td>&nbsp;<\/td><\/tr><\/tbody><\/table><\/figure>\n<\/div>\n<\/div>\n\n\n\n<div class=\"wp-block-buttons is-layout-flex\">\n<div class=\"wp-block-button\"><a class=\"wp-block-button__link has-vivid-cyan-blue-background-color has-background wp-element-button\" href=\"https:\/\/cienciapolitica.usac.edu.gt\/?page_id=9495\">Regreso<\/a><\/div>\n<\/div>\n","protected":false},"excerpt":{"rendered":"<p>CUARTO CICLO SECCI\u00d3N \u00abA\u00bb Codigo Curso Docente Acta Final Recuperaci\u00f3n 16 Teor\u00eda Sociol\u00f3gica I Lic. Andres Guerrero &nbsp;Ver Acta 1ra. Oportunidad 17 Sociolog\u00eda de Guatemala I Mtro. Mike Angelo Rivera Contreras Ver Acta &nbsp; 18 Metodolog\u00eda de&nbsp; las Ciencias Sociales IV Lic. Mynor Castillo Ver acta &nbsp; 19 Micro y Macroeconom\u00eda Mtra. Mar\u00eda Elena Izquierdo [&hellip;]<\/p>\n","protected":false},"author":101014,"featured_media":0,"parent":0,"menu_order":0,"comment_status":"closed","ping_status":"closed","template":"","meta":[],"_links":{"self":[{"href":"https:\/\/cienciapolitica.usac.edu.gt\/index.php?rest_route=\/wp\/v2\/pages\/9543"}],"collection":[{"href":"https:\/\/cienciapolitica.usac.edu.gt\/index.php?rest_route=\/wp\/v2\/pages"}],"about":[{"href":"https:\/\/cienciapolitica.usac.edu.gt\/index.php?rest_route=\/wp\/v2\/types\/page"}],"author":[{"embeddable":true,"href":"https:\/\/cienciapolitica.usac.edu.gt\/index.php?rest_route=\/wp\/v2\/users\/101014"}],"replies":[{"embeddable":true,"href":"https:\/\/cienciapolitica.usac.edu.gt\/index.php?rest_route=%2Fwp%2Fv2%2Fcomments&post=9543"}],"version-history":[{"count":55,"href":"https:\/\/cienciapolitica.usac.edu.gt\/index.php?rest_route=\/wp\/v2\/pages\/9543\/revisions"}],"predecessor-version":[{"id":10644,"href":"https:\/\/cienciapolitica.usac.edu.gt\/index.php?rest_route=\/wp\/v2\/pages\/9543\/revisions\/10644"}],"wp:attachment":[{"href":"https:\/\/cienciapolitica.usac.edu.gt\/index.php?rest_route=%2Fwp%2Fv2%2Fmedia&parent=9543"}],"curies":[{"name":"wp","href":"https:\/\/api.w.org\/{rel}","templated":true}]}}