{"id":8866,"date":"2024-05-20T17:24:42","date_gmt":"2024-05-20T17:24:42","guid":{"rendered":"https:\/\/cienciapolitica.usac.edu.gt\/?page_id=8866"},"modified":"2024-08-17T03:37:26","modified_gmt":"2024-08-17T03:37:26","slug":"actas-ciencia-politica-1-2024","status":"publish","type":"page","link":"https:\/\/cienciapolitica.usac.edu.gt\/?page_id=8866","title":{"rendered":"ACTAS CIENCIA POL\u00cdTICA 1-2024"},"content":{"rendered":"\n<div class=\"wp-block-buttons is-layout-flex\">\n<div class=\"wp-block-button\"><a class=\"wp-block-button__link wp-element-button\" href=\"https:\/\/cienciapolitica.usac.edu.gt\/?page_id=8849\">Regreso<\/a><\/div>\n<\/div>\n\n\n\n<p>QUINTO CICLO SECCI\u00d3N A<\/p>\n\n\n\n<figure class=\"wp-block-table\"><table><tbody><tr><td>&nbsp;CODIGO<\/td><td>&nbsp;CURSO<\/td><td>&nbsp;DOCENTE<\/td><td>&nbsp;ACTA FINAL<\/td><td>RECUPERACI\u00d3N&nbsp;<\/td><\/tr><tr><td>107<\/td><td>TEOR\u00cdA POL\u00cdTICA II<\/td><td>MTRA. CINDY LISBETH POROJ CARABALLO<\/td><td><a href=\"https:\/\/drive.google.com\/file\/d\/150lo11C_Dzut__nO27HeGiaxboOgf5i4\/view?usp=sharing\" target=\"_blank\" rel=\"noreferrer noopener\">Ver Acta<\/a><\/td><td><a href=\"https:\/\/drive.google.com\/file\/d\/1V79TtoCCnEicPnk8brzVZ5vGjEbQPYBp\/view?usp=sharing\" target=\"_blank\" rel=\"noreferrer noopener\">1ra. Oportunidad<\/a><\/td><\/tr><tr><td>108<\/td><td>SISTEMAS POL\u00cdTICOS II<\/td><td>LICDA. SARA SAPON<\/td><td><a href=\"https:\/\/drive.google.com\/file\/d\/1CItmoPnJhSOcOY8QHvKkju1cyvNMC9tO\/view?usp=sharing\" target=\"_blank\" rel=\"noreferrer noopener\">Ver Acta<\/a><\/td><td>&nbsp;<\/td><\/tr><tr><td>25<\/td><td>HISTORIA DE GUATEMALA II<\/td><td>LICDA. CECILE TAHUICO<\/td><td><a href=\"https:\/\/drive.google.com\/file\/d\/1SnFYash744xlpdtDGv6NRI0QMBaKRhtY\/view?usp=sharing\" target=\"_blank\" rel=\"noreferrer noopener\">Ver Acta<\/a><\/td><td>&nbsp;<\/td><\/tr><tr><td>109<\/td><td>ADMINISTRACI\u00d3N P\u00daBLICA DE GUATEMALA I<\/td><td>LIC. JUAN ANTONIO FERNANDEZ<\/td><td><a href=\"https:\/\/drive.google.com\/file\/d\/1AhvCFlnu7lJWFLCa3hmKJ5_mATzp-TY2\/view?usp=sharing\" target=\"_blank\" rel=\"noreferrer noopener\">Ver Acta<\/a><\/td><td><a href=\"https:\/\/drive.google.com\/file\/d\/1YoKyI3eh8QTRXXgPsaa_gvaJxLW-FG1S\/view?usp=sharing\" target=\"_blank\" rel=\"noreferrer noopener\">1ra. Oportunidad<\/a><\/td><\/tr><tr><td>110<\/td><td>IDEOLOG\u00cdAS POL\u00cdTICAS<\/td><td>LIC. WERNER ENRIQUE CASTILLO REGALADO<\/td><td><a href=\"https:\/\/drive.google.com\/file\/d\/14p_sXb06V5EaqW-Gndl97atU4mF4pZht\/view?usp=sharing\" target=\"_blank\" rel=\"noreferrer noopener\">Ver Acta<\/a><\/td><td>&nbsp;<\/td><\/tr><\/tbody><\/table><\/figure>\n\n\n\n<p>S\u00c9PTIMO CICLO SECCI\u00d3N A<\/p>\n\n\n\n<figure class=\"wp-block-table\"><table><tbody><tr><td>&nbsp;CODIGO<\/td><td>&nbsp;CURSO<\/td><td>&nbsp;DOCENTE<\/td><td>&nbsp;ACTA FINAL<\/td><td>RECUPERACI\u00d3N&nbsp;<\/td><\/tr><tr><td>117<\/td><td>TEOR\u00cdA POL\u00cdTICA IV<\/td><td>LIC. DAVID&nbsp; JOS\u00c9&nbsp; ESCOBEDO&nbsp;<\/td><td><a href=\"https:\/\/drive.google.com\/file\/d\/1QESjpPPdeDUjZYaEiGt7aWshjAmY2wbQ\/view?usp=sharing\" target=\"_blank\" rel=\"noreferrer noopener\">Ver Acta<\/a>&nbsp;<\/td><td>&nbsp;<\/td><\/tr><tr><td>118<\/td><td>ECONOM\u00cdA INTERNACIONAL<\/td><td>LICDA. ESTEFANY GIR\u00d3N<\/td><td><a href=\"https:\/\/drive.google.com\/file\/d\/15_ZejTlA2v5XTq0IXmPujq5eaCnEi8Co\/view?usp=sharing\" target=\"_blank\" rel=\"noreferrer noopener\">Ver Acta<\/a><\/td><td><a href=\"https:\/\/docs.google.com\/spreadsheets\/d\/1hHODDhOGTnBLPX_DE5ol9R5o9G7Akx0s\/edit?usp=sharing&amp;ouid=101125884913513110207&amp;rtpof=true&amp;sd=true\" target=\"_blank\" rel=\"noreferrer noopener\">2da. Oportunidad<\/a><\/td><\/tr><tr><td>119<\/td><td>ADMINISTRACI\u00d3N P\u00daBLICA DE GUATEMALA III<\/td><td>LIC. SERGIO ABRAHAM CABRIA<\/td><td><a href=\"https:\/\/drive.google.com\/file\/d\/1WjyYuEWx1qx7kVtUrEW6clt6XX7Ni_0L\/view?usp=sharing\" target=\"_blank\" rel=\"noreferrer noopener\">Ver Acta<\/a>&nbsp;<\/td><td>&nbsp;<\/td><\/tr><tr><td>120<\/td><td>ACTORES POL\u00cdTICOS INTERNACIONALES Y GLOBALIZACI\u00d3N<\/td><td>LIC. ROBERTO JOS\u00c9 AGUILAR&nbsp;<\/td><td><a href=\"https:\/\/drive.google.com\/file\/d\/120jhsx_ztA9bFfSRE6fA-sOjmtlEUTL6\/view?usp=sharing\" target=\"_blank\" rel=\"noreferrer noopener\">Ver Acta<\/a><\/td><td>&nbsp;<\/td><\/tr><tr><td>122<\/td><td>FORMULACI\u00d3N DE LAS POL\u00cdTICAS P\u00daBLICAS<\/td><td>MTRA. GEIDY MAGALI DE MATA<\/td><td><a href=\"https:\/\/drive.google.com\/file\/d\/1CGoxYkBIgQSFtox1fkwrUyIojK836T-0\/view?usp=sharing\" target=\"_blank\" rel=\"noreferrer noopener\">Ver Acta<\/a><\/td><td>&nbsp;<\/td><\/tr><\/tbody><\/table><\/figure>\n\n\n\n<p>NOVENO CICLO SECCI\u00d3N A<\/p>\n\n\n\n<figure class=\"wp-block-table\"><table><tbody><tr><td>&nbsp;CODIGO<\/td><td>&nbsp;CURSO<\/td><td>&nbsp;DOCENTE<\/td><td>&nbsp;ACTA FINAL<\/td><td>&nbsp;RECUPERACI\u00d3N&nbsp;<\/td><\/tr><tr><td>50<\/td><td>DISE\u00d1O DE INVESTIGACI\u00d3N DE TESIS<\/td><td>MTRA. CLAUDIA MELISA MATEO TOJIN<\/td><td><a href=\"https:\/\/drive.google.com\/file\/d\/1aO9VSCnAv0_IdBNyzKkQija334KX9Uiq\/view?usp=sharing\" target=\"_blank\" rel=\"noreferrer noopener\">Ver Acta<\/a>&nbsp;<\/td><td><a href=\"https:\/\/drive.google.com\/file\/d\/1am0KdQaETxQ_AoCTZQoAi2hV09yoguDR\/view?usp=sharing\" target=\"_blank\" rel=\"noreferrer noopener\">1ra. Oportunidad<\/a><\/td><\/tr><tr><td>136<\/td><td>EVALUACI\u00d3N DE POL\u00cdTICAS P\u00daBLICAS<\/td><td>MTRA. LESLIE JAMID RAMOS<\/td><td><a href=\"https:\/\/drive.google.com\/file\/d\/1lFBxKoytCkv-y_eAQnc_kFvFsMuzH5Vc\/view?usp=sharing\" target=\"_blank\" rel=\"noreferrer noopener\">Ver Acta<\/a><\/td><td>&nbsp;<\/td><\/tr><tr><td>137<\/td><td>PROCESO DE FINANCIAMIENTO Y GESTI\u00d3N PRESUPUESTARIA DE POL\u00cdTICAS P\u00daBLICAS<\/td><td>DR.&nbsp;JORGE RUANO<\/td><td><a href=\"https:\/\/drive.google.com\/file\/d\/1Pbi_ZX0oE1TP7S5SBXSD0WFKP8mWoSyl\/view?usp=sharing\" target=\"_blank\" rel=\"noreferrer noopener\">Ver Acta<\/a><\/td><td>&nbsp;<\/td><\/tr><tr><td>138<\/td><td>SEMINARIO DE REFORMAS DEL ESTADO<\/td><td>MTRA. GEIDY MAGALI DE MATA<\/td><td><a href=\"https:\/\/drive.google.com\/file\/d\/12z3D3iFGHMQZg1MUDZyAPG7-0gBp_Mp2\/view?usp=sharing\" target=\"_blank\" rel=\"noreferrer noopener\">Ver Acta<\/a><\/td><td>&nbsp;<\/td><\/tr><tr><td>139<\/td><td>AN\u00c1LISIS E INTERPRETACI\u00d3N DE VARIABLES E INDICADORES SOCIOECON\u00d3MICOS<\/td><td>MTRA. ARACELY DE LE\u00d3N<\/td><td>&nbsp;<a href=\"https:\/\/drive.google.com\/file\/d\/15UW1PWdUYR5MO_ZEsmrLG3k68Xr7TwIZ\/view?usp=sharing\" target=\"_blank\" rel=\"noreferrer noopener\">Ver Acta<\/a><\/td><td><a rel=\"noreferrer noopener\" href=\"https:\/\/drive.google.com\/file\/d\/1vDkBvDyjQq1pyYNaMRRq9SK--scAs2wC\/view?usp=sharing\" target=\"_blank\">2da. Oportunidad<\/a><\/td><\/tr><\/tbody><\/table><\/figure>\n\n\n\n<p>QUINTO CICLO SECCI\u00d3N B<\/p>\n\n\n\n<figure class=\"wp-block-table\"><table><tbody><tr><td>&nbsp;CODIGO<\/td><td>&nbsp;CURSO<\/td><td>&nbsp;DOCENTE<\/td><td>&nbsp;ACTA FINAL<\/td><td>RECUPERACI\u00d3N&nbsp;<\/td><\/tr><tr><td>107<\/td><td>TEOR\u00cdA POL\u00cdTICA II<\/td><td>LIC. JULIO VALDEZ<\/td><td><a href=\"https:\/\/drive.google.com\/file\/d\/1e9VMuHcI8EgZK4LtArRzCW4pOzZPpFNc\/view?usp=sharing\" target=\"_blank\" rel=\"noreferrer noopener\">Ver Acta<\/a><\/td><td>&nbsp;<a rel=\"noreferrer noopener\" href=\"https:\/\/drive.google.com\/file\/d\/18gu5HFApi1YBdcvG9wjhTUwRikaFUSCg\/view?usp=sharing\" target=\"_blank\">1ra. Oportunidad<\/a><br><br><a href=\"https:\/\/drive.google.com\/file\/d\/1hlzeUFiTImfeBjAG3W_2ao7_nakSX-IF\/view?usp=sharing\" target=\"_blank\" rel=\"noreferrer noopener\">2da.<br>Oportunidad<\/a><\/td><\/tr><tr><td>108<\/td><td>SISTEMAS POL\u00cdTICOS II<\/td><td>MTRO. MYNOR GARC\u00cdA<\/td><td><a href=\"https:\/\/drive.google.com\/file\/d\/1Uv72T5m7bfBST382xxcnYtEIebR5nrQ-\/view?usp=sharing\" target=\"_blank\" rel=\"noreferrer noopener\">Ver Acta<\/a><\/td><td>&nbsp;<\/td><\/tr><tr><td>25<\/td><td>HISTORIA DE GUATEMALA II<\/td><td>MTRO. MIKE HANGELO RIVERA CONTRERAS<\/td><td><a href=\"https:\/\/drive.google.com\/file\/d\/1mZdZBwIngwAfRNz2So7coN5SyKmTy1EE\/view?usp=sharing\" target=\"_blank\" rel=\"noreferrer noopener\">Ver Acta<\/a><\/td><td><a href=\"https:\/\/drive.google.com\/file\/d\/11_f2fyB3blUqypJKFTmCjHeZ4FErsKYM\/view?usp=sharing\" target=\"_blank\" rel=\"noreferrer noopener\">1ra. Oportunidad<\/a><\/td><\/tr><tr><td>109<\/td><td>ADMINISTRACI\u00d3N P\u00daBLICA DE GUATEMALA I<\/td><td>DRA. CLAUDIA VER\u00d3NICA AGREDA&nbsp;<\/td><td><a href=\"https:\/\/drive.google.com\/file\/d\/1oMB27M3rXNsNtr3zcSi_b9kldx6yE1W5\/view?usp=sharing\" target=\"_blank\" rel=\"noreferrer noopener\">Ver Acta<\/a><\/td><td><a href=\"https:\/\/drive.google.com\/file\/d\/1L4XGBkJVfyjfzsVhuvTTxc26CfGJpTf_\/view?usp=sharing\" target=\"_blank\" rel=\"noreferrer noopener\">1ra. Oportunidad<\/a><\/td><\/tr><tr><td>111<\/td><td>PROCESOS DE CAMBIO Y MODERNIDAD<\/td><td>MTRA. NORA LIZETH G\u00c1LVEZ GARC\u00cdA<\/td><td><a href=\"https:\/\/drive.google.com\/file\/d\/1rLLb8K5voY3-R4NGelcTRjB-JqrcT8St\/view?usp=sharing\" target=\"_blank\" rel=\"noreferrer noopener\">Ver Acta<\/a><\/td><td>&nbsp;<\/td><\/tr><\/tbody><\/table><\/figure>\n\n\n\n<p>S\u00c9PTIMO CICLO SECCI\u00d3N B<\/p>\n\n\n\n<figure class=\"wp-block-table\"><table><tbody><tr><td>&nbsp;CODIGO<\/td><td>&nbsp;CURSO<\/td><td>&nbsp;DOCENTE<\/td><td>&nbsp;ACTA FINAL<\/td><td>RECUPERACI\u00d3N&nbsp;<\/td><\/tr><tr><td>117<\/td><td>TEOR\u00cdA POL\u00cdTICA IV<\/td><td>MTRA. GEIDY&nbsp; MAGALI DE MATA MEDRANO<\/td><td><a href=\"https:\/\/drive.google.com\/file\/d\/1Z_ZVAunxUl4ch6ktx7m2SWWWqHCF39AV\/view?usp=sharing\" target=\"_blank\" rel=\"noreferrer noopener\">Ver Acta<\/a><\/td><td>&nbsp;<\/td><\/tr><tr><td>118<\/td><td>ECONOM\u00cdA INTERNACIONAL<\/td><td>MTRO. FRANCISCO JOS\u00c9 LEMUS MIRANDA<\/td><td><a href=\"https:\/\/drive.google.com\/file\/d\/1-0VT82_lI25QU4njtkc-G0MCH_4rbtHC\/view?usp=sharing\" target=\"_blank\" rel=\"noreferrer noopener\">Ver Acta<\/a><\/td><td><a href=\"https:\/\/drive.google.com\/file\/d\/1OFiVCubonhOeFlPNHnjh0_CC5UNXGhyN\/view?usp=sharing\" target=\"_blank\" rel=\"noreferrer noopener\">1ra. Oportunidad<\/a><\/td><\/tr><tr><td>119<\/td><td>ADMINISTRACI\u00d3N P\u00daBLICA DE GUATEMALA III<\/td><td>MTRA. ALMA CONSUELO COGUOX PEREZ<\/td><td><a href=\"https:\/\/drive.google.com\/file\/d\/1_GY3UwYz6U9H0Kr2B-g91p5oY2baeFPK\/view?usp=sharing\" target=\"_blank\" rel=\"noreferrer noopener\">Ver Acta<\/a><\/td><td>&nbsp;<\/td><\/tr><tr><td>120<\/td><td>ACTORES POL\u00cdTICOS INTERNACIONALES Y GLOBALIZACI\u00d3N<\/td><td>MTRA. MAYRA DEL ROSARIO VILLATORO DEL VALLE<\/td><td><a href=\"https:\/\/drive.google.com\/file\/d\/1Zk5gRBP6Df-CtiGUiYk1L13Xhfyh8hGQ\/view?usp=sharing\" target=\"_blank\" rel=\"noreferrer noopener\">Ver Acta<\/a><\/td><td>&nbsp;<\/td><\/tr><tr><td>121<\/td><td>ESTRUCTURA Y L\u00d3GICA DEL PODER EN GUATEMALA<\/td><td>LIC.&nbsp; RICARDO ZEPEDA<\/td><td><a href=\"https:\/\/drive.google.com\/file\/d\/1lQBGKalpvcec8QnyB73OpL-c_GPRnni5\/view?usp=sharing\" target=\"_blank\" rel=\"noreferrer noopener\">Ver Acta<\/a><\/td><td>&nbsp;<\/td><\/tr><\/tbody><\/table><\/figure>\n\n\n\n<p>NOVENO CICLO SECCI\u00d3N B<\/p>\n\n\n\n<figure class=\"wp-block-table\"><table><tbody><tr><td>&nbsp;CODIGO<\/td><td>&nbsp;CURSO<\/td><td>&nbsp;DOCENTE<\/td><td>&nbsp;ACTA FINAL<\/td><td>RECUPERACI\u00d3N&nbsp;<\/td><\/tr><tr><td>50<\/td><td>DISE\u00d1O DE INVESTIGACI\u00d3N DE TESIS II<\/td><td>DR. FIDEL AR\u00c9VALO GAMBOA<\/td><td><a href=\"https:\/\/drive.google.com\/file\/d\/1h_bVYVimPWxmucBqTXUqmSgLt1SJXHzo\/view?usp=sharing\" target=\"_blank\" rel=\"noreferrer noopener\">Ver Acta<\/a><\/td><td><a href=\"https:\/\/drive.google.com\/file\/d\/1aT8ssareI5q8iTRrgRYSxPdV8uVRZW1y\/view?usp=sharing\" target=\"_blank\" rel=\"noreferrer noopener\">1ra. Oportunidad<\/a><\/td><\/tr><tr><td>128<\/td><td>SEMINARIO DE AN\u00c1LISIS POL\u00cdTICO<\/td><td>LIC. WERNER ENRIQUE CASTILLO REGALADO<\/td><td><a href=\"https:\/\/drive.google.com\/file\/d\/177LRsC2rCiQ3vuxTVclQFXI0413S-BIq\/view?usp=sharing\" target=\"_blank\" rel=\"noreferrer noopener\">Ver Acta<\/a><\/td><td>&nbsp;<\/td><\/tr><tr><td>129<\/td><td>DISCURSO POL\u00cdTICO<\/td><td>MTRA. GEIDY&nbsp; MAGALI DE MATA MEDRANO<\/td><td><a href=\"https:\/\/drive.google.com\/file\/d\/1Ubq_bcZEbgDec6i4gDVUKAuT9Mu2W2tp\/view?usp=sharing\" target=\"_blank\" rel=\"noreferrer noopener\">Ver Acta<\/a><\/td><td>&nbsp;<\/td><\/tr><tr><td>130<\/td><td>PSICOLOG\u00cdA POL\u00cdTICA<\/td><td>MTRA. JEARENIS RUANO GARC\u00cdA<\/td><td><a href=\"https:\/\/drive.google.com\/file\/d\/1Lwv87fSg1qJSIEZPij-3rVMAh0sLXFSk\/view?usp=sharing\" target=\"_blank\" rel=\"noreferrer noopener\">Ver Acta<\/a><\/td><td><a href=\"https:\/\/drive.google.com\/file\/d\/1TkCJ_KtlXZ5UEyGp_PowtDVamRrs-pYw\/view?usp=sharing\" target=\"_blank\" rel=\"noreferrer noopener\">1ra. Oportunidad<\/a><\/td><\/tr><tr><td>131<\/td><td>COMUNICACI\u00d3N POL\u00cdTICA Y PROCESO ELECTORAL<\/td><td>LIC.&nbsp;ROBERTO ANTONIO WAGNER<\/td><td><a href=\"https:\/\/drive.google.com\/file\/d\/1y9D532I8uv9qen4vLjRqIBKK0QeT3HK4\/view?usp=sharing\" target=\"_blank\" rel=\"noreferrer noopener\">Ver Acta<\/a>&nbsp;<\/td><td>&nbsp;<\/td><\/tr><\/tbody><\/table><\/figure>\n","protected":false},"excerpt":{"rendered":"<p>QUINTO CICLO SECCI\u00d3N A &nbsp;CODIGO &nbsp;CURSO &nbsp;DOCENTE &nbsp;ACTA FINAL RECUPERACI\u00d3N&nbsp; 107 TEOR\u00cdA POL\u00cdTICA II MTRA. CINDY LISBETH POROJ CARABALLO Ver Acta 1ra. Oportunidad 108 SISTEMAS POL\u00cdTICOS II LICDA. SARA SAPON Ver Acta &nbsp; 25 HISTORIA DE GUATEMALA II LICDA. CECILE TAHUICO Ver Acta &nbsp; 109 ADMINISTRACI\u00d3N P\u00daBLICA DE GUATEMALA I LIC. JUAN ANTONIO FERNANDEZ Ver [&hellip;]<\/p>\n","protected":false},"author":101014,"featured_media":0,"parent":0,"menu_order":0,"comment_status":"closed","ping_status":"closed","template":"","meta":[],"_links":{"self":[{"href":"https:\/\/cienciapolitica.usac.edu.gt\/index.php?rest_route=\/wp\/v2\/pages\/8866"}],"collection":[{"href":"https:\/\/cienciapolitica.usac.edu.gt\/index.php?rest_route=\/wp\/v2\/pages"}],"about":[{"href":"https:\/\/cienciapolitica.usac.edu.gt\/index.php?rest_route=\/wp\/v2\/types\/page"}],"author":[{"embeddable":true,"href":"https:\/\/cienciapolitica.usac.edu.gt\/index.php?rest_route=\/wp\/v2\/users\/101014"}],"replies":[{"embeddable":true,"href":"https:\/\/cienciapolitica.usac.edu.gt\/index.php?rest_route=%2Fwp%2Fv2%2Fcomments&post=8866"}],"version-history":[{"count":66,"href":"https:\/\/cienciapolitica.usac.edu.gt\/index.php?rest_route=\/wp\/v2\/pages\/8866\/revisions"}],"predecessor-version":[{"id":9355,"href":"https:\/\/cienciapolitica.usac.edu.gt\/index.php?rest_route=\/wp\/v2\/pages\/8866\/revisions\/9355"}],"wp:attachment":[{"href":"https:\/\/cienciapolitica.usac.edu.gt\/index.php?rest_route=%2Fwp%2Fv2%2Fmedia&parent=8866"}],"curies":[{"name":"wp","href":"https:\/\/api.w.org\/{rel}","templated":true}]}}