{"id":7408,"date":"2023-05-23T13:31:23","date_gmt":"2023-05-23T13:31:23","guid":{"rendered":"https:\/\/cienciapolitica.usac.edu.gt\/?page_id=7408"},"modified":"2024-04-16T14:46:08","modified_gmt":"2024-04-16T14:46:08","slug":"actas-ciencia-politica-1-2023-2","status":"publish","type":"page","link":"https:\/\/cienciapolitica.usac.edu.gt\/?page_id=7408","title":{"rendered":"Actas Pensum Introductorio Primer ciclo"},"content":{"rendered":"\n<figure class=\"wp-block-image size-full is-resized\"><a href=\"https:\/\/cienciapolitica.usac.edu.gt\/?page_id=7394(abre en una nueva pesta\u00f1a)\"><img decoding=\"async\" loading=\"lazy\" src=\"https:\/\/cienciapolitica.usac.edu.gt\/wp-content\/uploads\/2023\/05\/regreso.jpg\" alt=\"\" class=\"wp-image-7434\" width=\"98\" height=\"121\"\/><\/a><\/figure>\n\n\n\n<p class=\"has-vivid-red-color has-text-color has-large-font-size\"><strong><a href=\"https:\/\/sites.google.com\/view\/escueladecienciapolitica\/actas-1-2023\/recuperaci%C3%B3n?authuser=0\" target=\"_blank\" rel=\"noreferrer noopener\">De click para ver las recuperaciones<\/a><\/strong><\/p>\n\n\n\n<figure class=\"wp-block-table\"><table><tbody><tr><td><strong>&nbsp;<\/strong><\/td><td><strong>Primer Ciclo<\/strong> Secci\u00f3n   A<\/td><td><strong>&nbsp;<\/strong>Acta<\/td><td>Complementaria<\/td><\/tr><tr><td>001<\/td><td>Ciencia Pol\u00edtica I<br>MSC. JORGE DE JES\u00daS PONCE REYNOSO<\/td><td><a rel=\"noreferrer noopener\" href=\"https:\/\/drive.google.com\/file\/d\/1F5Pbd_qNkkem80tWBZBhjSYNSQl23VFh\/view?usp=sharing\" target=\"_blank\">Final<\/a>**<\/td><td><\/td><\/tr><tr><td>002<\/td><td>Sociolog\u00eda I<br>LIC. MANUEL CUPERTINO RIVERA RIVERA<\/td><td><a href=\"https:\/\/drive.google.com\/file\/d\/1D2hfMjDo5qMHDRHQnhinflMG_JHTG4rJ\/view?usp=sharing\" target=\"_blank\" rel=\"noreferrer noopener\">Final<\/a><\/td><td><\/td><\/tr><tr><td>003<\/td><td>Relaciones Internacionales I<br>MTRO. JOS\u00c9 GILBERTO CORT\u00c9Z CHAC\u00d3N<\/td><td><a href=\"https:\/\/drive.google.com\/file\/d\/1iu22v1ycekh2sMiP6KOyZ1RF7vDqRmYv\/view?usp=sharing\" target=\"_blank\" rel=\"noreferrer noopener\">Final<\/a><\/td><td><\/td><\/tr><tr><td>004<\/td><td>Historia Mundial<br>LIC. JUAN CARLOS GUZM\u00c1N MOR\u00c1N<\/td><td><a href=\"https:\/\/drive.google.com\/file\/d\/1teeE1rJaLUup07EoiFylGWeusvK0KB-o\/view?usp=sharing\" target=\"_blank\" rel=\"noreferrer noopener\">Final<\/a><\/td><td><\/td><\/tr><tr><td>005<\/td><td>Metodolog\u00eda de las Ciencias Sociales&nbsp; I<br>LICDA. CLAUDIA MELISSA TOJIN MATEO<\/td><td><a href=\"https:\/\/drive.google.com\/file\/d\/1hJQnu5vNZ48P-Y-pMwXZsy8NdGJJZGjm\/view?usp=sharing\" target=\"_blank\" rel=\"noreferrer noopener\">Final<\/a><\/td><td><\/td><\/tr><\/tbody><\/table><\/figure>\n\n\n\n<figure class=\"wp-block-table\"><table><tbody><tr><td><strong>&nbsp;<\/strong><\/td><td><strong>Primer Ciclo<\/strong> Secci\u00f3n B<\/td><td>Acta<strong>&nbsp;<\/strong><\/td><td>Complementaria<\/td><\/tr><tr><td>001<\/td><td>Ciencia Pol\u00edtica I<br>LIC LICERIO CAMEY HUZ<\/td><td><a href=\"https:\/\/drive.google.com\/file\/d\/1J1emu4w26A09kZPOfw4PsByU4aMjrkk3\/view?usp=sharing\" target=\"_blank\" rel=\"noreferrer noopener\">Final<\/a><\/td><td><\/td><\/tr><tr><td>002<\/td><td>Sociolog\u00eda I<br>LIC. MANUEL CUPERTINO RIVERA RIVERA<\/td><td><a href=\"https:\/\/drive.google.com\/file\/d\/1y3KY9uKX_fBOP1hNIWPiuePxajKMN3nn\/view?usp=sharing\" target=\"_blank\" rel=\"noreferrer noopener\">Final<\/a><\/td><td><\/td><\/tr><tr><td>003<\/td><td>Relaciones Internacionales I<br>LIC. SECIL OSWALDO DE LEON<\/td><td><a href=\"https:\/\/drive.google.com\/file\/d\/16mWK-H5qT9c4WlQRkmuovaWIZNN8VDLZ\/view?usp=sharing\" target=\"_blank\" rel=\"noreferrer noopener\">Final<\/a><\/td><td><\/td><\/tr><tr><td>004<\/td><td>Historia Mundial <br>Msc. JULIO ALEJANDRO VALDEZ RODAS<\/td><td><a href=\"https:\/\/drive.google.com\/file\/d\/1f_JvPUeFACIIXtrhXxXhSj-N9Utlzt9K\/view?usp=sharing\" target=\"_blank\" rel=\"noreferrer noopener\">Final<\/a><\/td><td><\/td><\/tr><tr><td>005<\/td><td>Metodolog\u00eda de las Ciencias Sociales&nbsp; I<br>LICDA. DIANA NICT\u00c9 SAGASTUME PA\u00cdZ<\/td><td><a href=\"https:\/\/drive.google.com\/file\/d\/19Iom9Mk5it6dSixQOAvDJn1Wo3m9GSj5\/view?usp=sharing\" target=\"_blank\" rel=\"noreferrer noopener\">Final<\/a><\/td><td><\/td><\/tr><\/tbody><\/table><\/figure>\n\n\n\n<figure class=\"wp-block-table\"><table><tbody><tr><td><strong>&nbsp;<\/strong><\/td><td><strong>Primer Ciclo<\/strong> Secci\u00f3n C<\/td><td><strong>&nbsp;<\/strong>Acta<\/td><td>Complementaria<strong>&nbsp;<\/strong><\/td><\/tr><tr><td>001<\/td><td>Ciencia Pol\u00edtica I<br>LIC. HUGO EFR\u00c9N RAM\u00cdREZ PASOS<\/td><td><a href=\"https:\/\/drive.google.com\/file\/d\/1myBV6e2BuvH_fk_Uhr7BKqhaskrx5E60\/view?usp=sharing\" target=\"_blank\" rel=\"noreferrer noopener\">Final<\/a><\/td><td><\/td><\/tr><tr><td>002<\/td><td>Sociolog\u00eda I<br>LIC. MANUEL CUPERTINO RIVERA RIVERA<\/td><td><a href=\"https:\/\/drive.google.com\/file\/d\/1HxVPHhCAa7W3EryTPWxfPeEk82uQiEJN\/view?usp=sharing\" target=\"_blank\" rel=\"noreferrer noopener\">FInal<\/a><\/td><td><\/td><\/tr><tr><td>003<\/td><td>Relaciones Internacionales I<br>MTRO. JOS\u00c9 GILBERTO CORT\u00c9Z CHAC\u00d3N<\/td><td><a rel=\"noreferrer noopener\" href=\"https:\/\/drive.google.com\/file\/d\/1W04Srs7eMGvF3zx3jkgGeXs213VekzA1\/view?usp=sharing\" target=\"_blank\">Final<\/a> <br><\/td><td><a rel=\"noreferrer noopener\" href=\"https:\/\/drive.google.com\/file\/d\/1v2MQFlFYpKK7rOZ-dKc2r7M7EjKU9QpV\/view?usp=sharing\" target=\"_blank\">Complementaria<\/a><\/td><\/tr><tr><td>004<\/td><td>Historia Mundial<br>LICDA. NIDIA EUNICE DIAZ MORALES<\/td><td><a href=\"https:\/\/drive.google.com\/file\/d\/1FMK3Dovtpzw5qc2vSNLbwXuQ76F8lAWj\/view?usp=sharing\" target=\"_blank\" rel=\"noreferrer noopener\">Final<\/a><\/td><td><\/td><\/tr><tr><td>005<\/td><td>Metodolog\u00eda de las Ciencias Sociales&nbsp; I<br>DR. AGUST\u00cdN HAROLDO LOC\u00d3N SOL\u00d3RZANO<\/td><td><a href=\"https:\/\/drive.google.com\/file\/d\/1nchhF51ZfDg4vxCtJwb1aRpz5WbWhLpo\/view?usp=sharing\" target=\"_blank\" rel=\"noreferrer noopener\">Final<\/a><\/td><td><\/td><\/tr><\/tbody><\/table><\/figure>\n\n\n\n<figure class=\"wp-block-table\"><table><tbody><tr><td><strong>&nbsp;<\/strong><\/td><td><strong>Primer Ciclo<\/strong>  Secci\u00f3n D<\/td><td><strong>&nbsp;<\/strong>Acta<\/td><td>Complementaria<\/td><\/tr><tr><td>001<\/td><td>Ciencia Pol\u00edtica I<br>MSC. JORGE DE JES\u00daS PONCE REYNOSO<\/td><td><a href=\"https:\/\/drive.google.com\/file\/d\/1iPPsv2_EFWvXuvHy0v4UUZwJduonDru-\/view?usp=sharing\" target=\"_blank\" rel=\"noreferrer noopener\">Final<\/a><\/td><td><\/td><\/tr><tr><td>002<\/td><td>Sociolog\u00eda I<br>LIC. MANUEL CUPERTINO RIVERA RIVERA<\/td><td><a href=\"https:\/\/drive.google.com\/file\/d\/1cmcgpnmhqpxC_1tv9R_15Mjr7dKB_CmT\/view?usp=sharing\" target=\"_blank\" rel=\"noreferrer noopener\">Final<\/a><\/td><td><\/td><\/tr><tr><td>003<\/td><td>Relaciones Internacionales I<br>Maestra LOURDES RAQUEL MIRANDA SOL\u00cdS<\/td><td><a rel=\"noreferrer noopener\" href=\"https:\/\/drive.google.com\/file\/d\/19XLqHdf5z9lfS9MwWCXrOJ7UUQ759_S_\/view?usp=sharing\" target=\"_blank\">Final<\/a><br><\/td><td><a rel=\"noreferrer noopener\" href=\"https:\/\/drive.google.com\/file\/d\/1SF5A0ZN63sClNXv5Jmy2AZgZjv52W9JN\/view?usp=sharing\" target=\"_blank\">Complementaria<\/a><\/td><\/tr><tr><td>004<\/td><td>Historia Mundial<br>MTRO. JOEL AMILCAR HERN\u00c1NDEZ S\u00c1NCHEZ<\/td><td><a href=\"https:\/\/drive.google.com\/file\/d\/1byVohS-tYxKSlzVkqmI268zGHHok1SOQ\/view?usp=sharing\" data-type=\"URL\" target=\"_blank\" rel=\"noreferrer noopener\">Final<\/a><\/td><td><\/td><\/tr><tr><td>005<\/td><td>Metodolog\u00eda de las Ciencias Sociales&nbsp; I<br>LIC. LUIS DAVID WINTER LUTHER<\/td><td><a href=\"https:\/\/drive.google.com\/file\/d\/1hfwz0YfnzHe_i_wWnJAg5SGMiCHO-e_L\/view?usp=sharing\" target=\"_blank\" rel=\"noreferrer noopener\">Final<\/a><\/td><td><\/td><\/tr><\/tbody><\/table><\/figure>\n","protected":false},"excerpt":{"rendered":"<p>De click para ver las recuperaciones &nbsp; Primer Ciclo Secci\u00f3n A &nbsp;Acta Complementaria 001 Ciencia Pol\u00edtica IMSC. JORGE DE JES\u00daS PONCE REYNOSO Final** 002 Sociolog\u00eda ILIC. MANUEL CUPERTINO RIVERA RIVERA Final 003 Relaciones Internacionales IMTRO. JOS\u00c9 GILBERTO CORT\u00c9Z CHAC\u00d3N Final 004 Historia MundialLIC. JUAN CARLOS GUZM\u00c1N MOR\u00c1N Final 005 Metodolog\u00eda de las Ciencias Sociales&nbsp; ILICDA. [&hellip;]<\/p>\n","protected":false},"author":101014,"featured_media":0,"parent":0,"menu_order":0,"comment_status":"closed","ping_status":"closed","template":"","meta":[],"_links":{"self":[{"href":"https:\/\/cienciapolitica.usac.edu.gt\/index.php?rest_route=\/wp\/v2\/pages\/7408"}],"collection":[{"href":"https:\/\/cienciapolitica.usac.edu.gt\/index.php?rest_route=\/wp\/v2\/pages"}],"about":[{"href":"https:\/\/cienciapolitica.usac.edu.gt\/index.php?rest_route=\/wp\/v2\/types\/page"}],"author":[{"embeddable":true,"href":"https:\/\/cienciapolitica.usac.edu.gt\/index.php?rest_route=\/wp\/v2\/users\/101014"}],"replies":[{"embeddable":true,"href":"https:\/\/cienciapolitica.usac.edu.gt\/index.php?rest_route=%2Fwp%2Fv2%2Fcomments&post=7408"}],"version-history":[{"count":40,"href":"https:\/\/cienciapolitica.usac.edu.gt\/index.php?rest_route=\/wp\/v2\/pages\/7408\/revisions"}],"predecessor-version":[{"id":8762,"href":"https:\/\/cienciapolitica.usac.edu.gt\/index.php?rest_route=\/wp\/v2\/pages\/7408\/revisions\/8762"}],"wp:attachment":[{"href":"https:\/\/cienciapolitica.usac.edu.gt\/index.php?rest_route=%2Fwp%2Fv2%2Fmedia&parent=7408"}],"curies":[{"name":"wp","href":"https:\/\/api.w.org\/{rel}","templated":true}]}}

<figure class="wp-block-image size-full is-resized"><a href="https://cienciapolitica.usac.edu.gt/?page_id=7394(abre en una nueva pestaña)"><img decoding="async" loading="lazy" src="https://cienciapolitica.usac.edu.gt/wp-content/uploads/2023/05/regreso.jpg" alt="" class="wp-image-7434" width="98" height="121"/></a></figure>



<p class="has-vivid-red-color has-text-color has-large-font-size"><strong><a href="https://sites.google.com/view/escueladecienciapolitica/actas-1-2023/recuperaci%C3%B3n?authuser=0" target="_blank" rel="noreferrer noopener">De click para ver las recuperaciones</a></strong></p>



<figure class="wp-block-table"><table><tbody><tr><td><strong>&nbsp;</strong></td><td><strong>Primer Ciclo</strong> Sección   A</td><td><strong>&nbsp;</strong>Acta</td><td>Complementaria</td></tr><tr><td>001</td><td>Ciencia Política I<br>MSC. JORGE DE JESÚS PONCE REYNOSO</td><td><a rel="noreferrer noopener" href="https://drive.google.com/file/d/1F5Pbd_qNkkem80tWBZBhjSYNSQl23VFh/view?usp=sharing" target="_blank">Final</a>**</td><td></td></tr><tr><td>002</td><td>Sociología I<br>LIC. MANUEL CUPERTINO RIVERA RIVERA</td><td><a href="https://drive.google.com/file/d/1D2hfMjDo5qMHDRHQnhinflMG_JHTG4rJ/view?usp=sharing" target="_blank" rel="noreferrer noopener">Final</a></td><td></td></tr><tr><td>003</td><td>Relaciones Internacionales I<br>MTRO. JOSÉ GILBERTO CORTÉZ CHACÓN</td><td><a href="https://drive.google.com/file/d/1iu22v1ycekh2sMiP6KOyZ1RF7vDqRmYv/view?usp=sharing" target="_blank" rel="noreferrer noopener">Final</a></td><td></td></tr><tr><td>004</td><td>Historia Mundial<br>LIC. JUAN CARLOS GUZMÁN MORÁN</td><td><a href="https://drive.google.com/file/d/1teeE1rJaLUup07EoiFylGWeusvK0KB-o/view?usp=sharing" target="_blank" rel="noreferrer noopener">Final</a></td><td></td></tr><tr><td>005</td><td>Metodología de las Ciencias Sociales&nbsp; I<br>LICDA. CLAUDIA MELISSA TOJIN MATEO</td><td><a href="https://drive.google.com/file/d/1hJQnu5vNZ48P-Y-pMwXZsy8NdGJJZGjm/view?usp=sharing" target="_blank" rel="noreferrer noopener">Final</a></td><td></td></tr></tbody></table></figure>



<figure class="wp-block-table"><table><tbody><tr><td><strong>&nbsp;</strong></td><td><strong>Primer Ciclo</strong> Sección B</td><td>Acta<strong>&nbsp;</strong></td><td>Complementaria</td></tr><tr><td>001</td><td>Ciencia Política I<br>LIC LICERIO CAMEY HUZ</td><td><a href="https://drive.google.com/file/d/1J1emu4w26A09kZPOfw4PsByU4aMjrkk3/view?usp=sharing" target="_blank" rel="noreferrer noopener">Final</a></td><td></td></tr><tr><td>002</td><td>Sociología I<br>LIC. MANUEL CUPERTINO RIVERA RIVERA</td><td><a href="https://drive.google.com/file/d/1y3KY9uKX_fBOP1hNIWPiuePxajKMN3nn/view?usp=sharing" target="_blank" rel="noreferrer noopener">Final</a></td><td></td></tr><tr><td>003</td><td>Relaciones Internacionales I<br>LIC. SECIL OSWALDO DE LEON</td><td><a href="https://drive.google.com/file/d/16mWK-H5qT9c4WlQRkmuovaWIZNN8VDLZ/view?usp=sharing" target="_blank" rel="noreferrer noopener">Final</a></td><td></td></tr><tr><td>004</td><td>Historia Mundial <br>Msc. JULIO ALEJANDRO VALDEZ RODAS</td><td><a href="https://drive.google.com/file/d/1f_JvPUeFACIIXtrhXxXhSj-N9Utlzt9K/view?usp=sharing" target="_blank" rel="noreferrer noopener">Final</a></td><td></td></tr><tr><td>005</td><td>Metodología de las Ciencias Sociales&nbsp; I<br>LICDA. DIANA NICTÉ SAGASTUME PAÍZ</td><td><a href="https://drive.google.com/file/d/19Iom9Mk5it6dSixQOAvDJn1Wo3m9GSj5/view?usp=sharing" target="_blank" rel="noreferrer noopener">Final</a></td><td></td></tr></tbody></table></figure>



<figure class="wp-block-table"><table><tbody><tr><td><strong>&nbsp;</strong></td><td><strong>Primer Ciclo</strong> Sección C</td><td><strong>&nbsp;</strong>Acta</td><td>Complementaria<strong>&nbsp;</strong></td></tr><tr><td>001</td><td>Ciencia Política I<br>LIC. HUGO EFRÉN RAMÍREZ PASOS</td><td><a href="https://drive.google.com/file/d/1myBV6e2BuvH_fk_Uhr7BKqhaskrx5E60/view?usp=sharing" target="_blank" rel="noreferrer noopener">Final</a></td><td></td></tr><tr><td>002</td><td>Sociología I<br>LIC. MANUEL CUPERTINO RIVERA RIVERA</td><td><a href="https://drive.google.com/file/d/1HxVPHhCAa7W3EryTPWxfPeEk82uQiEJN/view?usp=sharing" target="_blank" rel="noreferrer noopener">FInal</a></td><td></td></tr><tr><td>003</td><td>Relaciones Internacionales I<br>MTRO. JOSÉ GILBERTO CORTÉZ CHACÓN</td><td><a rel="noreferrer noopener" href="https://drive.google.com/file/d/1W04Srs7eMGvF3zx3jkgGeXs213VekzA1/view?usp=sharing" target="_blank">Final</a> <br></td><td><a rel="noreferrer noopener" href="https://drive.google.com/file/d/1v2MQFlFYpKK7rOZ-dKc2r7M7EjKU9QpV/view?usp=sharing" target="_blank">Complementaria</a></td></tr><tr><td>004</td><td>Historia Mundial<br>LICDA. NIDIA EUNICE DIAZ MORALES</td><td><a href="https://drive.google.com/file/d/1FMK3Dovtpzw5qc2vSNLbwXuQ76F8lAWj/view?usp=sharing" target="_blank" rel="noreferrer noopener">Final</a></td><td></td></tr><tr><td>005</td><td>Metodología de las Ciencias Sociales&nbsp; I<br>DR. AGUSTÍN HAROLDO LOCÓN SOLÓRZANO</td><td><a href="https://drive.google.com/file/d/1nchhF51ZfDg4vxCtJwb1aRpz5WbWhLpo/view?usp=sharing" target="_blank" rel="noreferrer noopener">Final</a></td><td></td></tr></tbody></table></figure>



<figure class="wp-block-table"><table><tbody><tr><td><strong>&nbsp;</strong></td><td><strong>Primer Ciclo</strong>  Sección D</td><td><strong>&nbsp;</strong>Acta</td><td>Complementaria</td></tr><tr><td>001</td><td>Ciencia Política I<br>MSC. JORGE DE JESÚS PONCE REYNOSO</td><td><a href="https://drive.google.com/file/d/1iPPsv2_EFWvXuvHy0v4UUZwJduonDru-/view?usp=sharing" target="_blank" rel="noreferrer noopener">Final</a></td><td></td></tr><tr><td>002</td><td>Sociología I<br>LIC. MANUEL CUPERTINO RIVERA RIVERA</td><td><a href="https://drive.google.com/file/d/1cmcgpnmhqpxC_1tv9R_15Mjr7dKB_CmT/view?usp=sharing" target="_blank" rel="noreferrer noopener">Final</a></td><td></td></tr><tr><td>003</td><td>Relaciones Internacionales I<br>Maestra LOURDES RAQUEL MIRANDA SOLÍS</td><td><a rel="noreferrer noopener" href="https://drive.google.com/file/d/19XLqHdf5z9lfS9MwWCXrOJ7UUQ759_S_/view?usp=sharing" target="_blank">Final</a><br></td><td><a rel="noreferrer noopener" href="https://drive.google.com/file/d/1SF5A0ZN63sClNXv5Jmy2AZgZjv52W9JN/view?usp=sharing" target="_blank">Complementaria</a></td></tr><tr><td>004</td><td>Historia Mundial<br>MTRO. JOEL AMILCAR HERNÁNDEZ SÁNCHEZ</td><td><a href="https://drive.google.com/file/d/1byVohS-tYxKSlzVkqmI268zGHHok1SOQ/view?usp=sharing" data-type="URL" target="_blank" rel="noreferrer noopener">Final</a></td><td></td></tr><tr><td>005</td><td>Metodología de las Ciencias Sociales&nbsp; I<br>LIC. LUIS DAVID WINTER LUTHER</td><td><a href="https://drive.google.com/file/d/1hfwz0YfnzHe_i_wWnJAg5SGMiCHO-e_L/view?usp=sharing" target="_blank" rel="noreferrer noopener">Final</a></td><td></td></tr></tbody></table></figure>

<p>De click para ver las recuperaciones &nbsp; Primer Ciclo Sección A &nbsp;Acta Complementaria 001 Ciencia Política IMSC. JORGE DE JESÚS PONCE REYNOSO Final** 002 Sociología ILIC. MANUEL CUPERTINO RIVERA RIVERA Final 003 Relaciones Internacionales IMTRO. JOSÉ GILBERTO CORTÉZ CHACÓN Final 004 Historia MundialLIC. JUAN CARLOS GUZMÁN MORÁN Final 005 Metodología de las Ciencias Sociales&nbsp; ILICDA. [&hellip;]</p>
