{"id":7404,"date":"2023-05-23T13:30:55","date_gmt":"2023-05-23T13:30:55","guid":{"rendered":"https:\/\/cienciapolitica.usac.edu.gt\/?page_id=7404"},"modified":"2023-11-23T19:00:03","modified_gmt":"2023-11-23T19:00:03","slug":"actas-ciencia-politica-1-2023","status":"publish","type":"page","link":"https:\/\/cienciapolitica.usac.edu.gt\/?page_id=7404","title":{"rendered":"Actas Ciencia Pol\u00edtica 1-2023"},"content":{"rendered":"\n<p>Nota: <strong>Recuerden que para que su nota sea valida deben estas asignado(a)s.<\/strong><\/p>\n\n\n\n<figure class=\"wp-block-table\"><table><tbody><tr><td>&nbsp;<\/td><td><strong>Quinto Ciclo<\/strong>    A <\/td><td>&nbsp;Nota final<\/td><td>Recuperaci\u00f3n<\/td><\/tr><tr><td>107<\/td><td>Teor\u00eda Pol\u00edtica II<br>LICDA. CINDY LISBETH POROJ CARABALLO<\/td><td><a href=\"https:\/\/drive.google.com\/file\/d\/1OEHMbt9u0b0biSYGE3xXWMz3utlfshZM\/view?usp=sharing\" target=\"_blank\" rel=\"noreferrer noopener\">FINAL<\/a><\/td><td><a href=\"https:\/\/drive.google.com\/file\/d\/1roW4XfMbqXX9KDKQoFL9dBtXu8Kj6eHg\/view?usp=sharing\" target=\"_blank\" rel=\"noreferrer noopener\">COMPLEMENTARIA<\/a><\/td><\/tr><tr><td>108<\/td><td>Sistemas Pol\u00edticos II<br>DR. PABLO DANIEL RANGEL ROMERO<\/td><td><a rel=\"noreferrer noopener\" href=\"https:\/\/drive.google.com\/file\/d\/1UaPRHV58DhsKOA42DU8hqZxgfV8olQMo\/view?usp=sharing\" target=\"_blank\">FINAL<\/a><br><a href=\"https:\/\/drive.google.com\/file\/d\/1rfxWfoDaasGG2fYxQ77eIyb_msJad3kD\/view?usp=sharing\" target=\"_blank\" rel=\"noreferrer noopener\">FINAL &#8211; V2<\/a><\/td><td><\/td><\/tr><tr><td>025<\/td><td>Historia de Guatemala II<br>LICDA. CECILE PAOLA TAHUICO GUZMAN<\/td><td><a href=\"https:\/\/drive.google.com\/file\/d\/1ijRrkWe3dgA5VUt2DmPmfEuUQMMx1xrL\/view?usp=sharing\" target=\"_blank\" rel=\"noreferrer noopener\">FINAL<\/a><\/td><td><\/td><\/tr><tr><td>109<\/td><td>Administraci\u00f3n P\u00fablica de Guatemala I<br>LIC. JULIO C\u00c9SAR SAQUICHE VIDES<\/td><td><a href=\"https:\/\/drive.google.com\/file\/d\/1ufaYZLiNWT2P-VG18Apx6aqBZXR6kLvX\/view?usp=sharing\" target=\"_blank\" rel=\"noreferrer noopener\">FINAL<\/a><\/td><td><\/td><\/tr><tr><td>110<\/td><td>Ideolog\u00edas Pol\u00edticas<br>LIC. WERNER ENRIQUE CASTILLO REGALADO<\/td><td><a href=\"https:\/\/drive.google.com\/file\/d\/1S9A0J05sUmy8hv8bYsYBuqzwQzw_WAR3\/view?usp=sharing\" target=\"_blank\" rel=\"noreferrer noopener\">FINAL<\/a><\/td><td><\/td><\/tr><\/tbody><\/table><\/figure>\n\n\n\n<figure class=\"wp-block-table\"><table><tbody><tr><td>&nbsp;<\/td><td><strong>S\u00e9ptimo Ciclo<\/strong>   A<\/td><td>Nota final&nbsp;<\/td><td>Complementaria<\/td><\/tr><tr><td>117<\/td><td>Teor\u00eda Pol\u00edtica IV<br>LIC. HENRY DENNYS MIRA SANDOVAL<\/td><td><a rel=\"noreferrer noopener\" href=\"https:\/\/drive.google.com\/file\/d\/1lIdn2DKs_169g8b251nsvdPmUoQnij0w\/view?usp=sharing\" target=\"_blank\">FINAL<\/a>  <br><a rel=\"noreferrer noopener\" href=\"https:\/\/drive.google.com\/file\/d\/1tdUDw9Nmpf2qsBXGZd9sZ6ElA6Qe_meI\/view?usp=sharing\" target=\"_blank\">FINAL &#8211; V2<\/a><\/td><td><a rel=\"noreferrer noopener\" href=\"https:\/\/drive.google.com\/file\/d\/19Ii3_NZgJ57zHMQmkwAcR_ykrYaMSHyd\/view?usp=drive_link\" target=\"_blank\">Complementaria<\/a><\/td><\/tr><tr><td>118<\/td><td>Econom\u00eda Internacional<br>LICDA. DELMY MIRRUT ESCOBAR PERDOMO<\/td><td><a href=\"https:\/\/drive.google.com\/file\/d\/1W1a0pVy9XTfh-Kp2F8bKJ_UOf_FCcoRK\/view?usp=sharing\">FINAL<\/a><br><a href=\"https:\/\/drive.google.com\/file\/d\/1E5NrWgnvUBA1GDvrYXKtKeEiurGVLIfB\/view?usp=sharing\" target=\"_blank\" rel=\"noreferrer noopener\">FINAL &#8211; V2<\/a><\/td><td><\/td><\/tr><tr><td>119<\/td><td>Administraci\u00f3n P\u00fablica de Guatemala III<br>MTRA. CYNTHIA GIR\u00d3N<\/td><td><a rel=\"noreferrer noopener\" href=\"https:\/\/drive.google.com\/file\/d\/1NXqirsHHbOLzcHq67MVx231cZ0wLFaa1\/view?usp=sharing\" target=\"_blank\">FINAL<\/a><br><a href=\"https:\/\/drive.google.com\/file\/d\/1eQcwDi3WrNr9pmDn12_aS-qJXNE4kp8t\/view?usp=sharing\" target=\"_blank\" rel=\"noreferrer noopener\">FINAL &#8211; V2<\/a><\/td><td><\/td><\/tr><tr><td>120<\/td><td>Actores Pol\u00edticos Internacionales y Globalizaci\u00f3n<br>LIC. DOUGLAS ANTONIO BARRIOS ROBLES<\/td><td><a href=\"https:\/\/drive.google.com\/file\/d\/1yE8HFaD9jjQzMk21-NLJx3c7vhulW_0F\/view?usp=sharing\" target=\"_blank\" rel=\"noreferrer noopener\">FINAL<\/a><\/td><td><\/td><\/tr><tr><td>122<\/td><td>Formulaci\u00f3n de las Pol\u00edticas P\u00fablicas<br>MSc. GEIDY MAGALI DE MATA MEDRANO<\/td><td><a rel=\"noreferrer noopener\" href=\"https:\/\/drive.google.com\/file\/d\/13sWYfmaV7hQq4ppQQS2uCJLyRVAlrw_W\/view?usp=sharing\" target=\"_blank\">FINAL*<\/a><br><a href=\"https:\/\/drive.google.com\/file\/d\/139y19RRnify0ubYWkgv4L3ObO8qViPbL\/view?usp=sharing\" target=\"_blank\" rel=\"noreferrer noopener\">FINAL &#8211; V2<\/a><\/td><td><\/td><\/tr><\/tbody><\/table><\/figure>\n\n\n\n<figure class=\"wp-block-table\"><table><tbody><tr><td>&nbsp;<\/td><td><strong>Noveno Ciclo<\/strong><\/td><td>&nbsp;Nota final&nbsp;<\/td><td>&nbsp;Recuperaci\u00f3n<\/td><\/tr><tr><td>050<\/td><td>Dise\u00f1o de Investigaci\u00f3n&nbsp; de Tesis II<br>MTRA. CLAUDIA MELISSA MATEO TOJIN<\/td><td><a href=\"https:\/\/drive.google.com\/file\/d\/1WtAXA0LA26sqCFAnCGqUBH1DFqNBAytP\/view?usp=sharing\" target=\"_blank\" rel=\"noreferrer noopener\">FINAL<\/a><\/td><td><\/td><\/tr><tr><td>136<\/td><td>Evaluaci\u00f3n de las Pol\u00edticas P\u00fablicas<br>MTRO. SELVIN ALBERTO DIAZ CABRERA<\/td><td><a rel=\"noreferrer noopener\" href=\"https:\/\/drive.google.com\/file\/d\/1rnHa93389gBK8_DEwhqVmbRoCGA4Y-wC\/view?usp=sharing\" target=\"_blank\">FINAL*<\/a><br><a href=\"https:\/\/drive.google.com\/file\/d\/1FjyE-50hBsZwWQpgZgH6-jMvw7BHJ6Zc\/view?usp=sharing\" target=\"_blank\" rel=\"noreferrer noopener\">FINAL &#8211; V2<\/a><\/td><td><\/td><\/tr><tr><td>137<\/td><td>Proceso de Financiamiento y Gesti\u00f3n Presupuestaria de Pol\u00edticas P\u00fablicas<br>MTRA. MIRNA JEANNETTE PONCIANO P\u00c9REZ<\/td><td><a rel=\"noreferrer noopener\" href=\"https:\/\/drive.google.com\/file\/d\/1v0lmaXEvw7N44Dzsos2oQNdqMX9cCBSo\/view?usp=sharing\" target=\"_blank\">FINAL<\/a><br><a href=\"https:\/\/drive.google.com\/file\/d\/1Fb2yBECnDPn8giRcZBdH18xfhafYgi6W\/view?usp=sharing\" target=\"_blank\" rel=\"noreferrer noopener\">FINAL &#8211; V2<\/a><\/td><td><\/td><\/tr><tr><td>138<\/td><td>Seminario de Reformas del Estado<br>MTRA. GEIDY MAGAL\u00cd DE MATA MEDRANO<\/td><td><a rel=\"noreferrer noopener\" href=\"https:\/\/drive.google.com\/file\/d\/128aDyrj5KJVKEhZWQFb-XiEH8q85lQnE\/view?usp=sharing\" target=\"_blank\">FINAL*<\/a><br><a href=\"https:\/\/drive.google.com\/file\/d\/1RRXL4ztXy-c2o42Mf4vMbI1EY90nx_kh\/view?usp=sharing\" target=\"_blank\" rel=\"noreferrer noopener\">FINAL &#8211; V2<\/a><\/td><td><\/td><\/tr><tr><td>139<\/td><td>An\u00e1lisis e Interpretaci\u00f3n de Variables e Indicadores Socioecon\u00f3micos<br>DR. FIDEL AR\u00c9VALO GAMBOA<\/td><td><a rel=\"noreferrer noopener\" href=\"https:\/\/drive.google.com\/file\/d\/1tJS46ZYy8tEohO6vVczNz05s7JLQRsus\/view?usp=sharing\" target=\"_blank\">FINAL<\/a>                      <\/td><td><\/td><\/tr><\/tbody><\/table><\/figure>\n\n\n\n<figure class=\"wp-block-table\"><table><tbody><tr><td>&nbsp;<\/td><td><strong>Quinto Ciclo<\/strong>   B<\/td><td>Nota final&nbsp;<\/td><td>Recuperaci\u00f3n<\/td><\/tr><tr><td>107<\/td><td>Teor\u00eda Pol\u00edtica II<br>MTRO. FERNANDO CARRERA<\/td><td><a href=\"https:\/\/drive.google.com\/file\/d\/1ihFt8rkIaeceos_7n2hCY2cVrK7cKGkk\/view?usp=sharing\" target=\"_blank\" rel=\"noreferrer noopener\">FINAL<\/a><\/td><td><\/td><\/tr><tr><td>108<\/td><td>Sistemas Pol\u00edticos II<br>MTRA. FLORENTINA PUAC<\/td><td><a href=\"https:\/\/drive.google.com\/file\/d\/1Kr6j0pC-wkI3uiAI_3Krnjtz8mM9L8z_\/view?usp=sharing\" target=\"_blank\" rel=\"noreferrer noopener\">FINAL<\/a><\/td><td><\/td><\/tr><tr><td>025<\/td><td>Historia de Guatemala II<br>MTRO. MIKE HANGELO RIVERA CONTRERAS<\/td><td><a href=\"https:\/\/drive.google.com\/file\/d\/1DDGqiZVffkLSLHUac3fOgMR_INjg5wWR\/view?usp=sharing\" target=\"_blank\" rel=\"noreferrer noopener\">FINAL<\/a><\/td><td><\/td><\/tr><tr><td>109<\/td><td>Administraci\u00f3n P\u00fablica de Guatemala I<br>DRA. CLAUDIA VERONICA AGREDA AJQUI<\/td><td><a rel=\"noreferrer noopener\" href=\"https:\/\/drive.google.com\/file\/d\/1gGaRuuoMc_Nj4C3LcB2nQsBnd3CdWSvN\/view?usp=sharing\" target=\"_blank\">FINAL<\/a><br><a href=\"https:\/\/drive.google.com\/file\/d\/11lljuMJv7mGvdLsj1L3bxvXOI7S9td3K\/view?usp=sharing\" target=\"_blank\" rel=\"noreferrer noopener\">FINAL &#8211; V2<\/a><\/td><td><a href=\"https:\/\/drive.google.com\/file\/d\/1rSrGV3eQyjq5lpmnyDjXBSGiz5ALUMF-\/view?usp=drive_link\" target=\"_blank\" rel=\"noreferrer noopener\">Primera<\/a><\/td><\/tr><tr><td>111<\/td><td>Procesos de Cambio y Modernidad<br>Msc. NORA LIZETH GALVEZ GARCIA<\/td><td><a href=\"https:\/\/drive.google.com\/file\/d\/11Mz4z7ojSYZl7pqKNdVAaQDVZ1_bCgfB\/view?usp=sharing\" target=\"_blank\" rel=\"noreferrer noopener\">FINAL<\/a><\/td><td><\/td><\/tr><\/tbody><\/table><\/figure>\n\n\n\n<figure class=\"wp-block-table\"><table><tbody><tr><td>&nbsp;<\/td><td><strong>S\u00e9ptimo Ciclo<\/strong> B<\/td><td>&nbsp;Nota final&nbsp;<\/td><td>&nbsp;Recuperaci\u00f3n<\/td><\/tr><tr><td>117<\/td><td>Teor\u00eda Pol\u00edtica IV<br>MSc. GEIDY MAGALI DE MATA MEDRANO<\/td><td><a rel=\"noreferrer noopener\" href=\"https:\/\/drive.google.com\/file\/d\/1z_bdVecyPTEuNyV9QTs73Br9QHvw5R0R\/view?usp=sharing\" target=\"_blank\">FINAL*<\/a><br><a href=\"https:\/\/drive.google.com\/file\/d\/1E6qWa--YphRvd97iXqv8UkhzhNBuQKIZ\/view?usp=sharing\" target=\"_blank\" rel=\"noreferrer noopener\">FINAL &#8211; V2<\/a><\/td><td><\/td><\/tr><tr><td>118<\/td><td>Econom\u00eda Internacional<br>MTRO. CARLOS ROBERTO TURCIOS P\u00c9REZ<\/td><td><a href=\"https:\/\/drive.google.com\/file\/d\/1A_p4z7FxKtkAfhXpWY2j0qXAycqUgo8b\/view?usp=sharing\" target=\"_blank\" rel=\"noreferrer noopener\">FINAL*<\/a><\/td><td><\/td><\/tr><tr><td>119<\/td><td>Administraci\u00f3n P\u00fablica de Guatemala III<br>LIC. FERNANDO GONZ\u00c1LEZ MONTERROSO<\/td><td><a href=\"https:\/\/drive.google.com\/file\/d\/1j6cC0f8RFAbL7PQRtO1QgnAFjzhxZck0\/view?usp=sharing\" target=\"_blank\" rel=\"noreferrer noopener\">FINAL<\/a><\/td><td><\/td><\/tr><tr><td>120<\/td><td>Actores Pol\u00edticos Internacionales y Globalizaci\u00f3n<br>Msc. MAYRA DEL ROSARIO VILLATORO DEL VALLE<\/td><td><a rel=\"noreferrer noopener\" href=\"https:\/\/drive.google.com\/file\/d\/1X_PtMCscK9Qd0a_MzscUHnKlVG7Hr1hb\/view?usp=sharing\" target=\"_blank\">FINAL<\/a><br><a href=\"https:\/\/drive.google.com\/file\/d\/1iOh3DWeRkg4ZDUcNh4sSK-gtgpj0rm-f\/view?usp=sharing\" target=\"_blank\" rel=\"noreferrer noopener\">FINAL &#8211; V2<\/a><\/td><td><a href=\"https:\/\/drive.google.com\/file\/d\/1EXw9WMILkUQ1Clm4GYM3QSr-QVjudVus\/view?usp=drive_link\" target=\"_blank\" rel=\"noreferrer noopener\">Primera<\/a><\/td><\/tr><tr><td>121<\/td><td>Estructura y L\u00f3gica del Poder en Guatemala<br>LIC. HENRY DENNYS MIRA SANDOVAL<\/td><td><a rel=\"noreferrer noopener\" href=\"https:\/\/drive.google.com\/file\/d\/12jTnsSsl-JYqaYvo1gRkq1CF3mYFqbVA\/view?usp=sharing\" target=\"_blank\">FINAL<\/a><br><a href=\"https:\/\/drive.google.com\/file\/d\/1R1wZNM9NqSZcItHrlFergqILd0U4uoum\/view?usp=sharing\" target=\"_blank\" rel=\"noreferrer noopener\">FINAL &#8211; V2<\/a><\/td><td><\/td><\/tr><\/tbody><\/table><\/figure>\n\n\n\n<figure class=\"wp-block-table\"><table><tbody><tr><td>&nbsp;<\/td><td><strong>Noveno Ciclo<\/strong> B<\/td><td>&nbsp;Nota final&nbsp;<\/td><td>&nbsp;Recuperaci\u00f3n<\/td><\/tr><tr><td>050<\/td><td>Dise\u00f1o de Investigaci\u00f3n de Tesis II<br>Msc. NORA LIZETH GALVEZ GARCIA<\/td><td><a href=\"https:\/\/drive.google.com\/file\/d\/1OQXhap7O3ZBldb71n13Uuft4_4E5f65q\/view?usp=sharing\" target=\"_blank\" rel=\"noreferrer noopener\">FINAL<\/a><\/td><td><\/td><\/tr><tr><td>128<\/td><td>Seminario de An\u00e1lisis Pol\u00edtico<br>LIC. WERNER ENRIQUE CASTILLO REGALADO<\/td><td><\/td><td><\/td><\/tr><tr><td>129<\/td><td>Discurso Pol\u00edtico<br>MTRA. GEIDY MAGAL\u00cd DE MATA MEDRANO<\/td><td><a rel=\"noreferrer noopener\" href=\"https:\/\/drive.google.com\/file\/d\/1zoscF55U51QEgu_KnoF8DFZhTq6fGT1L\/view?usp=sharing\" target=\"_blank\">FINAL*<\/a><br><a href=\"https:\/\/drive.google.com\/file\/d\/1jmxRVcq1PCpRXTqXjzHdz5FvjIoCGAwk\/view?usp=sharing\" target=\"_blank\" rel=\"noreferrer noopener\">FINAL &#8211; V2<\/a><\/td><td><\/td><\/tr><tr><td>130<\/td><td>Psicolog\u00eda Pol\u00edtica<br>MTRO. MYNOR RAFAEL GARC\u00cdA M\u00c9NDEZ<\/td><td><a rel=\"noreferrer noopener\" href=\"https:\/\/drive.google.com\/file\/d\/1e-bVQf3D88kyfGppyX9BIYpmvuRk7zqY\/view?usp=sharing\" target=\"_blank\">FINAL*<\/a><br><a href=\"https:\/\/drive.google.com\/file\/d\/17rvn82ENfTPhpd6m12jkwshBz2pdmdIf\/view?usp=sharing\" target=\"_blank\" rel=\"noreferrer noopener\">FINAL &#8211; V2<\/a><\/td><td><\/td><\/tr><tr><td>131<\/td><td>Comunicaci\u00f3n Pol\u00edtica y Proceso Electoral<br>MTRO. JORGE CEBALLOS<\/td><td><a href=\"https:\/\/drive.google.com\/file\/d\/1iauk2SGU8Znfoj53e3QGU_zKFGogJCKm\/view?usp=sharing\" target=\"_blank\" rel=\"noreferrer noopener\">FINAL<\/a><\/td><td><\/td><\/tr><\/tbody><\/table><\/figure>\n","protected":false},"excerpt":{"rendered":"<p>Nota: Recuerden que para que su nota sea valida deben estas asignado(a)s. &nbsp; Quinto Ciclo A &nbsp;Nota final Recuperaci\u00f3n 107 Teor\u00eda Pol\u00edtica IILICDA. CINDY LISBETH POROJ CARABALLO FINAL COMPLEMENTARIA 108 Sistemas Pol\u00edticos IIDR. PABLO DANIEL RANGEL ROMERO FINALFINAL &#8211; V2 025 Historia de Guatemala IILICDA. CECILE PAOLA TAHUICO GUZMAN FINAL 109 Administraci\u00f3n P\u00fablica de Guatemala [&hellip;]<\/p>\n","protected":false},"author":101014,"featured_media":0,"parent":0,"menu_order":0,"comment_status":"closed","ping_status":"closed","template":"","meta":[],"_links":{"self":[{"href":"https:\/\/cienciapolitica.usac.edu.gt\/index.php?rest_route=\/wp\/v2\/pages\/7404"}],"collection":[{"href":"https:\/\/cienciapolitica.usac.edu.gt\/index.php?rest_route=\/wp\/v2\/pages"}],"about":[{"href":"https:\/\/cienciapolitica.usac.edu.gt\/index.php?rest_route=\/wp\/v2\/types\/page"}],"author":[{"embeddable":true,"href":"https:\/\/cienciapolitica.usac.edu.gt\/index.php?rest_route=\/wp\/v2\/users\/101014"}],"replies":[{"embeddable":true,"href":"https:\/\/cienciapolitica.usac.edu.gt\/index.php?rest_route=%2Fwp%2Fv2%2Fcomments&post=7404"}],"version-history":[{"count":31,"href":"https:\/\/cienciapolitica.usac.edu.gt\/index.php?rest_route=\/wp\/v2\/pages\/7404\/revisions"}],"predecessor-version":[{"id":8190,"href":"https:\/\/cienciapolitica.usac.edu.gt\/index.php?rest_route=\/wp\/v2\/pages\/7404\/revisions\/8190"}],"wp:attachment":[{"href":"https:\/\/cienciapolitica.usac.edu.gt\/index.php?rest_route=%2Fwp%2Fv2%2Fmedia&parent=7404"}],"curies":[{"name":"wp","href":"https:\/\/api.w.org\/{rel}","templated":true}]}}