{"id":6291,"date":"2022-11-02T23:37:36","date_gmt":"2022-11-02T23:37:36","guid":{"rendered":"https:\/\/cienciapolitica.usac.edu.gt\/?page_id=6291"},"modified":"2024-03-07T22:35:37","modified_gmt":"2024-03-07T22:35:37","slug":"actas-pensum-introductorio-semestre-2-2022","status":"publish","type":"page","link":"https:\/\/cienciapolitica.usac.edu.gt\/?page_id=6291","title":{"rendered":"ACTAS PENSUM INTRODUCTORIO SEMESTRE 2-2022"},"content":{"rendered":"\n<figure class=\"wp-block-table\"><table><tbody><tr><td><strong>2DO CICLO SECCI\u00d3N A<\/strong><\/td><td><\/td><\/tr><tr><td>CODIGO<\/td><td>CURSO<\/td><td>PROFESOR<\/td><td><\/td><\/tr><tr><td>6<\/td><td>CIENCIA POL\u00cdTICA II<\/td><td>MSC. JORGE DE JES\u00daS PONCE REYNOSO<\/td><td><a rel=\"noreferrer noopener\" href=\"https:\/\/drive.google.com\/file\/d\/1ntoW31A6mu5bcJfpZddCKtSbTkccdGUY\/view?usp=sharing\" target=\"_blank\">Ver Acta<\/a><br><a href=\"https:\/\/drive.google.com\/file\/d\/1kD4kvb-oRkN9GXWkgg_go7XrHyufTaE-\/view?usp=sharing\" data-type=\"URL\" data-id=\"https:\/\/drive.google.com\/file\/d\/1kD4kvb-oRkN9GXWkgg_go7XrHyufTaE-\/view?usp=sharing\" target=\"_blank\" rel=\"noreferrer noopener\">Segunda<\/a><\/td><\/tr><tr><td>7<\/td><td>SOCIOLOG\u00cdA II<\/td><td>MSC. MANUEL RIVERA RIVERA<\/td><td><a href=\"https:\/\/drive.google.com\/file\/d\/1NBY7_tmGX1VYPgMwfkwd_btq4UK16KuF\/view?usp=sharing\" target=\"_blank\" rel=\"noreferrer noopener\">Ver Acta<\/a><\/td><\/tr><tr><td>8<\/td><td>RELACIONES INTERNACIONALES II<\/td><td>LIC. JOS\u00c9 GILBERTO CORTEZ CHAC\u00d3N<\/td><td><a rel=\"noreferrer noopener\" href=\"https:\/\/drive.google.com\/file\/d\/1OggoXupIL58QQ0I6Euq0EwKxUBhRzvzv\/view?usp=sharing\" target=\"_blank\">Ver Acta<\/a> \u00a0 <br><br><a href=\"https:\/\/drive.google.com\/file\/d\/1iax2h6te3R-GYGj1FoKscQgr7oA0ItJH\/view?usp=drive_link\" target=\"_blank\" rel=\"noreferrer noopener\">Primera<\/a><br><a rel=\"noreferrer noopener\" href=\"https:\/\/drive.google.com\/file\/d\/1WVewMO5UOp30tswnH09tiGRPZpht1pbt\/view?usp=sharing\" data-type=\"URL\" data-id=\"https:\/\/drive.google.com\/file\/d\/1WVewMO5UOp30tswnH09tiGRPZpht1pbt\/view?usp=sharing\" target=\"_blank\">Segunda<\/a><\/td><\/tr><tr><td>9<\/td><td>HISTORIA LATINOAMERICANA<\/td><td>LIC. JUAN CARLOS GUZM\u00c1N MOR\u00c1N<\/td><td><a href=\"https:\/\/drive.google.com\/file\/d\/1Nz40QwmrRX-xpk5BQvvYkoxKhPIWYCOc\/view?usp=sharing\" target=\"_blank\" rel=\"noreferrer noopener\">Ver Acta<\/a><\/td><\/tr><tr><td>10<\/td><td>METODOLOG\u00cdA DE LAS CIENCIAS SOCIALES II<\/td><td>DR. LUIS FERNANDO MACK ECHEVERR\u00cdA<\/td><td><a rel=\"noreferrer noopener\" href=\"https:\/\/drive.google.com\/file\/d\/1GrQqA9AEiqRA9lJTQPjj5NtrGKxes8-0\/view?usp=sharing\" target=\"_blank\">Ver Acta<\/a> &nbsp; <br><br><a rel=\"noreferrer noopener\" href=\"https:\/\/drive.google.com\/file\/d\/1lSpy-8gS7akIltCenkO_nDlrLHekR0dy\/view?usp=sharing\" target=\"_blank\">Primera<\/a><br><br><a href=\"https:\/\/drive.google.com\/file\/d\/1LfGOOgUwrQiBkNBLVkLpOshRwOsyblJG\/view?usp=sharing\" target=\"_blank\" rel=\"noreferrer noopener\">Segunda<\/a><\/td><\/tr><tr><td><strong>2DO CICLO SECCI\u00d3N B<\/strong><\/td><td><\/td><\/tr><tr><td>CODIGO<\/td><td>CURSO<\/td><td>PROFESOR<\/td><td><\/td><\/tr><tr><td>6<\/td><td>CIENCIA POL\u00cdTICA II<\/td><td>DRA. CLAUDIA VER\u00d3NICA AGREDA AJQU\u00cd<\/td><td><a rel=\"noreferrer noopener\" href=\"https:\/\/drive.google.com\/file\/d\/1jT7aymbXqfN9roBcVYnjW9IRlsxT8sji\/view?usp=sharing\" target=\"_blank\">Ver Acta<\/a> &nbsp; <br><br><a rel=\"noreferrer noopener\" href=\"https:\/\/drive.google.com\/file\/d\/1tdgPH5KbnG_vIFsesCSc-pmFLIBDtlzv\/view?usp=sharing\" target=\"_blank\">Primera<\/a> <br><br><a rel=\"noreferrer noopener\" href=\"https:\/\/drive.google.com\/file\/d\/1u1joCvVU3rZc_GgzhkulywSZuR1-ImcM\/view?usp=sharing\" target=\"_blank\">Segunda recuperaci\u00f3n<\/a><\/td><\/tr><tr><td>7<\/td><td>SOCIOLOG\u00cdA II<\/td><td>MTRO. MANUEL RIVERA<\/td><td><a rel=\"noreferrer noopener\" href=\"https:\/\/drive.google.com\/file\/d\/1fraW8DsOEJq99oAHpQNXZj8Dl3qmTeSQ\/view?usp=sharing\" target=\"_blank\">Ver Acta<\/a> &nbsp; <br><br><a rel=\"noreferrer noopener\" href=\"https:\/\/drive.google.com\/file\/d\/1xTkfInlKSySVv0LOTmvsTZyK0EeqwS4I\/view?usp=sharing\" target=\"_blank\">Primera<\/a><br><a href=\"https:\/\/drive.google.com\/file\/d\/1FNooG0T2_ujNgNzdguiH-Oy2o0d1MVRW\/view?usp=sharing\" data-type=\"URL\" data-id=\"https:\/\/drive.google.com\/file\/d\/1FNooG0T2_ujNgNzdguiH-Oy2o0d1MVRW\/view?usp=sharing\" target=\"_blank\" rel=\"noreferrer noopener\">Segunda<\/a><\/td><\/tr><tr><td>8<\/td><td>RELACIONES INTERNACIONALES II<\/td><td>LIC. JOS\u00c9 GILBERTO CORT\u00c9Z CHAC\u00d3N<\/td><td><a rel=\"noreferrer noopener\" href=\"https:\/\/drive.google.com\/file\/d\/1q9UGhOVxw3DlbaSwpYKV-3CZwSOgrNTY\/view?usp=sharing\" target=\"_blank\">Ver Acta<\/a> &nbsp; <br><br><a rel=\"noreferrer noopener\" href=\"https:\/\/drive.google.com\/file\/d\/1dvqDfsfkiPw-p1EkXpSstLfstVspgzAb\/view?usp=sharing\" target=\"_blank\">Primera<\/a><br><a href=\"https:\/\/drive.google.com\/file\/d\/15QY7gJ8Xi2RYWlrPj-rJciFwSr7fYFk4\/view?usp=sharing\" data-type=\"URL\" data-id=\"https:\/\/drive.google.com\/file\/d\/1X49bX_RSDYuV3M60cr-WpCI1zQ1Uyhyl\/view?usp=sharing\">Segunda<\/a><\/td><\/tr><tr><td>9<\/td><td>HISTORIA LATINOAMERICANA<\/td><td>LICDA. ALMA COGUOX<\/td><td><a rel=\"noreferrer noopener\" href=\"https:\/\/drive.google.com\/file\/d\/12vfXVsZZsJe25ZPwYZ2ry1nNgNCbXBec\/view?usp=sharing\" target=\"_blank\">Ver Acta<\/a> &nbsp; <br><br><a rel=\"noreferrer noopener\" href=\"https:\/\/drive.google.com\/file\/d\/14OLuy9228KX4fCyByHTPV3rn-ovjCwXH\/view?usp=sharing\" target=\"_blank\">Primera<\/a><\/td><\/tr><tr><td>10<\/td><td>METODOLOG\u00cdA DE LAS CIENCIAS SOCIALES II<\/td><td>LICDA. PAOLA ZAMORA<\/td><td><a href=\"https:\/\/drive.google.com\/file\/d\/1P8ZxluFzeI2J5aK_hk3xPVao8IgHVq8N\/view?usp=sharing\" target=\"_blank\" rel=\"noreferrer noopener\">Ver Acta &nbsp; <\/a><br><br><a rel=\"noreferrer noopener\" href=\"https:\/\/drive.google.com\/file\/d\/15lQhR2B5qNcpQP7s9rZ2NJCJA4SHvjbS\/view?usp=sharing\" target=\"_blank\">Primera&nbsp;<\/a><\/td><\/tr><tr><td><strong>2DO CICLO SECCI\u00d3N C<\/strong><\/td><td><\/td><\/tr><tr><td>CODIGO<\/td><td>CURSO<\/td><td>PROFESOR<\/td><td><\/td><\/tr><tr><td>6<\/td><td>CIENCIA POL\u00cdTICA II<\/td><td>MTRO. JORGE DE JES\u00daS PONCE REYNOSO<\/td><td><a rel=\"noreferrer noopener\" href=\"https:\/\/drive.google.com\/file\/d\/1dCen93a6O4yyqnzXOdF1khBS2aFsmZyQ\/view?usp=sharing\" target=\"_blank\">Ver Acta<\/a> &nbsp; <br><br><a rel=\"noreferrer noopener\" href=\"https:\/\/drive.google.com\/file\/d\/1h5Ev8ospXfkBGTPkW3TdIliC5NbLNBBT\/view?usp=sharing\" target=\"_blank\">Primera<\/a><br><a href=\"https:\/\/drive.google.com\/file\/d\/1fL3krfpnZPmH8AJbU_EsomGmiyZ-u7vq\/view?usp=sharing\" data-type=\"URL\" data-id=\"https:\/\/drive.google.com\/file\/d\/1fL3krfpnZPmH8AJbU_EsomGmiyZ-u7vq\/view?usp=sharing\" target=\"_blank\" rel=\"noreferrer noopener\">Segunda<\/a><\/td><\/tr><tr><td>7<\/td><td>SOCIOLOG\u00cdA II<\/td><td>MTRO. MANUEL RIVERA<\/td><td><a href=\"https:\/\/drive.google.com\/file\/d\/1Eytz-gFxOjGjADhnwQBONbZ-58C316YU\/view?usp=sharing\" target=\"_blank\" rel=\"noreferrer noopener\">Ver Acta<\/a><\/td><\/tr><tr><td>8<\/td><td>RELACIONES INTERNACIONALES II<\/td><td>LIC. JOS\u00c9 GILBERTO CORT\u00c9Z CHAC\u00d3N<\/td><td><a rel=\"noreferrer noopener\" href=\"https:\/\/drive.google.com\/file\/d\/1i2tA7i0NImfVbLP2TU-NkGu1nolhUdMB\/view?usp=sharing\" target=\"_blank\">Ver Acta<\/a> &nbsp; <br><br><a rel=\"noreferrer noopener\" href=\"https:\/\/drive.google.com\/file\/d\/1ANbGw3UpHUTgLe4noTPjM6o0M98L0eqL\/view?usp=sharing\" target=\"_blank\">Primera<\/a><br><a href=\"https:\/\/drive.google.com\/file\/d\/1SRa68-XnejOY90TN7e5PTNLq6cgbg3ro\/view?usp=sharing\" data-type=\"URL\" data-id=\"https:\/\/drive.google.com\/file\/d\/1SRa68-XnejOY90TN7e5PTNLq6cgbg3ro\/view?usp=sharing\" target=\"_blank\" rel=\"noreferrer noopener\">Segunda<\/a><\/td><\/tr><tr><td>9<\/td><td>HISTORIA LATINOAMERICANA<\/td><td>LICDA. SONIA ABIGAIL P\u00c9REZ PIVARAL<\/td><td><a rel=\"noreferrer noopener\" href=\"https:\/\/drive.google.com\/file\/d\/1mo5ajidBiJb5PwjEChBMXgi__nvvM9S9\/view?usp=sharing\" target=\"_blank\">Ver Acta<\/a> &nbsp; <br><br><a rel=\"noreferrer noopener\" href=\"https:\/\/drive.google.com\/file\/d\/1w4nLEJHLY_11sw7cDvUAzNIFbd5T1sHF\/view?usp=sharing\" target=\"_blank\">Primera<\/a><br><a rel=\"noreferrer noopener\" href=\"https:\/\/drive.google.com\/file\/d\/121BY3FrjzFsua1Oc0RMDFo2aXY2lG2mS\/view?usp=sharing\" target=\"_blank\">Segunda<\/a><\/td><\/tr><tr><td>10<\/td><td>METODOLOG\u00cdA DE LAS CIENCIAS SOCIALES II<\/td><td>LICDA. CARMEN ALVAREZ<\/td><td><a href=\"https:\/\/drive.google.com\/file\/d\/1KrTucjAR8bzG7YienkjtVjUzZP3OVmTU\/view?usp=sharing\" target=\"_blank\" rel=\"noreferrer noopener\">Ver Acta<\/a><\/td><\/tr><tr><td><strong>2DO CICLO SECCI\u00d3N D<\/strong><\/td><td><\/td><\/tr><tr><td>CODIGO<\/td><td>CURSO<\/td><td>PROFESOR<\/td><td><\/td><\/tr><tr><td>6<\/td><td>CIENCIA POL\u00cdTICA II<\/td><td>LIC. OSCAR ESTUARDO BAUTISTA SOTO<\/td><td><a href=\"https:\/\/drive.google.com\/file\/d\/1EJ_fOMUpEzO6zpzSj7lO1-xbGzzsA9nT\/view?usp=sharing\" target=\"_blank\" rel=\"noreferrer noopener\">Ver Acta<\/a><\/td><\/tr><tr><td>7<\/td><td>SOCIOLOG\u00cdA II<\/td><td>MSC. MANUEL RIVERA RIVERA<\/td><td><a href=\"https:\/\/drive.google.com\/file\/d\/1M_VAKWQNBidNmVBwpIIEaBhl8wFkO4P_\/view?usp=sharing\" target=\"_blank\" rel=\"noreferrer noopener\">Ver Acta<\/a><\/td><\/tr><tr><td>8<\/td><td>RELACIONES INTERNACIONALES II<\/td><td>LIC. JOS\u00c9 GILBERTO CORTEZ CHAC\u00d3N<\/td><td><a rel=\"noreferrer noopener\" href=\"https:\/\/drive.google.com\/file\/d\/1CnrH1pqzMFpVRm494AJHWBuiZbmAW7ur\/view?usp=sharing\" target=\"_blank\">Ver Acta<\/a> &nbsp; <br><br><a rel=\"noreferrer noopener\" href=\"https:\/\/drive.google.com\/file\/d\/1KsFQjpXyx1VR352kgaumNlylGk7Z1oKS\/view?usp=sharing\" target=\"_blank\">Primera<\/a><br><a href=\"https:\/\/drive.google.com\/file\/d\/1eFbDc8LL--NVjG9_OjJeX6sn79T4nnWR\/view?usp=sharing\" data-type=\"URL\" data-id=\"https:\/\/drive.google.com\/file\/d\/1eFbDc8LL--NVjG9_OjJeX6sn79T4nnWR\/view?usp=sharing\" target=\"_blank\" rel=\"noreferrer noopener\">Segunda<\/a><\/td><\/tr><tr><td>9<\/td><td>HISTORIA LATINOAMERICANA<\/td><td>LIC. ALDO BONILLA<\/td><td><a rel=\"noreferrer noopener\" href=\"https:\/\/drive.google.com\/file\/d\/1ayN7Q8EX_D0g6nMuwye2ZMgXRU1rU_IS\/view?usp=sharing\" target=\"_blank\">Ver Acta<\/a><br><\/td><\/tr><tr><td>10<\/td><td>METODOLOG\u00cdA DE LAS CIENCIAS SOCIALES II<\/td><td>LICDA. CARMEN ALVAREZ<\/td><td><a href=\"https:\/\/drive.google.com\/file\/d\/1UMS6RQFA1TQzZjHkejJmZaC_ShAu-y1y\/view?usp=sharing\" target=\"_blank\" rel=\"noreferrer noopener\">Ver Acta<\/a><\/td><\/tr><\/tbody><\/table><\/figure>\n","protected":false},"excerpt":{"rendered":"<p>2DO CICLO SECCI\u00d3N A CODIGO CURSO PROFESOR 6 CIENCIA POL\u00cdTICA II MSC. JORGE DE JES\u00daS PONCE REYNOSO Ver ActaSegunda 7 SOCIOLOG\u00cdA II MSC. MANUEL RIVERA RIVERA Ver Acta 8 RELACIONES INTERNACIONALES II LIC. JOS\u00c9 GILBERTO CORTEZ CHAC\u00d3N Ver Acta \u00a0 PrimeraSegunda 9 HISTORIA LATINOAMERICANA LIC. JUAN CARLOS GUZM\u00c1N MOR\u00c1N Ver Acta 10 METODOLOG\u00cdA DE LAS [&hellip;]<\/p>\n","protected":false},"author":101012,"featured_media":0,"parent":0,"menu_order":0,"comment_status":"closed","ping_status":"closed","template":"","meta":[],"_links":{"self":[{"href":"https:\/\/cienciapolitica.usac.edu.gt\/index.php?rest_route=\/wp\/v2\/pages\/6291"}],"collection":[{"href":"https:\/\/cienciapolitica.usac.edu.gt\/index.php?rest_route=\/wp\/v2\/pages"}],"about":[{"href":"https:\/\/cienciapolitica.usac.edu.gt\/index.php?rest_route=\/wp\/v2\/types\/page"}],"author":[{"embeddable":true,"href":"https:\/\/cienciapolitica.usac.edu.gt\/index.php?rest_route=\/wp\/v2\/users\/101012"}],"replies":[{"embeddable":true,"href":"https:\/\/cienciapolitica.usac.edu.gt\/index.php?rest_route=%2Fwp%2Fv2%2Fcomments&post=6291"}],"version-history":[{"count":47,"href":"https:\/\/cienciapolitica.usac.edu.gt\/index.php?rest_route=\/wp\/v2\/pages\/6291\/revisions"}],"predecessor-version":[{"id":8667,"href":"https:\/\/cienciapolitica.usac.edu.gt\/index.php?rest_route=\/wp\/v2\/pages\/6291\/revisions\/8667"}],"wp:attachment":[{"href":"https:\/\/cienciapolitica.usac.edu.gt\/index.php?rest_route=%2Fwp%2Fv2%2Fmedia&parent=6291"}],"curies":[{"name":"wp","href":"https:\/\/api.w.org\/{rel}","templated":true}]}}