{"id":5899,"date":"2022-05-12T01:24:20","date_gmt":"2022-05-12T01:24:20","guid":{"rendered":"https:\/\/cienciapolitica.usac.edu.gt\/?page_id=5899"},"modified":"2023-05-23T00:19:38","modified_gmt":"2023-05-23T00:19:38","slug":"actas-semestre-1-2022-licenciatura-en-ciencia-politica","status":"publish","type":"page","link":"https:\/\/cienciapolitica.usac.edu.gt\/?page_id=5899","title":{"rendered":"Actas semestre 1-2022 &#8211; Licenciatura en Ciencia Pol\u00edtica"},"content":{"rendered":"<p><a href=\"https:\/\/cienciapolitica.usac.edu.gt\/?page_id=5887\"><strong>Regresar a p\u00e1gina anterior<\/strong><\/a><\/p>\n<h2 style=\"text-align: center;\"><strong>Actas de fin de curso semestre 1-2022 <\/strong><\/h2>\n<h2 style=\"text-align: center;\"><strong>Licenciatura en Ciencia Pol\u00edtica<\/strong><\/h2>\n<h2 style=\"text-align: center;\"><strong> 5to, 7mo y 9no ciclo, secciones A y B<\/strong><\/h2>\n<table width=\"677\">\n<tbody>\n<tr>\n<td style=\"text-align: center;\" colspan=\"3\" width=\"594\"><strong>Quinto ciclo &#8211; Secci\u00f3n A<\/strong><\/td>\n<td width=\"83\"><\/td>\n<\/tr>\n<tr>\n<td><strong>CODIGO<\/strong><\/td>\n<td style=\"text-align: center;\"><strong>CURSO<\/strong><\/td>\n<td style=\"text-align: center;\"><strong>PROFESOR<\/strong><\/td>\n<td><\/td>\n<\/tr>\n<tr>\n<td>25<\/td>\n<td>HISTORIA DE GUATEMALA II<\/td>\n<td>LICDA. SONIA ABIGAIL P\u00c9REZ PIVARAL<\/td>\n<td><a href=\"https:\/\/drive.google.com\/file\/d\/1USxHvdRsO5b6k5tHbR5IhBw94S6KMZvZ\/view?usp=sharing\" target=\"_blank\" rel=\"noopener\">Ver Acta<\/a><\/p>\n<p><a href=\"https:\/\/drive.google.com\/file\/d\/1N1MwVC7vAWlhiA4hBeg5c4CvaJHCqEu0\/view?usp=sharing\" target=\"_blank\" rel=\"noopener\">1ra. Oportunidad<\/a><\/td>\n<\/tr>\n<tr>\n<td>107<\/td>\n<td>TEOR\u00cdA POL\u00cdTICA II<\/td>\n<td>MTRA. CINDY LISBETH POROJ CARABALLO<\/td>\n<td><a href=\"https:\/\/drive.google.com\/file\/d\/190o6SrZBkOasS4OrIJ0xpZYbaSn08i5r\/view?usp=sharing\" target=\"_blank\" rel=\"noopener\">Ver Acta<\/a><\/p>\n<p><a href=\"https:\/\/drive.google.com\/file\/d\/1Wq-lY4jwGviI4AmkqyJM__19kLebuvRc\/view?usp=sharing\" target=\"_blank\" rel=\"noopener\">1ra. Oportunidad<\/a><\/td>\n<\/tr>\n<tr>\n<td>108<\/td>\n<td>SISTEMAS POL\u00cdTICOS II<\/td>\n<td>DR. PABLO DANIEL RANGEL ROMERO<\/td>\n<td><a href=\"https:\/\/drive.google.com\/file\/d\/1Qq-k572q8eKt64OiHngEQhIRHCjUXLVc\/view?usp=sharing\" target=\"_blank\" rel=\"noopener\">Ver Acta<\/a><\/td>\n<\/tr>\n<tr>\n<td>109<\/td>\n<td>ADMINISTRACI\u00d3N P\u00daBLICA DE GUATEMALA I<\/td>\n<td>LICDA. MAR\u00cdA AMALIA MANDUJANO<\/td>\n<td><a href=\"https:\/\/drive.google.com\/file\/d\/13EK-CrHB-FINuc0dWMnrXoYN5d2lGk3h\/view?usp=sharing\" target=\"_blank\" rel=\"noopener\">Ver Acta<\/a><\/td>\n<\/tr>\n<tr>\n<td>110<\/td>\n<td>IDEOLOG\u00cdAS POL\u00cdTICAS<\/td>\n<td>LIC. WERNER ENRIQUE CASTILLO REGALADO<\/td>\n<td><a href=\"https:\/\/drive.google.com\/file\/d\/1xdoHmB5uXV2adUWBAQNTC8MGU20ai-eR\/view?usp=sharing\" target=\"_blank\" rel=\"noopener\">Ver Acta<\/a><\/td>\n<\/tr>\n<\/tbody>\n<\/table>\n<table width=\"677\">\n<tbody>\n<tr>\n<td style=\"text-align: center;\" colspan=\"3\" width=\"594\"><strong>Quinto ciclo &#8211; Secci\u00f3n B<\/strong><\/td>\n<td width=\"83\"><\/td>\n<\/tr>\n<tr>\n<td style=\"text-align: center;\"><strong>CODIGO<\/strong><\/td>\n<td style=\"text-align: center;\"><strong>CURSO<\/strong><\/td>\n<td style=\"text-align: center;\"><strong>PROFESOR<\/strong><\/td>\n<td><\/td>\n<\/tr>\n<tr>\n<td>25<\/td>\n<td>HISTORIA DE GUATEMALA II<\/td>\n<td>LIC. DAVID WINTER<\/td>\n<td><a href=\"https:\/\/drive.google.com\/file\/d\/1bUviZDMXcdj4OkXIxyN_husY2Iw22yYU\/view?usp=sharing\" target=\"_blank\" rel=\"noopener\">Ver Acta<\/a><\/td>\n<\/tr>\n<tr>\n<td>107<\/td>\n<td>TEOR\u00cdA POL\u00cdTICA II<\/td>\n<td>LIC. GUIDO ARMANDO BARILLAS QUEZADA<\/td>\n<td><a href=\"https:\/\/drive.google.com\/file\/d\/19SAf5HAjBJpI-Ii2RCjbEEf7yd2uApjw\/view?usp=sharing\" target=\"_blank\" rel=\"noopener\">Ver Acta<\/a><\/td>\n<\/tr>\n<tr>\n<td>108<\/td>\n<td>SISTEMAS POL\u00cdTICOS II<\/td>\n<td>DR. IV\u00c1N RICARDO LE\u00d3N ARCHILA<\/td>\n<td><a href=\"https:\/\/drive.google.com\/file\/d\/1vOjzF_hN5Rh-GD2Qn9He8YNjAsSEVruI\/view?usp=sharing\" target=\"_blank\" rel=\"noopener\">Ver Acta<\/a><\/p>\n<p><a href=\"https:\/\/drive.google.com\/file\/d\/1VrEmRWxAraFBBQm7ZDtfesHhvvoI9vfi\/view?usp=sharing\" target=\"_blank\" rel=\"noopener\">2da Oportunidad<\/a><\/td>\n<\/tr>\n<tr>\n<td>109<\/td>\n<td>ADMINISTRACI\u00d3N P\u00daBLICA DE GUATEMALA I<\/td>\n<td>MTRA. MARCELA LETONA<\/td>\n<td><a href=\"https:\/\/drive.google.com\/file\/d\/1Woj-4F7g5Txb7zMskhC0B_vKlYpO-FuL\/view?usp=sharing\" target=\"_blank\" rel=\"noopener\">Ver Acta<\/a><\/td>\n<\/tr>\n<tr>\n<td>111<\/td>\n<td>PROCESOS DE CAMBIO Y MODERNIDAD<\/td>\n<td>MTRO. JORGE ARAG\u00d3N<\/td>\n<td><a href=\"https:\/\/drive.google.com\/file\/d\/1p1IhSqstCKCCcQ7u4DsYfozQBiZvI6Fv\/view?usp=sharing\" target=\"_blank\" rel=\"noopener\">Ver Acta<\/a><\/td>\n<\/tr>\n<\/tbody>\n<\/table>\n<table width=\"677\">\n<tbody>\n<tr>\n<td style=\"text-align: center;\" colspan=\"3\" width=\"594\"><strong>S\u00e9ptimo ciclo &#8211; Secci\u00f3n A<\/strong><\/td>\n<td width=\"83\"><\/td>\n<\/tr>\n<tr>\n<td style=\"text-align: center;\"><strong>CODIGO<\/strong><\/td>\n<td style=\"text-align: center;\"><strong>CURSO<\/strong><\/td>\n<td style=\"text-align: center;\"><strong>PROFESOR<\/strong><\/td>\n<td><\/td>\n<\/tr>\n<tr>\n<td>117<\/td>\n<td>TEOR\u00cdA POL\u00cdTICA IV<\/td>\n<td>LIC. HENRY DENNYS MIRA SANDOVAL<\/td>\n<td><a href=\"https:\/\/drive.google.com\/file\/d\/1wGOdVukYtuQJhYxsxnMqvfilU03eZ7lv\/view?usp=sharing\" target=\"_blank\" rel=\"noopener\">Ver Acta<\/a><\/p>\n<p><a href=\"https:\/\/drive.google.com\/file\/d\/1lQwX9WMIUDSY5ZkbgdPLOMTJUNcMLVzF\/view?usp=sharing\" target=\"_blank\" rel=\"noopener\">1ra. Oportunidad<\/a><\/p>\n<p><a href=\"https:\/\/drive.google.com\/file\/d\/1kT4TC8XoI_9qGk2UdnLsIwCxL_XoLcil\/view?usp=sharing\" target=\"_blank\" rel=\"noopener\">2da Oportunidad<\/a><\/td>\n<\/tr>\n<tr>\n<td>118<\/td>\n<td>ECONOM\u00cdA INTERNACIONAL<\/td>\n<td>LIC. CARLOS AN\u00cdBAL MART\u00cdNEZ CORT\u00c9Z<\/td>\n<td><a href=\"https:\/\/drive.google.com\/file\/d\/122F0LPzO420zm8SGMOf3_oRAjd-4m35F\/view?usp=sharing\" target=\"_blank\" rel=\"noopener\">Ver Acta<\/a><\/td>\n<\/tr>\n<tr>\n<td>119<\/td>\n<td>ADMINISTRACI\u00d3N P\u00daBLICA DE GUATEMALA III<\/td>\n<td>MTRO. FERNANDO MOLINA MEZA<\/td>\n<td><a href=\"https:\/\/drive.google.com\/file\/d\/17nP_ZVxFFtfvDHLWqhh0m8hwGJQeGME5\/view?usp=sharing\" target=\"_blank\" rel=\"noopener\">Ver Acta<\/a><\/td>\n<\/tr>\n<tr>\n<td>120<\/td>\n<td>ACTORES POL\u00cdTICOS INTERNACIONALES Y GLOBALIZACI\u00d3N<\/td>\n<td>LICDA. MAR\u00cdA DEL CARMEN ALVARADO<\/td>\n<td><a href=\"https:\/\/drive.google.com\/file\/d\/1jktQdfbgwP9jToSoVYFoMBm8AhSX5O5c\/view?usp=sharing\" target=\"_blank\" rel=\"noopener\">Ver Acta<\/a><\/td>\n<\/tr>\n<tr>\n<td>122<\/td>\n<td>FORMULACI\u00d3N DE LAS POL\u00cdTICAS P\u00daBLICAS<\/td>\n<td>MTRA. SILVIA CAROLINA MONTEPEQUE<\/td>\n<td><a href=\"https:\/\/drive.google.com\/file\/d\/1GbRxbO_BjUv7AxDPHDWcYUSWz7irq0Qi\/view?usp=sharing\" target=\"_blank\" rel=\"noopener\">Ver Acta<\/a><\/td>\n<\/tr>\n<\/tbody>\n<\/table>\n<table width=\"677\">\n<tbody>\n<tr>\n<td style=\"text-align: center;\" colspan=\"3\" width=\"594\"><strong>S\u00e9ptimo ciclo &#8211; Secci\u00f3n B<\/strong><\/td>\n<td width=\"83\"><\/td>\n<\/tr>\n<tr>\n<td style=\"text-align: center;\"><strong>CODIGO<\/strong><\/td>\n<td style=\"text-align: center;\"><strong>CURSO<\/strong><\/td>\n<td style=\"text-align: center;\"><strong>PROFESOR<\/strong><\/td>\n<td><\/td>\n<\/tr>\n<tr>\n<td>117<\/td>\n<td>TEOR\u00cdA POL\u00cdTICA IV<\/td>\n<td>MTRA. CINDY LISBETH POROJ CARABALLO<\/td>\n<td><a href=\"https:\/\/drive.google.com\/file\/d\/1fdnoN-nUes5H3WAA28G3hOx5R5yiKZrN\/view?usp=sharing\" target=\"_blank\" rel=\"noopener\">Ver Acta<\/a><\/td>\n<\/tr>\n<tr>\n<td>118<\/td>\n<td>ECONOM\u00cdA INTERNACIONAL<\/td>\n<td>MTRO. FRANCISCO JOS\u00c9 LEMUS MIRANDA<\/td>\n<td><a href=\"https:\/\/drive.google.com\/file\/d\/13qbGZDglik2gp3g70oAHPGivAuclCDQq\/view?usp=sharing\" target=\"_blank\" rel=\"noopener\">Ver Acta<\/a><\/td>\n<\/tr>\n<tr>\n<td>119<\/td>\n<td>ADMINISTRACI\u00d3N P\u00daBLICA DE GUATEMALA III<\/td>\n<td>MTRA. ALMA CONSUELO COGUOX<\/td>\n<td><a href=\"https:\/\/drive.google.com\/file\/d\/1gGY095NyOlOdz6citKBApMFw-1ZJynA1\/view?usp=sharing\" target=\"_blank\" rel=\"noopener\">Ver Acta<\/a><\/td>\n<\/tr>\n<tr>\n<td>120<\/td>\n<td>ACTORES POL\u00cdTICOS INTERNACIONALES Y GLOBALIZACI\u00d3N<\/td>\n<td>MTRA. MAYRA VILLATORO DEL VALLE<\/td>\n<td><a href=\"https:\/\/drive.google.com\/file\/d\/1FvMJxJ3GG94wkrMcgTF1b8J91P5qryPm\/view?usp=sharing\" target=\"_blank\" rel=\"noopener\">Ver Acta<\/a><\/td>\n<\/tr>\n<tr>\n<td>121<\/td>\n<td>ESTRUCTURA Y L\u00d3GICA DEL PODER EN GUATEMALA<\/td>\n<td>LIC. HENRY DENNYS MIRA SANDOVAL<\/td>\n<td><a href=\"https:\/\/drive.google.com\/file\/d\/1q0veDugxR7lwld4kOzQJY8VTX-lm-gAL\/view?usp=sharing\" target=\"_blank\" rel=\"noopener\">Ver Acta<\/a><\/p>\n<p><a href=\"https:\/\/drive.google.com\/file\/d\/1a05Ib_ytv9CQaiCnE1s8e5zqOxhFVNkG\/view?usp=sharing\" target=\"_blank\" rel=\"noopener\">1ra. Oportunidad<\/a><\/td>\n<\/tr>\n<\/tbody>\n<\/table>\n<table width=\"677\">\n<tbody>\n<tr>\n<td style=\"text-align: center;\" colspan=\"3\" width=\"594\"><strong>Noveno ciclo &#8211; Secci\u00f3n A<\/strong><\/td>\n<td width=\"83\"><\/td>\n<\/tr>\n<tr>\n<td style=\"text-align: center;\"><strong>CODIGO<\/strong><\/td>\n<td style=\"text-align: center;\"><strong>CURSO<\/strong><\/td>\n<td style=\"text-align: center;\"><strong>PROFESOR<\/strong><\/td>\n<td><\/td>\n<\/tr>\n<tr>\n<td>50<\/td>\n<td>DISE\u00d1O DE INVESTIGACI\u00d3N DE TESIS II<\/td>\n<td>MTRA. CLAUDIA MELISSA MATEO TOJIN<\/td>\n<td><a href=\"https:\/\/drive.google.com\/file\/d\/1rxh6FIvkF3kmvLZQ-_akOQmyPLJ9sx4i\/view?usp=sharing\" target=\"_blank\" rel=\"noopener\">Ver Acta<\/a><\/td>\n<\/tr>\n<tr>\n<td>136<\/td>\n<td>EVALUACI\u00d3N DE LAS POL\u00cdTICAS P\u00daBLICAS<\/td>\n<td>MTRO. FERNANDO MOLINA MEZA<\/td>\n<td><a href=\"https:\/\/drive.google.com\/file\/d\/1obP4NHCUWEQVZxkAa8xyWzCK8nxPN2Wr\/view?usp=sharing\" target=\"_blank\" rel=\"noopener\">Ver Acta<\/a><\/td>\n<\/tr>\n<tr>\n<td>137<\/td>\n<td>PROCESO DE FINANCIAMIENTO Y GEST. PRESUPUESTARIA DE POL\u00cdTICAS P\u00daBLICAS<\/td>\n<td>LIC. CARLOS MART\u00cdNEZ<\/td>\n<td><a href=\"https:\/\/drive.google.com\/file\/d\/1aaC2d3zkwutYJEY2AhA2PVL_oyPoPxzR\/view?usp=sharing\" target=\"_blank\" rel=\"noopener\">Ver Acta<\/a><\/p>\n<p><a href=\"https:\/\/drive.google.com\/file\/d\/1Y6EKDQIPzFm3NygA6QELR51LZ4-aDji2\/view?usp=sharing\" target=\"_blank\" rel=\"noopener\">2da Oportunidad<\/a><\/td>\n<\/tr>\n<tr>\n<td>138<\/td>\n<td>SEMINARIO REFORMAS DEL ESTADO<\/td>\n<td>LIC. GERARDO GUARQUEZ V\u00c1SQUEZ<\/td>\n<td><a href=\"https:\/\/drive.google.com\/file\/d\/1i9_d-18oSPKszeWqrxliDrpGqH5Yt4El\/view?usp=sharing\" target=\"_blank\" rel=\"noopener\">Ver Acta<\/a><\/td>\n<\/tr>\n<tr>\n<td>139<\/td>\n<td>AN\u00c1LISIS E INTERPRETACI\u00d3N DE VARIABLES E INDICADORES SOCIOECON\u00d3MICOS<\/td>\n<td>DR. FIDEL AREVALO GAMBOA<\/td>\n<td><a href=\"https:\/\/drive.google.com\/file\/d\/1t8FyeEJ7a0-S75Mi0zNP-gGetFuCtch-\/view?usp=sharing\" target=\"_blank\" rel=\"noopener\">Ver Acta<\/a><\/td>\n<\/tr>\n<\/tbody>\n<\/table>\n<table width=\"677\">\n<tbody>\n<tr>\n<td style=\"text-align: center;\" colspan=\"3\" width=\"594\"><strong>Noveno ciclo &#8211; Secci\u00f3n B<\/strong><\/td>\n<td width=\"83\"><\/td>\n<\/tr>\n<tr>\n<td style=\"text-align: center;\"><strong>CODIGO<\/strong><\/td>\n<td style=\"text-align: center;\"><strong>CURSO<\/strong><\/td>\n<td style=\"text-align: center;\"><strong>PROFESOR<\/strong><\/td>\n<td><\/td>\n<\/tr>\n<tr>\n<td>50<\/td>\n<td>DISE\u00d1O DE INVESTIGACI\u00d3N DE TESIS II<\/td>\n<td>DRA. ZULLY MORALES CARRERA<\/td>\n<td><a href=\"https:\/\/drive.google.com\/file\/d\/1F11i-hgxcqCA_NLdkyNfVUIvBbxu27MJ\/view?usp=sharing\" target=\"_blank\" rel=\"noopener\">Ver Acta<\/a><\/td>\n<\/tr>\n<tr>\n<td>128<\/td>\n<td>SEMINARIO DE AN\u00c1LISIS POL\u00cdTICO<\/td>\n<td>LICDA. FLORENTINA PUAC PUAC<\/td>\n<td><a href=\"https:\/\/drive.google.com\/file\/d\/1rw45GAnHwNK_PhrXPqnHa3BW-NHOQGxR\/view?usp=sharing\" target=\"_blank\" rel=\"noopener\">Ver Acta<\/a><\/td>\n<\/tr>\n<tr>\n<td>129<\/td>\n<td>DISCURSO POL\u00cdTICO<\/td>\n<td>MTRO. JORGE ARAG\u00d3N<\/td>\n<td><a href=\"https:\/\/drive.google.com\/file\/d\/1DeGf6ywDyGrIDCGpSg_U75704S8n8SlJ\/view?usp=sharing\" target=\"_blank\" rel=\"noopener\">Ver Acta<\/a><\/td>\n<\/tr>\n<tr>\n<td>130<\/td>\n<td>PSICOLOG\u00cdA POL\u00cdTICA<\/td>\n<td>MTRO. SERGIO ALEJANDRO FLORES CRUZ<\/td>\n<td><a href=\"https:\/\/drive.google.com\/file\/d\/192SAuDYYDTqLVEWAo12MovCtv0mKBi_1\/view?usp=sharing\" target=\"_blank\" rel=\"noopener\">Ver Acta<\/a><\/p>\n<p><a href=\"https:\/\/drive.google.com\/file\/d\/1KABh8KIF7HJYxQptoVfQpMZ_jadnHpby\/view?usp=sharing\" target=\"_blank\" rel=\"noopener\">1ra. Oportunidad<\/a><\/p>\n<p><a href=\"https:\/\/drive.google.com\/file\/d\/1TkKty_rrmBJg7BpmpmiZrlVGhMPJn4QS\/view?usp=sharing\" target=\"_blank\" rel=\"noopener\">2da Oportunidad<\/a><\/td>\n<\/tr>\n<tr>\n<td>131<\/td>\n<td>COMUNICACI\u00d3N POL\u00cdTICA Y PROCESO ELECTORAL<\/td>\n<td>LIC. RICARDO BARRENO ARRIAZA<\/td>\n<td><a href=\"https:\/\/drive.google.com\/file\/d\/1ZoH7Vz7fmomSxOtz-ej0v9X4PqbvxukU\/view?usp=sharing\" target=\"_blank\" rel=\"noopener\">Ver Acta<\/a><\/td>\n<\/tr>\n<\/tbody>\n<\/table>\n<p><a href=\"https:\/\/cienciapolitica.usac.edu.gt\/?page_id=5887\"><strong>Regresar a p\u00e1gina anterior<\/strong><\/a><\/p>\n","protected":false},"excerpt":{"rendered":"<p>Regresar a p\u00e1gina anterior Actas de fin de curso semestre 1-2022 Licenciatura en Ciencia Pol\u00edtica 5to, 7mo y 9no ciclo, secciones A y B Quinto ciclo &#8211; Secci\u00f3n A CODIGO CURSO PROFESOR 25 HISTORIA DE GUATEMALA II LICDA. SONIA ABIGAIL P\u00c9REZ PIVARAL Ver Acta 1ra. Oportunidad 107 TEOR\u00cdA POL\u00cdTICA II MTRA. CINDY LISBETH POROJ CARABALLO [&hellip;]<\/p>\n","protected":false},"author":101012,"featured_media":0,"parent":0,"menu_order":0,"comment_status":"closed","ping_status":"closed","template":"","meta":[],"_links":{"self":[{"href":"https:\/\/cienciapolitica.usac.edu.gt\/index.php?rest_route=\/wp\/v2\/pages\/5899"}],"collection":[{"href":"https:\/\/cienciapolitica.usac.edu.gt\/index.php?rest_route=\/wp\/v2\/pages"}],"about":[{"href":"https:\/\/cienciapolitica.usac.edu.gt\/index.php?rest_route=\/wp\/v2\/types\/page"}],"author":[{"embeddable":true,"href":"https:\/\/cienciapolitica.usac.edu.gt\/index.php?rest_route=\/wp\/v2\/users\/101012"}],"replies":[{"embeddable":true,"href":"https:\/\/cienciapolitica.usac.edu.gt\/index.php?rest_route=%2Fwp%2Fv2%2Fcomments&post=5899"}],"version-history":[{"count":48,"href":"https:\/\/cienciapolitica.usac.edu.gt\/index.php?rest_route=\/wp\/v2\/pages\/5899\/revisions"}],"predecessor-version":[{"id":7400,"href":"https:\/\/cienciapolitica.usac.edu.gt\/index.php?rest_route=\/wp\/v2\/pages\/5899\/revisions\/7400"}],"wp:attachment":[{"href":"https:\/\/cienciapolitica.usac.edu.gt\/index.php?rest_route=%2Fwp%2Fv2%2Fmedia&parent=5899"}],"curies":[{"name":"wp","href":"https:\/\/api.w.org\/{rel}","templated":true}]}}