{"id":5354,"date":"2021-11-16T02:08:35","date_gmt":"2021-11-16T02:08:35","guid":{"rendered":"https:\/\/cienciapolitica.usac.edu.gt\/?page_id=5354"},"modified":"2022-03-08T20:54:11","modified_gmt":"2022-03-08T20:54:11","slug":"relaciones-internacionales-semestre-2-2021","status":"publish","type":"page","link":"https:\/\/cienciapolitica.usac.edu.gt\/?page_id=5354","title":{"rendered":"Relaciones Internacionales | Semestre 2-2021"},"content":{"rendered":"<p><a href=\"https:\/\/cienciapolitica.usac.edu.gt\/?page_id=5335\"><strong>&lt;&lt;Regresar<\/strong><\/a><\/p>\n<h1 style=\"text-align: center;\"><strong>LICENCIATURA EN RELACIONES INTERNACIONALES<\/strong><\/h1>\n<p><strong>4TO SEMESTRE, SECCION A<\/strong><\/p>\n<table width=\"100%\">\n<tbody>\n<tr>\n<td width=\"8%\">\n<p style=\"text-align: center;\"><strong>CODIGO<\/strong><\/p>\n<\/td>\n<td style=\"text-align: center;\" width=\"49%\"><strong>CURSO<\/strong><\/td>\n<td style=\"text-align: center;\" width=\"34%\"><strong>PROFESOR<\/strong><\/td>\n<td width=\"8%\">\n<p style=\"text-align: center;\"><strong>ENLACE<\/strong><\/p>\n<\/td>\n<\/tr>\n<tr>\n<td width=\"8%\">18<\/td>\n<td width=\"49%\"><strong>METODOLOG\u00cdA DE LAS CIENCIAS SOCIALES IV<\/strong><\/td>\n<td width=\"34%\">LICDA. KAREN JOHANA AR\u00c9VALO<\/td>\n<td width=\"8%\"><a href=\"https:\/\/drive.google.com\/file\/d\/1NWCakEarIgdrb2PMg7gMF5VuvlZl0aIe\/view?usp=sharing\" target=\"_blank\" rel=\"noopener\">Ver Acta<\/a><\/td>\n<\/tr>\n<tr>\n<td width=\"8%\">19<\/td>\n<td width=\"49%\"><strong>MICRO Y MACROECONOM\u00cdA<\/strong><\/td>\n<td width=\"34%\">LICDA. MAR\u00cdA ELENA IZQUIERDO<\/td>\n<td width=\"8%\"><a href=\"https:\/\/drive.google.com\/file\/d\/15DurgrKqIFLFP8gEYvRpyOI4k9qMnAta\/view?usp=sharing\" target=\"_blank\" rel=\"noopener\">Ver Acta<\/a><\/p>\n<p><a href=\"https:\/\/drive.google.com\/file\/d\/1f2FlCOka45XFw7GwMt-C6tejsL4iVNBl\/view?usp=sharing\" target=\"_blank\" rel=\"noopener\">1era Oportunidad<\/a><\/p>\n<p><a href=\"https:\/\/drive.google.com\/file\/d\/11nZB2xr3KL_7ODC7xYxpXwaOeDjsltc_\/view?usp=sharing\" target=\"_blank\" rel=\"noopener\">2da Oportunidad<\/a><\/td>\n<\/tr>\n<tr>\n<td width=\"8%\">62<\/td>\n<td width=\"49%\"><strong>TEOR\u00cdA DE LAS RELACIONES INTERNACIONALES I<\/strong><\/td>\n<td width=\"34%\">DR. LUIS ALBERTO PADILLA MEN\u00c9NDEZ<\/td>\n<td width=\"8%\"><a href=\"https:\/\/drive.google.com\/file\/d\/1hi5Z-zmVgGnEJ4LQLDzYKtM69lzyuSY0\/view?usp=sharing\" target=\"_blank\" rel=\"noopener\">Ver Acta<\/a><\/td>\n<\/tr>\n<tr>\n<td width=\"8%\">63<\/td>\n<td width=\"49%\"><strong>AN\u00c1LISIS DE POL\u00cdTICA INTERNACIONAL I<\/strong><\/td>\n<td width=\"34%\">DR. EDMUNDO URRUTIA<\/td>\n<td width=\"8%\"><a href=\"https:\/\/drive.google.com\/file\/d\/1CDUtVO84dWFFmUco7WXKp9oi--Bci632\/view?usp=sharing\" target=\"_blank\" rel=\"noopener\">Ver Acta<\/a><\/p>\n<p><a href=\"https:\/\/drive.google.com\/file\/d\/1roKgG3UCY1EdtHrnQ-X0ivtMogQV4Oz6\/view?usp=sharing\" target=\"_blank\" rel=\"noopener\">1era Oportunidad<\/a><\/td>\n<\/tr>\n<tr>\n<td width=\"8%\">65<\/td>\n<td width=\"49%\"><strong>TEOR\u00cdAS DE LA SEGURIDAD INTERNACIONAL<\/strong><\/td>\n<td width=\"34%\">LICDA. MAR\u00cdA BETZAB\u00c9 ROSALES<\/td>\n<td style=\"text-align: left;\" width=\"8%\"><a href=\"https:\/\/drive.google.com\/file\/d\/1b5JM4G_DXhvzt00E9fzlQgXEtqa3t97V\/view?usp=sharing\" target=\"_blank\" rel=\"noopener\">Ver Acta<\/a><\/td>\n<\/tr>\n<\/tbody>\n<\/table>\n<p><strong>4TO SEMESTRE, SECCION B<\/strong><\/p>\n<table width=\"100%\">\n<tbody>\n<tr>\n<td width=\"7%\">\n<p style=\"text-align: center;\"><strong>CODIGO<\/strong><\/p>\n<\/td>\n<td style=\"text-align: center;\" width=\"53%\"><strong>CURSO<\/strong><\/td>\n<td style=\"text-align: center;\" width=\"32%\"><strong>PROFESOR<\/strong><\/td>\n<td width=\"7%\">\n<p style=\"text-align: center;\"><strong>ENLACE<\/strong><\/p>\n<\/td>\n<\/tr>\n<tr>\n<td width=\"7%\">18<\/td>\n<td width=\"53%\"><strong>METODOLOG\u00cdA DE LAS CIENCIAS SOCIALES IV<\/strong><\/td>\n<td width=\"32%\">LICDA. CAMLIN DEL ROSARIO FUENTES<\/td>\n<td width=\"7%\"><a href=\"https:\/\/drive.google.com\/file\/d\/1Q4araBilopyTXi2NE4B9TsIiqZprFs1a\/view?usp=sharing\" target=\"_blank\" rel=\"noopener\">Ver Acta<\/a><\/p>\n<p style=\"text-align: right;\"><a href=\"https:\/\/drive.google.com\/file\/d\/16ZFYJU8R20RTYkj7YwA9plRhaAO9VwNN\/view?usp=sharing\" target=\"_blank\" rel=\"noopener\">1ra Oportunidad<\/a><\/p>\n<\/td>\n<\/tr>\n<tr>\n<td width=\"7%\">19<\/td>\n<td width=\"53%\"><strong>MICRO Y MACROECONOM\u00cdA<\/strong><\/td>\n<td width=\"32%\">LICDA. MAR\u00cdA ELENA IZQUIERDO<\/td>\n<td width=\"7%\"><a href=\"https:\/\/drive.google.com\/file\/d\/1jYPr1kMr2RfstY8iFqiOILWMPIX4bygs\/view?usp=sharing\" target=\"_blank\" rel=\"noopener\">Ver Acta<\/a><\/p>\n<p><a href=\"https:\/\/drive.google.com\/file\/d\/17bc6oPy1ZW-e7r2pMFJIDcLriYBiX8T1\/view?usp=sharing\" target=\"_blank\" rel=\"noopener\">Acta Complementaria<\/a><\/td>\n<\/tr>\n<tr>\n<td width=\"7%\">62<\/td>\n<td width=\"53%\"><strong>TEOR\u00cdA DE LAS RELACIONES INTERNACIONALES I<\/strong><\/td>\n<td width=\"32%\">MTRA. BEATRIZ BOLA\u00d1OS<\/td>\n<td width=\"7%\"><a href=\"https:\/\/drive.google.com\/file\/d\/1G1m6KtUOs9HwnV7aLNdz5LQMIBnaImoM\/view?usp=sharing\" target=\"_blank\" rel=\"noopener\">Ver Acta<\/a><\/p>\n<p><a href=\"https:\/\/drive.google.com\/file\/d\/1bmZswrNsy-ZLcQO6Bq_su0ZiQ66iWcjr\/view?usp=sharing\" target=\"_blank\" rel=\"noopener\">Acta Complementaria<\/a><\/td>\n<\/tr>\n<tr>\n<td width=\"7%\">63<\/td>\n<td width=\"53%\"><strong>AN\u00c1LISIS DE POL\u00cdTICA INTERNACIONAL I<\/strong><\/td>\n<td width=\"32%\">MTRO. JOS\u00c9 FRANCISCO LEMUS MIRANDA<\/td>\n<td width=\"7%\"><a href=\"https:\/\/drive.google.com\/file\/d\/1u0Y4U60lKranX52hS7uOrKOhwGDcw7gw\/view?usp=sharing\" target=\"_blank\" rel=\"noopener\">Ver Acta<\/a><\/td>\n<\/tr>\n<tr>\n<td width=\"7%\">64<\/td>\n<td width=\"53%\"><strong>TEOR\u00cdA PARA EL AN\u00c1LISIS POL\u00cdTICO INTERNACIONAL<\/strong><\/td>\n<td width=\"32%\">LIC. MARIO ERNESTO ARCHILA ORTIZ<\/td>\n<td width=\"7%\"><a href=\"https:\/\/drive.google.com\/file\/d\/1OKYM1ODF2yB_YgZmJn6W7h8VIyUGkdFI\/view?usp=sharing\" target=\"_blank\" rel=\"noopener\">Ver Acta<\/a><\/p>\n<p><a href=\"https:\/\/drive.google.com\/file\/d\/1nbn1LVXCPmOvzjeeTOMVYtXSw1hxJsj5\/view?usp=sharing\" target=\"_blank\" rel=\"noopener\">Acta Complementaria<\/a><\/p>\n<p><a href=\"https:\/\/drive.google.com\/file\/d\/1OX24-SV8kQi3_YxMtefR8k_yGeO1HPt_\/view?usp=sharing\" target=\"_blank\" rel=\"noopener\">Acta Complementaria (2)<\/a><\/p>\n<p><a href=\"https:\/\/drive.google.com\/file\/d\/1sPU8J59jviN4gBER7KBCELu7VraODtga\/view?usp=sharing\" target=\"_blank\" rel=\"noopener\">1ra Oportunidad<\/a><\/td>\n<\/tr>\n<\/tbody>\n<\/table>\n<p>&nbsp;<\/p>\n<p><strong>6TO SEMESTRE, SECCION A<\/strong><\/p>\n<table width=\"95%\">\n<tbody>\n<tr>\n<td width=\"3%\">\n<p style=\"text-align: center;\"><strong>CODIGO<\/strong><\/p>\n<\/td>\n<td style=\"text-align: center;\" width=\"62%\"><strong>CURSO<\/strong><\/td>\n<td style=\"text-align: center;\" width=\"33%\"><strong>PROFESOR<\/strong><\/td>\n<td width=\"1%\">\n<p style=\"text-align: center;\"><strong>ENLACE<\/strong><\/p>\n<\/td>\n<\/tr>\n<tr>\n<td width=\"3%\">31<\/td>\n<td width=\"62%\"><strong>HISTORIA DE GUATEMALA III<\/strong><\/td>\n<td width=\"33%\">LICDA. CECILE PAOLA TAHUICO GUZM\u00c1N<\/td>\n<td width=\"1%\"><a href=\"https:\/\/drive.google.com\/file\/d\/1zdi-UaWdY2ePZnmAcmdSjQ7g9VPuffb5\/view?usp=sharing\" target=\"_blank\" rel=\"noopener\">Ver Acta<\/a><\/td>\n<\/tr>\n<tr>\n<td width=\"3%\">71<\/td>\n<td width=\"62%\"><strong>COMERCIO INTERNACIONAL<\/strong><\/td>\n<td width=\"33%\">LIC. OSCAR ARTURO VEL\u00c1SQUEZ<\/td>\n<td width=\"1%\"><a href=\"https:\/\/drive.google.com\/file\/d\/1VieUaHzvkk-nuWk0bnoQNCOozGooOXVL\/view?usp=sharing\" target=\"_blank\" rel=\"noopener\">Ver Acta<\/a><\/p>\n<p><a href=\"https:\/\/drive.google.com\/file\/d\/1wqPqBABSVPgQBoEf8N2RXHMKbc7yKeQQ\/view?usp=sharing\" target=\"_blank\" rel=\"noopener\">2da Oportunidad<\/a><\/td>\n<\/tr>\n<tr>\n<td width=\"3%\">72<\/td>\n<td width=\"62%\"><strong>ORGANISMOS INTERNACIONALES I<\/strong><\/td>\n<td width=\"33%\">LICDA. VERA G\u00d3MEZ PALACIOS<\/td>\n<td width=\"1%\"><a href=\"https:\/\/drive.google.com\/file\/d\/1F6ev4IeSGvXFHMnamsgXQFGVftAy8ZFy\/view?usp=sharing\" target=\"_blank\" rel=\"noopener\">Ver Acta<\/a><\/td>\n<\/tr>\n<tr>\n<td width=\"3%\">73<\/td>\n<td width=\"62%\"><strong>DERECHO CONSULAR Y DIPLOM\u00c1TICO<\/strong><\/td>\n<td width=\"33%\">LICDA. VER\u00d3NICA GRAJEDA<\/td>\n<td width=\"1%\"><a href=\"https:\/\/drive.google.com\/file\/d\/1mXtIbDsnWCU4mouexHOjeSPj8MZgV562\/view?usp=sharing\" target=\"_blank\" rel=\"noopener\">Ver Acta<\/a><\/td>\n<\/tr>\n<tr>\n<td width=\"3%\">75<\/td>\n<td width=\"62%\"><strong>ESTRUCTURA, ACTORES E INSTITUCIONES DE SEGURIDAD INTERNACIONAL<\/strong><\/td>\n<td width=\"33%\">LICDA. INGRID ADRIANA RIVERA<\/td>\n<td width=\"1%\"><a href=\"https:\/\/drive.google.com\/file\/d\/13fl81aEXZl8OqqMQNFujZurrHVeTtTli\/view?usp=sharing\" target=\"_blank\" rel=\"noopener\">Ver Acta<\/a><\/td>\n<\/tr>\n<\/tbody>\n<\/table>\n<p>&nbsp;<\/p>\n<p><strong>6TO SEMESTRE, SECCION B<\/strong><\/p>\n<table width=\"100%\">\n<tbody>\n<tr>\n<td width=\"7%\">\n<p style=\"text-align: center;\"><strong>CODIGO<\/strong><\/p>\n<\/td>\n<td style=\"text-align: center;\" width=\"54%\"><strong>CURSO<\/strong><\/td>\n<td style=\"text-align: center;\" width=\"30%\"><strong>PROFESOR<\/strong><\/td>\n<td width=\"7%\">\n<p style=\"text-align: center;\"><strong>ENLACE<\/strong><\/p>\n<\/td>\n<\/tr>\n<tr>\n<td width=\"7%\">31<\/td>\n<td width=\"54%\"><strong>HISTORIA DE GUATEMALA III<\/strong><\/td>\n<td width=\"30%\">MTRA. ZULLY MORALES CABRERA<\/td>\n<td width=\"7%\"><a href=\"https:\/\/drive.google.com\/file\/d\/1GyEbdmkaNLlBlkQ3iGUybdDJepNjPqKB\/view?usp=sharing\" target=\"_blank\" rel=\"noopener\">Ver Acta<\/a><\/td>\n<\/tr>\n<tr>\n<td width=\"7%\">71<\/td>\n<td width=\"54%\"><strong>COMERCIO INTERNACIONAL<\/strong><\/td>\n<td width=\"30%\">MTRA. BEATRIZ BOLA\u00d1OS<\/td>\n<td width=\"7%\"><a href=\"https:\/\/drive.google.com\/file\/d\/19CFazEnSohyKXjFb77LBWVji4vm327F7\/view?usp=sharing\" target=\"_blank\" rel=\"noopener\">Ver Acta<\/a><\/td>\n<\/tr>\n<tr>\n<td width=\"7%\">72<\/td>\n<td width=\"54%\"><strong>ORGANISMOS INTERNACIONALES I<\/strong><\/td>\n<td width=\"30%\">MTRA. MAYRA DEL ROSARIO VILLATORO<\/td>\n<td width=\"7%\"><a href=\"https:\/\/drive.google.com\/file\/d\/18LzfpDfsapM8BLMtqqxXZScrEFJQM-3C\/view?usp=sharing\" target=\"_blank\" rel=\"noopener\">Ver Acta<\/a><\/td>\n<\/tr>\n<tr>\n<td width=\"7%\">73<\/td>\n<td width=\"54%\"><strong>DERECHO CONSULAR Y DIPLOM\u00c1TICO<\/strong><\/td>\n<td width=\"30%\">LICDA. ANA MEDINA MAY\u00c9N<\/td>\n<td width=\"7%\"><a href=\"https:\/\/drive.google.com\/file\/d\/1LmLLIz_cNjvuFNK5TYZu5AjUAvfT-tfC\/view?usp=sharing\" target=\"_blank\" rel=\"noopener\">Ver Acta<\/a><\/td>\n<\/tr>\n<tr>\n<td width=\"7%\">74<\/td>\n<td width=\"54%\"><strong>PROBLEMAS MUNDIALES<\/strong><\/td>\n<td width=\"30%\">LICDA. NIDIA D\u00cdAZ MORALES<\/td>\n<td style=\"text-align: center;\" width=\"7%\"><a href=\"https:\/\/drive.google.com\/file\/d\/1C0wUA-s4EPI2j0GjHWnzTrg0LkuYvmtT\/view?usp=sharing\" target=\"_blank\" rel=\"noopener\">Ver Acta<\/a><\/td>\n<\/tr>\n<\/tbody>\n<\/table>\n<p>&nbsp;<\/p>\n<p><strong>8VO SEMESTRE, SECCION A<\/strong><\/p>\n<table width=\"96%\">\n<tbody>\n<tr>\n<td width=\"2%\"><strong>CODIGO<\/strong><\/td>\n<td width=\"58%\"><strong>CURSO<\/strong><\/td>\n<td width=\"37%\"><strong>PROFESOR<\/strong><\/td>\n<td width=\"1%\"><strong>ENLACE<\/strong><\/td>\n<\/tr>\n<tr>\n<td width=\"2%\">43<\/td>\n<td width=\"58%\"><strong>DISE\u00d1O DE INVESTIGACI\u00d3N DE TESIS I<\/strong><\/td>\n<td width=\"37%\">DR. AGUST\u00cdN LOCON SOL\u00d3RZANO<\/td>\n<td width=\"1%\"><a href=\"https:\/\/drive.google.com\/file\/d\/1ZM2zBi9rdgvDBkFoYAo6HixJbHl9Tzi5\/view?usp=sharing\" target=\"_blank\" rel=\"noopener\">Ver Acta<\/a><\/td>\n<\/tr>\n<tr>\n<td width=\"2%\">82<\/td>\n<td width=\"58%\"><strong>POL\u00cdTICA EXTERIOR DE GUATEMALA<\/strong><\/td>\n<td width=\"37%\">DR. HERBERT MENESES CORONADO<\/td>\n<td width=\"1%\"><a href=\"https:\/\/drive.google.com\/file\/d\/1Mq_3-gAe0uPZymc5ZTAl8hcTMBKGWuq-\/view?usp=sharing\" target=\"_blank\" rel=\"noopener\">Ver Acta<\/a><\/td>\n<\/tr>\n<tr>\n<td width=\"2%\">83<\/td>\n<td width=\"58%\"><strong>ESTRUCTURA Y L\u00d3GICA DEL PODER MUNDIAL<\/strong><\/td>\n<td width=\"37%\">MTRA. MERCEDES DE LA LUZ L\u00d3PEZ DE BOLA\u00d1OS<\/td>\n<td width=\"1%\"><a href=\"https:\/\/drive.google.com\/file\/d\/18lupZLQrEDGYJ5adBTHhz66hvtd8Kk90\/view?usp=sharing\" target=\"_blank\" rel=\"noopener\">Ver Acta<\/a><\/td>\n<\/tr>\n<tr>\n<td width=\"2%\">84<\/td>\n<td width=\"58%\"><strong>NEGOCIACI\u00d3N INTERNACIONAL<\/strong><\/td>\n<td width=\"37%\">LIC. LUIS RODOLFO D\u00c1VILA S\u00c1NCHEZ<\/td>\n<td width=\"1%\"><a href=\"https:\/\/drive.google.com\/file\/d\/1U1ax1AiHvJuDAQfOzoXsbDjJ-84XIxoN\/view?usp=sharing\" target=\"_blank\" rel=\"noopener\">Ver Acta<\/a><\/p>\n<p><a href=\"https:\/\/drive.google.com\/file\/d\/1n5K5lBD-_UYs_WaLNNyTalYy57JRnL7W\/view?usp=sharing\" target=\"_blank\" rel=\"noopener\">1ra. Oportunidad<\/a><\/td>\n<\/tr>\n<tr>\n<td width=\"2%\">86<\/td>\n<td width=\"58%\"><strong>AN\u00c1LISIS ESTRAT\u00c9GICO INTERNO E INTERNACIONAL<\/strong><\/td>\n<td width=\"37%\">MTRO. PEDRO RAMIRO BARRERA<\/td>\n<td width=\"1%\"><a href=\"https:\/\/drive.google.com\/file\/d\/1ZjoLcGW5g-J4bvuF-VFf_uic-cc9qXux\/view?usp=sharing\" target=\"_blank\" rel=\"noopener\">Ver Acta<\/a><\/td>\n<\/tr>\n<\/tbody>\n<\/table>\n<p>&nbsp;<\/p>\n<p><strong>8V0 SEMESTRE, SECCION B<\/strong><\/p>\n<table width=\"96%\">\n<tbody>\n<tr>\n<td width=\"2%\">\n<p style=\"text-align: center;\"><strong>CODIGO<\/strong><\/p>\n<\/td>\n<td style=\"text-align: center;\" width=\"58%\"><strong>CURSO<\/strong><\/td>\n<td style=\"text-align: center;\" width=\"37%\"><strong>PROFESOR<\/strong><\/td>\n<td width=\"1%\">\n<p style=\"text-align: center;\"><strong>ENLACE<\/strong><\/p>\n<\/td>\n<\/tr>\n<tr>\n<td width=\"2%\">43<\/td>\n<td width=\"58%\"><strong>DISE\u00d1O DE INVESTIGACI\u00d3N DE TESIS I<\/strong><\/td>\n<td width=\"37%\">LICDA. KAREN JOHANA AR\u00c9VALO<\/td>\n<td width=\"1%\"><a href=\"https:\/\/drive.google.com\/file\/d\/1gjM1jgdkvtPlA2QUgR-L6ixD91jl2mWv\/view?usp=sharing\" target=\"_blank\" rel=\"noopener\">Ver Acta<\/a><\/p>\n<p><a href=\"https:\/\/drive.google.com\/file\/d\/1ody8-Kmf0uBHFp0z8rWC-qEbKr2S12Q6\/view?usp=sharing\" target=\"_blank\" rel=\"noopener\">1era Oportunidad<\/a><\/td>\n<\/tr>\n<tr>\n<td width=\"2%\">82<\/td>\n<td width=\"58%\"><strong>POL\u00cdTICA EXTERIOR DE GUATEMALA<\/strong><\/td>\n<td width=\"37%\">MTRA. MAYRA DEL ROSARIO VILLATORO<\/td>\n<td width=\"1%\"><a href=\"https:\/\/drive.google.com\/file\/d\/1gFEGtPvo2bgn2oOpaT85DoxWQPdszWpa\/view?usp=sharing\" target=\"_blank\" rel=\"noopener\">Ver Acta<\/a><\/td>\n<\/tr>\n<tr>\n<td width=\"2%\">83<\/td>\n<td width=\"58%\"><strong>ESTRUCTURA Y L\u00d3GICA DEL PODER MUNDIAL<\/strong><\/td>\n<td width=\"37%\">LIC. OSCAR ARTURO VEL\u00c1SQUEZ<\/td>\n<td width=\"1%\"><a href=\"https:\/\/drive.google.com\/file\/d\/1Fb1nEhhTSMzgrwzg16Ti-voLKj5LXfHl\/view?usp=sharing\" target=\"_blank\" rel=\"noopener\">Ver Acta<\/a><\/td>\n<\/tr>\n<tr>\n<td width=\"2%\">84<\/td>\n<td width=\"58%\"><strong>NEGOCIACI\u00d3N INTERNACIONAL<\/strong><\/td>\n<td width=\"37%\">MTRA. SORY G\u00d3MEZ<\/td>\n<td width=\"1%\"><a href=\"https:\/\/drive.google.com\/file\/d\/1vIW1itSkVILblFo13-Tfa0MCTilPih2N\/view?usp=sharing\" target=\"_blank\" rel=\"noopener\">Ver Acta<\/a><\/td>\n<\/tr>\n<tr>\n<td width=\"2%\">85<\/td>\n<td width=\"58%\"><strong>FORMULACI\u00d3N AN\u00c1LISIS Y EVALUACI\u00d3N DE POL\u00cdTICA PUBLICA I<\/strong><\/td>\n<td width=\"37%\">MTRO. ALDO BONILLA<\/td>\n<td width=\"1%\"><a href=\"https:\/\/drive.google.com\/file\/d\/1ggsE6eXwqU7Ux6O033IX7PBRr5a-EKtD\/view?usp=sharing\" target=\"_blank\" rel=\"noopener\">Ver Acta<\/a><\/td>\n<\/tr>\n<\/tbody>\n<\/table>\n<p><strong>10MO SEMESTRE, SECCION A<\/strong><\/p>\n<table width=\"100%\">\n<tbody>\n<tr>\n<td width=\"8%\">\n<p style=\"text-align: center;\"><strong>CODIGO<\/strong><\/p>\n<\/td>\n<td style=\"text-align: center;\" width=\"56%\"><strong>CURSO<\/strong><\/td>\n<td style=\"text-align: center;\" width=\"27%\"><strong>PROFESOR<\/strong><\/td>\n<td width=\"7%\">\n<p style=\"text-align: center;\"><strong>ENLACE<\/strong><\/p>\n<\/td>\n<\/tr>\n<tr>\n<td width=\"8%\">55<\/td>\n<td width=\"56%\"><strong>INFORME DE TESIS<\/strong><\/td>\n<td width=\"27%\">MTRA. PAOLA BEATRIZ GONZ\u00c1LEZ ROSALES<\/td>\n<td width=\"7%\"><a href=\"https:\/\/drive.google.com\/file\/d\/1bQimamycSIQIaMNAIaWVvDgsVFOIFX8I\/view?usp=sharing\" target=\"_blank\" rel=\"noopener\">Ver Acta<\/a><\/td>\n<\/tr>\n<tr>\n<td width=\"8%\">99<\/td>\n<td width=\"56%\"><strong>GESTION DE SEGURIDAD, CRISIS Y EMERGENCIAS<\/strong><\/td>\n<td width=\"27%\">DRA. CLAUDINE OGALDES CRUZ<\/td>\n<td width=\"7%\"><a href=\"https:\/\/drive.google.com\/file\/d\/1_a-H8SCmd7zmPCaovhzZlijmlLZwhSrM\/view?usp=sharing\" target=\"_blank\" rel=\"noopener\">Ver Acta<\/a><\/td>\n<\/tr>\n<tr>\n<td width=\"8%\">100<\/td>\n<td width=\"56%\"><strong>SEMINARIO DE AN\u00c1LISIS DE VULNERABILIDAD, GESTI\u00d3N DE RIESGOS Y AYUDA HUMANITARIA<\/strong><\/td>\n<td width=\"27%\">LIC. FERNANDO MOLINA MEZA<\/td>\n<td width=\"7%\"><a href=\"https:\/\/drive.google.com\/file\/d\/1_EgLZJD4z4ptmk4wZSsHN5zHtP2061DT\/view?usp=sharing\" target=\"_blank\" rel=\"noopener\">Ver Acta<\/a><\/td>\n<\/tr>\n<tr>\n<td width=\"8%\">101<\/td>\n<td width=\"56%\"><strong>AN\u00c1LISIS Y CONSTRUCCI\u00d3N DE ESCENARIOS DE SEGURIDAD NACIONAL E INTERNACIONAL<\/strong><\/td>\n<td width=\"27%\">MTRO. CARLOS FREDY OCHOA GARC\u00cdA<\/td>\n<td width=\"7%\"><a href=\"https:\/\/drive.google.com\/file\/d\/1qKf0fzbugXO9b3WlAJnPpPQLW24mgNNl\/view?usp=sharing\" target=\"_blank\" rel=\"noopener\">Ver Acta<\/a><\/td>\n<\/tr>\n<tr>\n<td width=\"8%\">102<\/td>\n<td width=\"56%\"><strong>FORMULACI\u00d3N, AN\u00c1LISIS Y EVALUACI\u00d3N DE POL\u00cdTICAS P\u00daBLICAS DE SEGURIDAD<\/strong><\/td>\n<td width=\"27%\">LICDA. INGRID ADRIANA RIVERA<\/td>\n<td width=\"7%\"><a href=\"https:\/\/drive.google.com\/file\/d\/1GeRUKkXcyLxQ1KFpD9JHraaNqyptoS0k\/view?usp=sharing\" target=\"_blank\" rel=\"noopener\">Ver Acta<\/a><\/td>\n<\/tr>\n<\/tbody>\n<\/table>\n<p>&nbsp;<\/p>\n<p><strong>10MO SEMESTRE, SECCION B<\/strong><\/p>\n<table width=\"100%\">\n<tbody>\n<tr>\n<td width=\"8%\">\n<p style=\"text-align: center;\"><strong>CODIGO<\/strong><\/p>\n<\/td>\n<td style=\"text-align: center;\" width=\"56%\"><strong>CURSO<\/strong><\/td>\n<td style=\"text-align: center;\" width=\"26%\"><strong>PROFESOR<\/strong><\/td>\n<td width=\"8%\">\n<p style=\"text-align: center;\"><strong>ENLACE<\/strong><\/p>\n<\/td>\n<\/tr>\n<tr>\n<td width=\"8%\">55<\/td>\n<td width=\"56%\"><strong>INFORME DE TESIS<\/strong><\/td>\n<td width=\"26%\">LIC. JULIO ALEJANDRO VALD\u00c9Z RODAS<\/td>\n<td width=\"8%\"><a href=\"https:\/\/drive.google.com\/file\/d\/100qbobiChCT8x6OPTBr69az2M4aFeasr\/view?usp=sharing\" target=\"_blank\" rel=\"noopener\">Ver Acta<\/a><\/td>\n<\/tr>\n<tr>\n<td width=\"8%\">91<\/td>\n<td width=\"56%\"><strong>ESTUDIOS REGIONALES: LA UNION EUROPEA<\/strong><\/td>\n<td width=\"26%\">MTRA. ANA LUC\u00cdA RAM\u00cdREZ ESCALANTE<\/td>\n<td width=\"8%\"><a href=\"https:\/\/drive.google.com\/file\/d\/1aXXV9PiimYbVQW1kYYTXhTHqBDc-ckab\/view?usp=sharing\" target=\"_blank\" rel=\"noopener\">Ver Acta<\/a><\/td>\n<\/tr>\n<tr>\n<td width=\"8%\">92<\/td>\n<td width=\"56%\"><strong>ESTUDIOS REGIONALES: ASIA Y MEDIO ORIENTE<\/strong><\/td>\n<td width=\"26%\">LIC. WILLIAMS ALEJANDRO ALVAREZ DE LE\u00d3N<\/td>\n<td width=\"8%\"><a href=\"https:\/\/drive.google.com\/file\/d\/1NxZ47D-Veaca-j82CVLkQa8h_Kq0lwI_\/view?usp=sharing\" target=\"_blank\" rel=\"noopener\">Ver Acta<\/a><\/td>\n<\/tr>\n<tr>\n<td width=\"8%\">93<\/td>\n<td width=\"56%\"><strong>AN\u00c1LISIS Y CONSTRUCCI\u00d3N DE ESCENARIOS POL\u00cdTICOS INTERNACIONALES<\/strong><\/td>\n<td width=\"26%\">LICDA. JELIN EL\u00cdAS GARC\u00cdA<\/td>\n<td width=\"8%\"><a href=\"https:\/\/drive.google.com\/file\/d\/1lVhZ7V7hgyL6cLlftR4HS689vP03As-X\/view?usp=sharing\" target=\"_blank\" rel=\"noopener\">Ver Acta<\/a><\/td>\n<\/tr>\n<tr>\n<td width=\"8%\">94<\/td>\n<td width=\"56%\"><strong>FORMULACI\u00d3N, AN\u00c1LISIS Y EVALUACI\u00d3N DE POL\u00cdTICA P\u00daBLICA II<\/strong><\/td>\n<td width=\"26%\">LICDA. INGRID YOLANDA MORALES<\/td>\n<td width=\"8%\"><a href=\"https:\/\/drive.google.com\/file\/d\/1dJAeI1xyXQyLOcf3G8ryHvUIHfbP9-Ha\/view?usp=sharing\" target=\"_blank\" rel=\"noopener\">Ver Acta<\/a><\/p>\n<p><a href=\"https:\/\/drive.google.com\/file\/d\/1NcoMUS0pZBQEXWxknkmB8Qzu9iIUd12q\/view?usp=sharing\" target=\"_blank\" rel=\"noopener\">1ra Oportunidad<\/a><\/p>\n<p><a href=\"https:\/\/drive.google.com\/file\/d\/1ZuWF6qrTXtOG_D_kGebmzVLhSotlkgWx\/view?usp=sharing\" target=\"_blank\" rel=\"noopener\">2da Oportunidad<\/a><\/td>\n<\/tr>\n<\/tbody>\n<\/table>\n<p>&nbsp;<\/p>\n<p>&nbsp;<\/p>\n<p style=\"text-align: right;\"><a href=\"https:\/\/cienciapolitica.usac.edu.gt\/?page_id=5335\"><strong>&lt;&lt;Regresar<\/strong><\/a><\/p>\n","protected":false},"excerpt":{"rendered":"<p>&lt;&lt;Regresar LICENCIATURA EN RELACIONES INTERNACIONALES 4TO SEMESTRE, SECCION A CODIGO CURSO PROFESOR ENLACE 18 METODOLOG\u00cdA DE LAS CIENCIAS SOCIALES IV LICDA. KAREN JOHANA AR\u00c9VALO Ver Acta 19 MICRO Y MACROECONOM\u00cdA LICDA. MAR\u00cdA ELENA IZQUIERDO Ver Acta 1era Oportunidad 2da Oportunidad 62 TEOR\u00cdA DE LAS RELACIONES INTERNACIONALES I DR. LUIS ALBERTO PADILLA MEN\u00c9NDEZ Ver Acta 63 [&hellip;]<\/p>\n","protected":false},"author":101012,"featured_media":0,"parent":0,"menu_order":0,"comment_status":"closed","ping_status":"closed","template":"","meta":[],"_links":{"self":[{"href":"https:\/\/cienciapolitica.usac.edu.gt\/index.php?rest_route=\/wp\/v2\/pages\/5354"}],"collection":[{"href":"https:\/\/cienciapolitica.usac.edu.gt\/index.php?rest_route=\/wp\/v2\/pages"}],"about":[{"href":"https:\/\/cienciapolitica.usac.edu.gt\/index.php?rest_route=\/wp\/v2\/types\/page"}],"author":[{"embeddable":true,"href":"https:\/\/cienciapolitica.usac.edu.gt\/index.php?rest_route=\/wp\/v2\/users\/101012"}],"replies":[{"embeddable":true,"href":"https:\/\/cienciapolitica.usac.edu.gt\/index.php?rest_route=%2Fwp%2Fv2%2Fcomments&post=5354"}],"version-history":[{"count":45,"href":"https:\/\/cienciapolitica.usac.edu.gt\/index.php?rest_route=\/wp\/v2\/pages\/5354\/revisions"}],"predecessor-version":[{"id":5684,"href":"https:\/\/cienciapolitica.usac.edu.gt\/index.php?rest_route=\/wp\/v2\/pages\/5354\/revisions\/5684"}],"wp:attachment":[{"href":"https:\/\/cienciapolitica.usac.edu.gt\/index.php?rest_route=%2Fwp%2Fv2%2Fmedia&parent=5354"}],"curies":[{"name":"wp","href":"https:\/\/api.w.org\/{rel}","templated":true}]}}