{"id":5288,"date":"2021-10-13T01:00:03","date_gmt":"2021-10-13T01:00:03","guid":{"rendered":"https:\/\/cienciapolitica.usac.edu.gt\/?page_id=5288"},"modified":"2021-11-27T03:34:52","modified_gmt":"2021-11-27T03:34:52","slug":"diplomado-en-proyectos-de-desarrollo-y-cooperacion-tecnica-internacional","status":"publish","type":"page","link":"https:\/\/cienciapolitica.usac.edu.gt\/?page_id=5288","title":{"rendered":"Diplomado en Proyectos de Desarrollo y Cooperaci\u00f3n T\u00e9cnica Internacional"},"content":{"rendered":"<h3 style=\"text-align: center;\"><strong>Presentaciones y materiales del\u00a0Diplomado en Proyectos de Desarrollo y Cooperaci\u00f3n T\u00e9cnica Internacional<\/strong><\/h3>\n<ul>\n<li style=\"text-align: left;\"><a href=\"https:\/\/drive.google.com\/file\/d\/1Mz-U9jJwcyQb4C_1NnxnfGJfN1FW26-B\/view?usp=sharing\" target=\"_blank\" rel=\"noopener\">Cooperaci\u00f3n para el Desarrollo (2)<\/a><\/li>\n<li style=\"text-align: left;\"><a href=\"https:\/\/drive.google.com\/file\/d\/1h-mLTdcZMOoJKo0DuLSyOhGiEc83TEXC\/view?usp=sharing\" target=\"_blank\" rel=\"noopener\">Formulaci\u00f3n y Evaluaci\u00f3n de Proyectos de Inversi\u00f3n P\u00fablica<\/a><\/li>\n<li style=\"text-align: left;\"><a href=\"https:\/\/drive.google.com\/file\/d\/1A3xRKIxRELSxFYYH9Mukl-zE8uN_KTa8\/view?usp=sharing\" target=\"_blank\" rel=\"noopener\">Empoderamiento econ\u00f3mico de las mujeres y\u00a0el desarrollo territorial como mecanismo para\u00a0mitigar la migraci\u00f3n<\/a><\/li>\n<li style=\"text-align: left;\"><a href=\"https:\/\/drive.google.com\/file\/d\/1pZAcxuo79vbnVT2UUPIOhDtfXvY_ZqWI\/view?usp=sharing\" target=\"_blank\" rel=\"noopener\">Nuevo orden Econ\u00f3mico Internacional y su Impacto en el Desarrollo de la Cooperaci\u00f3n Internacional<\/a><\/li>\n<li style=\"text-align: left;\"><a href=\"https:\/\/drive.google.com\/file\/d\/1AYLK_pFUjQNYKsH18b57a_W08WWsV40i\/view?usp=sharing\" target=\"_blank\" rel=\"noopener\">El Rol de los Organismos Supraregionales y Regionales de Car\u00e1cter Econ\u00f3mico Internacional<\/a><\/li>\n<li style=\"text-align: left;\"><a href=\"https:\/\/drive.google.com\/file\/d\/1dnKdLmHlYN04erQtfz50Meg46MMbJyy4\/view?usp=sharing\" target=\"_blank\" rel=\"noopener\">Proyecci\u00f3n de Cooperaci\u00f3n T\u00e9cnica Internacional de Desarrollo<\/a><\/li>\n<\/ul>\n<h3 style=\"text-align: center;\">C\u00f3mo descargar tu diploma de participaci\u00f3n al diplomado en<br \/>\nProyectos de Desarrollo y Cooperaci\u00f3n T\u00e9cnica Internacional<\/h3>\n<ul>\n<li>Paso 1: Ubica tu nombre en el siguiente listado:\u00a0<a href=\"https:\/\/drive.google.com\/file\/d\/1pQ7pWtGQrmKdAxpWANTcZ4ceuzCvE7wo\/view?usp=sharing\" target=\"_blank\" rel=\"noopener\">Ver listado<\/a><\/li>\n<li>Paso 2: Localiza tu nombre en el listado y el nombre del documento PDF que se indica en la columna \u00abNombre del Documento\u00bb<\/li>\n<li>Paso 3: Ingresa al siguiente enlace:\u00a0 <a href=\"https:\/\/drive.google.com\/drive\/folders\/1BdfvdOmndORskjmMySrUJAGJi64-juMx?usp=sharing\" target=\"_blank\" rel=\"noopener\">Ir a Carpeta<\/a><\/li>\n<li>Paso 4: Localiza el documento que identificaste en el paso 2<\/li>\n<li>Paso 5: Puedes descargar tu diploma haciendo clic derecho y luego clic en la opci\u00f3n de descargar<\/li>\n<\/ul>\n","protected":false},"excerpt":{"rendered":"<p>Presentaciones y materiales del\u00a0Diplomado en Proyectos de Desarrollo y Cooperaci\u00f3n T\u00e9cnica Internacional Cooperaci\u00f3n para el Desarrollo (2) Formulaci\u00f3n y Evaluaci\u00f3n de Proyectos de Inversi\u00f3n P\u00fablica Empoderamiento econ\u00f3mico de las mujeres y\u00a0el desarrollo territorial como mecanismo para\u00a0mitigar la migraci\u00f3n Nuevo orden Econ\u00f3mico Internacional y su Impacto en el Desarrollo de la Cooperaci\u00f3n Internacional El Rol de [&hellip;]<\/p>\n","protected":false},"author":101012,"featured_media":0,"parent":0,"menu_order":0,"comment_status":"closed","ping_status":"closed","template":"","meta":[],"_links":{"self":[{"href":"https:\/\/cienciapolitica.usac.edu.gt\/index.php?rest_route=\/wp\/v2\/pages\/5288"}],"collection":[{"href":"https:\/\/cienciapolitica.usac.edu.gt\/index.php?rest_route=\/wp\/v2\/pages"}],"about":[{"href":"https:\/\/cienciapolitica.usac.edu.gt\/index.php?rest_route=\/wp\/v2\/types\/page"}],"author":[{"embeddable":true,"href":"https:\/\/cienciapolitica.usac.edu.gt\/index.php?rest_route=\/wp\/v2\/users\/101012"}],"replies":[{"embeddable":true,"href":"https:\/\/cienciapolitica.usac.edu.gt\/index.php?rest_route=%2Fwp%2Fv2%2Fcomments&post=5288"}],"version-history":[{"count":7,"href":"https:\/\/cienciapolitica.usac.edu.gt\/index.php?rest_route=\/wp\/v2\/pages\/5288\/revisions"}],"predecessor-version":[{"id":5439,"href":"https:\/\/cienciapolitica.usac.edu.gt\/index.php?rest_route=\/wp\/v2\/pages\/5288\/revisions\/5439"}],"wp:attachment":[{"href":"https:\/\/cienciapolitica.usac.edu.gt\/index.php?rest_route=%2Fwp%2Fv2%2Fmedia&parent=5288"}],"curies":[{"name":"wp","href":"https:\/\/api.w.org\/{rel}","templated":true}]}}