{"id":4752,"date":"2021-05-18T15:23:33","date_gmt":"2021-05-18T15:23:33","guid":{"rendered":"https:\/\/cienciapolitica.usac.edu.gt?page_id=4752"},"modified":"2021-09-09T00:14:39","modified_gmt":"2021-09-09T00:14:39","slug":"consulta-de-notas-de-fin-de-curso-1-2021-sociologia","status":"publish","type":"page","link":"https:\/\/cienciapolitica.usac.edu.gt\/?page_id=4752","title":{"rendered":"Consulta de Notas de Fin de Curso (1-2021) \u2013 Sociolog\u00eda"},"content":{"rendered":"<h4><a href=\"https:\/\/cienciapolitica.usac.edu.gt?page_id=4734\"><strong>&lt;&lt;\u00a0Regresar<\/strong><\/a><\/h4>\n<h2 style=\"text-align: center;\"><strong>Consulta de Notas de Fin de Curso <\/strong><\/h2>\n<h2 style=\"text-align: center;\"><strong>Licenciatura en Sociolog\u00eda<\/strong><\/h2>\n<h2 style=\"text-align: left;\"><strong>Quinto Semestre Secciones A y B<\/strong><\/h2>\n<table dir=\"ltr\" border=\"1\" cellspacing=\"0\" cellpadding=\"0\">\n<colgroup>\n<col width=\"664\" \/>\n<col width=\"42\" \/>\n<col width=\"51\" \/>\n<col width=\"97\" \/><\/colgroup>\n<tbody>\n<tr>\n<td style=\"text-align: center;\" colspan=\"4\" rowspan=\"1\" data-sheets-value=\"{&quot;1&quot;:2,&quot;2&quot;:&quot;QUINTO SEMESTRE | SOCIOLOGIA | SECCION A&quot;}\"><strong>QUINTO SEMESTRE | SECCION A<\/strong><\/td>\n<\/tr>\n<tr>\n<td data-sheets-value=\"{&quot;1&quot;:2,&quot;2&quot;:&quot;022|Teor\u00eda Sociol\u00f3gica II Secci\u00f3n: A Profesor: Licda. Mar\u00eda Virginia Jim\u00e9nez Tuy&quot;}\">022|Teor\u00eda Sociol\u00f3gica II &#8211; Licda. Mar\u00eda Virginia Jim\u00e9nez Tuy<\/td>\n<td style=\"text-align: center;\" colspan=\"3\" rowspan=\"1\"><a href=\"https:\/\/drive.google.com\/file\/d\/1bhC_-V4BtFumclBRQwuhDwPo6SiIjtvu\/view?usp=sharing\" target=\"_blank\" rel=\"noopener\">Ver Acta<\/a><\/td>\n<\/tr>\n<tr>\n<td data-sheets-value=\"{&quot;1&quot;:2,&quot;2&quot;:&quot;023|Sociolog\u00eda de Guatemala II Secci\u00f3n: A Profesor: Mtra. Mar\u00eda de los Angeles Ak\u00fa Ram\u00edrez&quot;}\">023|Sociolog\u00eda de Guatemala II &#8211; Mtra. Mar\u00eda de los Angeles Ak\u00fa Ram\u00edrez<\/td>\n<td style=\"text-align: center;\" colspan=\"3\" rowspan=\"1\"><a href=\"https:\/\/drive.google.com\/file\/d\/1big6mxBpVQq00nihk9i3XR8Q-AUoV3ul\/view?usp=sharing\" target=\"_blank\" rel=\"noopener\">Ver Acta<\/a><\/td>\n<\/tr>\n<tr>\n<td data-sheets-value=\"{&quot;1&quot;:2,&quot;2&quot;:&quot;024|An\u00e1lisis de Experiencias de Investigaci\u00f3n Sociol\u00f3gica I Secci\u00f3n: A Profesor: Licda. Jeanie Maritza Herrera N\u00e1jera&quot;}\">024|An\u00e1lisis de Experiencias de Investigaci\u00f3n Sociol\u00f3gica I &#8211; Licda. Jeanie Maritza Herrera N\u00e1jera<\/td>\n<td style=\"text-align: center;\" colspan=\"3\" rowspan=\"1\"><a href=\"https:\/\/drive.google.com\/file\/d\/10qAxhUDTT8ljn_V8dOdOB1U6jbclgt3d\/view?usp=sharing\" target=\"_blank\" rel=\"noopener\">Ver Acta<\/a><\/p>\n<p><a href=\"https:\/\/drive.google.com\/file\/d\/1XM8gmYDSG9XWTc9ao7RFy6QvIc4w1yyB\/view?usp=sharing\" target=\"_blank\" rel=\"noopener\">1era. Oportunidad de Recuperaci\u00f3n<\/a><\/td>\n<\/tr>\n<tr>\n<td data-sheets-value=\"{&quot;1&quot;:2,&quot;2&quot;:&quot;025|Historia de Guatemala II Secci\u00f3n: A Profesor: Licda. Arlen Irene de Le\u00f3n Barrientos&quot;}\">025|Historia de Guatemala II &#8211; Licda. Arlen Irene de Le\u00f3n Barrientos<\/td>\n<td style=\"text-align: center;\" colspan=\"3\" rowspan=\"1\"><a href=\"https:\/\/drive.google.com\/file\/d\/1Uo35wRhl-btEXLF2ahc2gUfKxXN0lhe4\/view?usp=sharing\" target=\"_blank\" rel=\"noopener\">Ver Acta<\/a><\/td>\n<\/tr>\n<tr>\n<td data-sheets-value=\"{&quot;1&quot;:2,&quot;2&quot;:&quot;027|Sociolog\u00eda del Derecho Secci\u00f3n: A Profesor: Lic. Mario Ernesto Archila Ortiz&quot;}\">027|Sociolog\u00eda del Derecho &#8211; Lic. Mario Ernesto Archila Ortiz<\/td>\n<td style=\"text-align: center;\" colspan=\"3\" rowspan=\"1\"><a href=\"https:\/\/drive.google.com\/file\/d\/1ow4z7l9K-fpy5Twl-9bNVOAHfwjxXcde\/view?usp=sharing\" target=\"_blank\" rel=\"noopener\">Ver Acta<\/a><\/td>\n<\/tr>\n<\/tbody>\n<\/table>\n<p>&nbsp;<\/p>\n<table dir=\"ltr\" border=\"1\" cellspacing=\"0\" cellpadding=\"0\">\n<colgroup>\n<col width=\"664\" \/>\n<col width=\"42\" \/>\n<col width=\"51\" \/>\n<col width=\"97\" \/><\/colgroup>\n<tbody>\n<tr>\n<td style=\"text-align: center;\" colspan=\"4\" rowspan=\"1\" data-sheets-value=\"{&quot;1&quot;:2,&quot;2&quot;:&quot;QUINTO SEMESTRE | SOCIOLOGIA | SECCION B&quot;}\"><strong>QUINTO SEMESTRE | SECCION B<\/strong><\/td>\n<\/tr>\n<tr>\n<td data-sheets-value=\"{&quot;1&quot;:2,&quot;2&quot;:&quot;022|Teor\u00eda Sociol\u00f3gica II Secci\u00f3n: B Profesor: Lic. Edson Ademar Alvarado Mazariegos&quot;}\">022|Teor\u00eda Sociol\u00f3gica II &#8211; Lic. Edson Ademar Alvarado Mazariegos<\/td>\n<td style=\"text-align: center;\" colspan=\"3\" rowspan=\"1\"><a href=\"https:\/\/drive.google.com\/file\/d\/15oa8rhgS3pIgpuJT2kwUWPlH7r9sUqXf\/view?usp=sharing\" target=\"_blank\" rel=\"noopener\">Ver Acta<\/a><\/td>\n<\/tr>\n<tr>\n<td data-sheets-value=\"{&quot;1&quot;:2,&quot;2&quot;:&quot;023|Sociolog\u00eda de Guatemala II Secci\u00f3n: B Profesor: Licda. Camlin del Rosario Fuentes Mijangos&quot;}\">023|Sociolog\u00eda de Guatemala II &#8211; Licda. Camlin del Rosario Fuentes Mijangos<\/td>\n<td style=\"text-align: center;\" colspan=\"3\" rowspan=\"1\"><a href=\"https:\/\/drive.google.com\/file\/d\/1srhEVWWqBVLOVKiEvOSbPBOPRrHP-7TU\/view?usp=sharing\" target=\"_blank\" rel=\"noopener\">Ver Acta<\/a><\/p>\n<p><a href=\"https:\/\/drive.google.com\/file\/d\/16NOY7pS-3xss0pH2vnJMLGFnYo22tG8_\/view?usp=sharing\" target=\"_blank\" rel=\"noopener\">1era. Oportunidad de Recuperaci\u00f3n<\/a><\/td>\n<\/tr>\n<tr>\n<td data-sheets-value=\"{&quot;1&quot;:2,&quot;2&quot;:&quot;024|An\u00e1lisis de Experiencias de Investigaci\u00f3n Sociol\u00f3gica I Secci\u00f3n: B Profesor: Mtro. Licerio Camey Huz&quot;}\">024|An\u00e1lisis de Experiencias de Investigaci\u00f3n Sociol\u00f3gica I &#8211; Mtro. Licerio Camey Huz<\/td>\n<td style=\"text-align: center;\" colspan=\"3\" rowspan=\"1\"><a href=\"https:\/\/drive.google.com\/file\/d\/1kB8AeKyblahBwcMNhldakNs6TRYiwrW9\/view?usp=sharing\" target=\"_blank\" rel=\"noopener\">Ver Acta<\/a><\/td>\n<\/tr>\n<tr>\n<td data-sheets-value=\"{&quot;1&quot;:2,&quot;2&quot;:&quot;025|Historia de Guatemala II Secci\u00f3n: B Profesor: Lic. Juan Carlos Guzm\u00e1n Mor\u00e1n&quot;}\">025|Historia de Guatemala II &#8211; Lic. Juan Carlos Guzm\u00e1n Mor\u00e1n<\/td>\n<td style=\"text-align: center;\" colspan=\"3\" rowspan=\"1\"><a href=\"https:\/\/drive.google.com\/file\/d\/1FBELon6eOtafC11xDNHBfNReQC0VXc_s\/view?usp=sharing\" target=\"_blank\" rel=\"noopener\">Ver Acta<\/a><\/td>\n<\/tr>\n<tr>\n<td data-sheets-value=\"{&quot;1&quot;:2,&quot;2&quot;:&quot;026|Sociolog\u00eda del G\u00e9nero Secci\u00f3n: B Profesor: Licda. Delmy Mirrut Escobar Perdomo&quot;}\">026|Sociolog\u00eda del G\u00e9nero &#8211; Licda. Delmy Mirrut Escobar Perdomo<\/td>\n<td style=\"text-align: center;\" colspan=\"3\" rowspan=\"1\"><a href=\"https:\/\/drive.google.com\/file\/d\/1oyURxxhGNvy33zzrRFyAUaShuVkuknf0\/view?usp=sharing\" target=\"_blank\" rel=\"noopener\">Ver Acta<\/a><\/td>\n<\/tr>\n<\/tbody>\n<\/table>\n<h2 style=\"text-align: left;\"><strong>S\u00e9ptimo Semestre Secciones A y B<\/strong><\/h2>\n<table dir=\"ltr\" border=\"1\" cellspacing=\"0\" cellpadding=\"0\">\n<colgroup>\n<col width=\"664\" \/>\n<col width=\"42\" \/>\n<col width=\"51\" \/>\n<col width=\"97\" \/><\/colgroup>\n<tbody>\n<tr>\n<td style=\"text-align: center;\" colspan=\"4\" rowspan=\"1\" data-sheets-value=\"{&quot;1&quot;:2,&quot;2&quot;:&quot;SEPTIMO SEMESTRE | SOCIOLOGIA | SECCION A&quot;}\"><strong>SEPTIMO SEMESTRE | SECCION A<\/strong><\/td>\n<\/tr>\n<tr>\n<td data-sheets-value=\"{&quot;1&quot;:2,&quot;2&quot;:&quot;034|Teor\u00eda Sociol\u00f3gica IV Secci\u00f3n: A Profesor: Licda. Jeanie Maritza Herrera N\u00e1jera&quot;}\">034|Teor\u00eda Sociol\u00f3gica IV &#8211; Licda. Jeanie Maritza Herrera N\u00e1jera<\/td>\n<td style=\"text-align: center;\" colspan=\"3\" rowspan=\"1\"><a href=\"https:\/\/drive.google.com\/file\/d\/1O4sYBju8TYkjofFvI0_aigQ12tsfydgm\/view?usp=sharing\" target=\"_blank\" rel=\"noopener\">Ver Acta<\/a><\/p>\n<p><a href=\"https:\/\/drive.google.com\/file\/d\/1qffBUYEU3YlCYCTZfvFhPoJLTiBv8wRX\/view?usp=sharing\" target=\"_blank\" rel=\"noopener\">1era. Oportunidad de Recuperaci\u00f3n<\/a><\/td>\n<\/tr>\n<tr>\n<td data-sheets-value=\"{&quot;1&quot;:2,&quot;2&quot;:&quot;035|Sociolog\u00eda de Guatemala IV Secci\u00f3n: A Profesor: Dr. Luis Fernando Mack Echeverr\u00eda&quot;}\">035|Sociolog\u00eda de Guatemala IV &#8211; Dr. Luis Fernando Mack Echeverr\u00eda<\/td>\n<td style=\"text-align: center;\" colspan=\"3\" rowspan=\"1\"><a href=\"https:\/\/drive.google.com\/file\/d\/1KVHfFfAJWJ5twNvUAxgHxoTxbm_-Er5a\/view?usp=sharing\" target=\"_blank\" rel=\"noopener\">Ver Acta<\/a><\/td>\n<\/tr>\n<tr>\n<td data-sheets-value=\"{&quot;1&quot;:2,&quot;2&quot;:&quot;036|Epistemoog\u00eda de las Ciencias Sociales Secci\u00f3n: A Profesor: Mtro. Carlos Orlando Oliva Muralles&quot;}\">036|Epistemoog\u00eda de las Ciencias Sociales &#8211; Mtro. Carlos Orlando Oliva Muralles<\/td>\n<td style=\"text-align: center;\" colspan=\"3\" rowspan=\"1\"><a href=\"https:\/\/drive.google.com\/file\/d\/1dRdlz87PR2ub4aJTNpGw-_qf16UJOkg7\/view?usp=sharing\" target=\"_blank\" rel=\"noopener\">Ver Acta<\/a><\/td>\n<\/tr>\n<tr>\n<td data-sheets-value=\"{&quot;1&quot;:2,&quot;2&quot;:&quot;037|Sociolog\u00eda Pol\u00edtica I Secci\u00f3n: A Profesor: Lic. Christian Manuel Calder\u00f3n Cedillos&quot;}\">037|Sociolog\u00eda Pol\u00edtica I &#8211; Lic. Christian Manuel Calder\u00f3n Cedillos<\/td>\n<td style=\"text-align: center;\" colspan=\"3\" rowspan=\"1\"><a href=\"https:\/\/drive.google.com\/file\/d\/17m3HeZ4Z8K7w-divyavtBJRs8nDL7Idb\/view?usp=sharing\" target=\"_blank\" rel=\"noopener\">Ver Acta<\/a><\/td>\n<\/tr>\n<tr>\n<td data-sheets-value=\"{&quot;1&quot;:2,&quot;2&quot;:&quot;039|Violencia y Paz en Guatemala Secci\u00f3n: A Profesor: Mtro. Edmundo Ren\u00e9 Urrutia Garc\u00eda&quot;}\">039|Violencia y Paz en Guatemala &#8211; Mtro. Edmundo Ren\u00e9 Urrutia Garc\u00eda<\/td>\n<td style=\"text-align: center;\" colspan=\"3\" rowspan=\"1\"><a href=\"https:\/\/drive.google.com\/file\/d\/1UK0m_imwsL4KGUPQi8WAU20dj41ZG7JQ\/view?usp=sharing\" target=\"_blank\" rel=\"noopener\">Ver Acta<\/a><\/td>\n<\/tr>\n<\/tbody>\n<\/table>\n<p>&nbsp;<\/p>\n<table dir=\"ltr\" border=\"1\" cellspacing=\"0\" cellpadding=\"0\">\n<colgroup>\n<col width=\"664\" \/>\n<col width=\"42\" \/>\n<col width=\"51\" \/>\n<col width=\"97\" \/><\/colgroup>\n<tbody>\n<tr>\n<td style=\"text-align: center;\" colspan=\"4\" rowspan=\"1\" data-sheets-value=\"{&quot;1&quot;:2,&quot;2&quot;:&quot;SEPTIMO SEMESTRE | SOCIOLOGIA | SECCION B&quot;}\"><strong>SEPTIMO SEMESTRE | SECCION B<\/strong><\/td>\n<\/tr>\n<tr>\n<td data-sheets-value=\"{&quot;1&quot;:2,&quot;2&quot;:&quot;034|Teor\u00eda Sociol\u00f3gica IV Secci\u00f3n: B Profesor: Dr. Aroldo Gamaliel Camposeco Montejo&quot;}\">034|Teor\u00eda Sociol\u00f3gica IV &#8211; Dr. Aroldo Gamaliel Camposeco Montejo<\/td>\n<td style=\"text-align: center;\" colspan=\"3\" rowspan=\"1\"><a href=\"https:\/\/drive.google.com\/file\/d\/14o2k6YNE4J7EHs5obztY5iTeldEjgZis\/view?usp=sharing\" target=\"_blank\" rel=\"noopener\">Ver Acta<\/a><\/td>\n<\/tr>\n<tr>\n<td data-sheets-value=\"{&quot;1&quot;:2,&quot;2&quot;:&quot;035|Sociolog\u00eda de Guatemala IV Secci\u00f3n: B Profesor: Licda. Yessenia Paola Zamora Santos&quot;}\">035|Sociolog\u00eda de Guatemala IV &#8211; Licda. Yessenia Paola Zamora Santos<\/td>\n<td style=\"text-align: center;\" colspan=\"3\" rowspan=\"1\"><a href=\"https:\/\/drive.google.com\/file\/d\/1qbAiMj3QgOFIQFA-hPH_xThnYNWrSLnx\/view?usp=sharing\" target=\"_blank\" rel=\"noopener\">Ver Acta<\/a><\/td>\n<\/tr>\n<tr>\n<td data-sheets-value=\"{&quot;1&quot;:2,&quot;2&quot;:&quot;036|Epistemoog\u00eda de las Ciencias Sociales Secci\u00f3n: B Profesor: Licda. Camlin del Rosario Fuentes Mijangos&quot;}\">036|Epistemoog\u00eda de las Ciencias Sociales &#8211; Licda. Camlin del Rosario Fuentes Mijangos<\/td>\n<td style=\"text-align: center;\" colspan=\"3\" rowspan=\"1\"><a href=\"https:\/\/drive.google.com\/file\/d\/1CJ1CK04rc8eKsmxPTnQSNdezGmd6HYSk\/view?usp=sharing\" target=\"_blank\" rel=\"noopener\">Ver Acta<\/a><\/td>\n<\/tr>\n<tr>\n<td data-sheets-value=\"{&quot;1&quot;:2,&quot;2&quot;:&quot;037|Sociolog\u00eda Pol\u00edtica I Secci\u00f3n: B Profesor: Dr. Luis Fernando Mack Echeverr\u00eda&quot;}\">037|Sociolog\u00eda Pol\u00edtica I &#8211; Dr. Luis Fernando Mack Echeverr\u00eda<\/td>\n<td style=\"text-align: center;\" colspan=\"3\" rowspan=\"1\"><a href=\"https:\/\/drive.google.com\/file\/d\/1aktihi2O4cp8sS3Eo2abM_K50XuzdPQC\/view?usp=sharing\" target=\"_blank\" rel=\"noopener\">Ver Acta<\/a><\/td>\n<\/tr>\n<tr>\n<td data-sheets-value=\"{&quot;1&quot;:2,&quot;2&quot;:&quot;038|Relaciones \u00c9tnicas en Guatemala Secci\u00f3n: B Profesor: Mtro. Julio Alejandro Vald\u00e9z Rodas&quot;}\">038|Relaciones \u00c9tnicas en Guatemala &#8211; Mtro. Julio Alejandro Vald\u00e9z Rodas<\/td>\n<td style=\"text-align: center;\" colspan=\"3\" rowspan=\"1\"><a href=\"https:\/\/drive.google.com\/file\/d\/1knvWoWRNx3YZaE52-93tcJ3VkxP0Sp3Z\/view?usp=sharing\" target=\"_blank\" rel=\"noopener\">Ver Acta<\/a><\/td>\n<\/tr>\n<\/tbody>\n<\/table>\n<h2 style=\"text-align: left;\"><strong>Noveno Semestre Secciones A y B<\/strong><\/h2>\n<table dir=\"ltr\" border=\"1\" cellspacing=\"0\" cellpadding=\"0\">\n<colgroup>\n<col width=\"664\" \/>\n<col width=\"42\" \/>\n<col width=\"51\" \/>\n<col width=\"97\" \/><\/colgroup>\n<tbody>\n<tr>\n<td style=\"text-align: center;\" colspan=\"4\" rowspan=\"1\" data-sheets-value=\"{&quot;1&quot;:2,&quot;2&quot;:&quot;NOVENO SEMESTRE | SOCIOLOGIA | SECCION A&quot;}\"><strong>NOVENO SEMESTRE | SECCION A<\/strong><\/td>\n<\/tr>\n<tr>\n<td data-sheets-value=\"{&quot;1&quot;:2,&quot;2&quot;:&quot;046|Seminario sobre Teor\u00edas Sociol\u00f3gicas Contempor\u00e1neas Secci\u00f3n: A Profesor: Mtro. Edmundo Ren\u00e9 Urrutia Garc\u00eda&quot;}\">046|Seminario sobre Teor\u00edas Sociol\u00f3gicas Contempor\u00e1neas &#8211; Mtro. Edmundo Ren\u00e9 Urrutia Garc\u00eda<\/td>\n<td style=\"text-align: center;\" colspan=\"3\" rowspan=\"1\"><a href=\"https:\/\/drive.google.com\/file\/d\/1dBDpnoWVD6X3LrMD3T7MAmpgHZQ8Sm1f\/view?usp=sharing\" target=\"_blank\" rel=\"noopener\">Ver Acta<\/a><\/td>\n<\/tr>\n<tr>\n<td data-sheets-value=\"{&quot;1&quot;:2,&quot;2&quot;:&quot;050|Dise\u00f1o de Investigaci\u00f3n de Tesis II Secci\u00f3n: A Profesor: Mtra. Mar\u00eda Alejandra Privado Catal\u00e1n&quot;}\">050|Dise\u00f1o de Investigaci\u00f3n de Tesis II &#8211; Mtra. Mar\u00eda Alejandra Privado Catal\u00e1n<\/td>\n<td style=\"text-align: center;\" colspan=\"3\" rowspan=\"1\"><a href=\"https:\/\/drive.google.com\/file\/d\/1NTd8RaQjtNcgBaPIZG41_LEw6vXa76ce\/view?usp=sharing\" target=\"_blank\" rel=\"noopener\">Ver Acta<\/a><\/td>\n<\/tr>\n<tr>\n<td data-sheets-value=\"{&quot;1&quot;:2,&quot;2&quot;:&quot;056|Seminario de Estudios sobre Violencia y Paz en Guatemala Secci\u00f3n: A Profesor: Lic. Cristian Manuel Calder\u00f3n Cedillos&quot;}\">056|Seminario de Estudios sobre Violencia y Paz en Guatemala &#8211; Lic. Cristian Manuel Calder\u00f3n Cedillos<\/td>\n<td style=\"text-align: center;\" colspan=\"3\" rowspan=\"1\"><a href=\"https:\/\/drive.google.com\/file\/d\/1NYcjbkY1useMYkGSSCU8pGbRcNiNM7rY\/view?usp=sharing\" target=\"_blank\" rel=\"noopener\">Ver Acta<\/a><\/td>\n<\/tr>\n<tr>\n<td data-sheets-value=\"{&quot;1&quot;:2,&quot;2&quot;:&quot;057|Seminario sobre Pol\u00edticas de Seguridad y Prevenci\u00f3n del Delito Secci\u00f3n: A Profesor: Mtro. H\u00e9ctor Oswaldo Samayoa Sosa&quot;}\">057|Seminario sobre Pol\u00edticas de Seguridad y Prevenci\u00f3n del Delito &#8211; Mtro. H\u00e9ctor Oswaldo Samayoa Sosa<\/td>\n<td style=\"text-align: center;\" colspan=\"3\" rowspan=\"1\"><a href=\"https:\/\/drive.google.com\/file\/d\/1sb6zxRUB8xobzBflVVMTwR7XXdS3e_vG\/view?usp=sharing\" target=\"_blank\" rel=\"noopener\">Ver Acta<\/a><\/td>\n<\/tr>\n<tr>\n<td data-sheets-value=\"{&quot;1&quot;:2,&quot;2&quot;:&quot;058|Seminario sobre Movimientos Sociales de Derechos Humanos y Acceso a la Justicia Secci\u00f3n: A Profesor: Lic. Luis Fernando De Le\u00f3n Laparra&quot;}\">058|Seminario sobre Movimientos Sociales de Derechos Humanos y Acceso a la Justicia &#8211; Lic. Luis Fernando De Le\u00f3n Laparra<\/td>\n<td style=\"text-align: center;\" colspan=\"3\" rowspan=\"1\"><a href=\"https:\/\/drive.google.com\/file\/d\/1qZDnrbMNQtYDlN4nwTCB4fe3U0PhVbkv\/view?usp=sharing\" target=\"_blank\" rel=\"noopener\">Ver Acta<\/a><\/td>\n<\/tr>\n<\/tbody>\n<\/table>\n<p>&nbsp;<\/p>\n<table dir=\"ltr\" border=\"1\" cellspacing=\"0\" cellpadding=\"0\">\n<colgroup>\n<col width=\"664\" \/>\n<col width=\"42\" \/>\n<col width=\"51\" \/>\n<col width=\"97\" \/><\/colgroup>\n<tbody>\n<tr>\n<td style=\"text-align: center;\" colspan=\"4\" rowspan=\"1\" data-sheets-value=\"{&quot;1&quot;:2,&quot;2&quot;:&quot;NOVENO SEMESTRE | SOCIOLOGIA | SECCION B&quot;}\">NOVENO SEMESTRE | SECCION B<\/td>\n<\/tr>\n<tr>\n<td data-sheets-value=\"{&quot;1&quot;:2,&quot;2&quot;:&quot;046|Seminario sobre Teor\u00edas Sociol\u00f3gicas Contempor\u00e1neas Secci\u00f3n: B Profesor: Dr. Luis Fernando Mack Echeverr\u00eda&quot;}\">046|Seminario sobre Teor\u00edas Sociol\u00f3gicas Contempor\u00e1neas &#8211; Dr. Luis Fernando Mack Echeverr\u00eda<\/td>\n<td style=\"text-align: center;\" colspan=\"3\" rowspan=\"1\"><a href=\"https:\/\/drive.google.com\/file\/d\/1YXBmF_OdbuUT9aJ2kAc3fmntihKL6tiV\/view?usp=sharing\" target=\"_blank\" rel=\"noopener\">Ver Acta<\/a><\/td>\n<\/tr>\n<tr>\n<td data-sheets-value=\"{&quot;1&quot;:2,&quot;2&quot;:&quot;047|Seminario sobre Estudios de G\u00e9nero y Etnicidad en Guatemala Secci\u00f3n: B Profesor: Mtra. Victoria Aurora Tubin Sotz&quot;}\">047|Seminario sobre Estudios de G\u00e9nero y Etnicidad en Guatemala &#8211; Mtra. Victoria Aurora Tubin Sotz<\/td>\n<td style=\"text-align: center;\" colspan=\"3\" rowspan=\"1\"><a href=\"https:\/\/drive.google.com\/file\/d\/1q4V7l8WOOe0xlqnnbGp397_5LxUkFcZM\/view?usp=sharing\" target=\"_blank\" rel=\"noopener\">Ver Acta<\/a><\/td>\n<\/tr>\n<tr>\n<td data-sheets-value=\"{&quot;1&quot;:2,&quot;2&quot;:&quot;048|Seminario sobre Pol\u00edticas Sociales para la Erradicaci\u00f3n del Racismo y la Discriminaci\u00f3n en Guatemala Secci\u00f3n: B Profesor: Licda. Delmy Mirrut Escobar Perdomo&quot;}\">048|Seminario sobre Pol\u00edticas Sociales para la Erradicaci\u00f3n del Racismo y la Discriminaci\u00f3n en Guatemala &#8211; Licda. Delmy Mirrut Escobar Perdomo<\/td>\n<td style=\"text-align: center;\" colspan=\"3\" rowspan=\"1\"><a href=\"https:\/\/drive.google.com\/file\/d\/11t81Rms1Khjv2UZSS6gFxi3jAfAYQcQq\/view?usp=sharing\" target=\"_blank\" rel=\"noopener\">Ver Acta<\/a><\/td>\n<\/tr>\n<tr>\n<td data-sheets-value=\"{&quot;1&quot;:2,&quot;2&quot;:&quot;049|Seminario sobre Pol\u00edticas P\u00fablicas para el Acceso a la Justicia y la Equidad de G\u00e9nero Secci\u00f3n: B Profesor: Lic. Douglas Giovanni Mazariegos Marroqu\u00edn&quot;}\">049|Seminario sobre Pol\u00edticas P\u00fablicas para el Acceso a la Justicia y la Equidad de G\u00e9nero &#8211; Lic. Douglas Giovanni Mazariegos Marroqu\u00edn<\/td>\n<td style=\"text-align: center;\" colspan=\"3\" rowspan=\"1\"><a href=\"https:\/\/drive.google.com\/file\/d\/1C9jFucdpYFSVHl2xUEEMmVx6mofaxn9Q\/view?usp=sharing\" target=\"_blank\" rel=\"noopener\">Ver Acta<\/a><\/td>\n<\/tr>\n<tr>\n<td style=\"text-align: left;\" data-sheets-value=\"{&quot;1&quot;:2,&quot;2&quot;:&quot;050|Dise\u00f1o de Investigaci\u00f3n de Tesis II Secci\u00f3n: B Profesor: Mtro. B\u00e9quer Neftal\u00ed Chocooj de la Cruz&quot;}\">050|Dise\u00f1o de Investigaci\u00f3n de Tesis II &#8211; Mtro. B\u00e9quer Neftal\u00ed Chocooj de la Cruz<\/td>\n<td style=\"text-align: center;\" colspan=\"3\" rowspan=\"1\"><a href=\"https:\/\/drive.google.com\/file\/d\/1UHHAtGKCoAbNKpl1zE_9eRu2_yPZxrU2\/view?usp=sharing\" target=\"_blank\" rel=\"noopener\">Ver Acta<\/a><\/td>\n<\/tr>\n<\/tbody>\n<\/table>\n<h4><a href=\"https:\/\/cienciapolitica.usac.edu.gt?page_id=4734\"><strong>&lt;&lt;\u00a0Regresar<\/strong><\/a><\/h4>\n","protected":false},"excerpt":{"rendered":"<p>&lt;&lt;\u00a0Regresar Consulta de Notas de Fin de Curso Licenciatura en Sociolog\u00eda Quinto Semestre Secciones A y B QUINTO SEMESTRE | SECCION A 022|Teor\u00eda Sociol\u00f3gica II &#8211; Licda. Mar\u00eda Virginia Jim\u00e9nez Tuy Ver Acta 023|Sociolog\u00eda de Guatemala II &#8211; Mtra. Mar\u00eda de los Angeles Ak\u00fa Ram\u00edrez Ver Acta 024|An\u00e1lisis de Experiencias de Investigaci\u00f3n Sociol\u00f3gica I &#8211; [&hellip;]<\/p>\n","protected":false},"author":101012,"featured_media":0,"parent":0,"menu_order":0,"comment_status":"closed","ping_status":"closed","template":"","meta":[],"_links":{"self":[{"href":"https:\/\/cienciapolitica.usac.edu.gt\/index.php?rest_route=\/wp\/v2\/pages\/4752"}],"collection":[{"href":"https:\/\/cienciapolitica.usac.edu.gt\/index.php?rest_route=\/wp\/v2\/pages"}],"about":[{"href":"https:\/\/cienciapolitica.usac.edu.gt\/index.php?rest_route=\/wp\/v2\/types\/page"}],"author":[{"embeddable":true,"href":"https:\/\/cienciapolitica.usac.edu.gt\/index.php?rest_route=\/wp\/v2\/users\/101012"}],"replies":[{"embeddable":true,"href":"https:\/\/cienciapolitica.usac.edu.gt\/index.php?rest_route=%2Fwp%2Fv2%2Fcomments&post=4752"}],"version-history":[{"count":32,"href":"https:\/\/cienciapolitica.usac.edu.gt\/index.php?rest_route=\/wp\/v2\/pages\/4752\/revisions"}],"predecessor-version":[{"id":5237,"href":"https:\/\/cienciapolitica.usac.edu.gt\/index.php?rest_route=\/wp\/v2\/pages\/4752\/revisions\/5237"}],"wp:attachment":[{"href":"https:\/\/cienciapolitica.usac.edu.gt\/index.php?rest_route=%2Fwp%2Fv2%2Fmedia&parent=4752"}],"curies":[{"name":"wp","href":"https:\/\/api.w.org\/{rel}","templated":true}]}}