{"id":4743,"date":"2021-05-18T14:55:56","date_gmt":"2021-05-18T14:55:56","guid":{"rendered":"https:\/\/cienciapolitica.usac.edu.gt?page_id=4743"},"modified":"2021-10-06T00:51:36","modified_gmt":"2021-10-06T00:51:36","slug":"consulta-de-notas-de-fin-de-curso-1-2021-ciencia-politica","status":"publish","type":"page","link":"https:\/\/cienciapolitica.usac.edu.gt\/?page_id=4743","title":{"rendered":"Consulta de Notas de Fin de Curso (1-2021) \u2013 Ciencia Pol\u00edtica"},"content":{"rendered":"<h4><a href=\"https:\/\/cienciapolitica.usac.edu.gt?page_id=4734\"><strong>&lt;&lt;\u00a0Regresar<\/strong><\/a><\/h4>\n<h2 style=\"text-align: center;\"><strong>Consulta de Notas de Fin de Curso <\/strong><\/h2>\n<h2 style=\"text-align: center;\"><strong>Licenciatura en Ciencia Pol\u00edtica<\/strong><\/h2>\n<h2 style=\"text-align: left;\"><strong>Quinto Semestre Secciones A y B<\/strong><\/h2>\n<table dir=\"ltr\" border=\"1\" cellspacing=\"0\" cellpadding=\"0\">\n<colgroup>\n<col width=\"664\" \/>\n<col width=\"42\" \/>\n<col width=\"51\" \/>\n<col width=\"97\" \/><\/colgroup>\n<tbody>\n<tr>\n<td style=\"text-align: center;\" colspan=\"4\" rowspan=\"1\" data-sheets-value=\"{&quot;1&quot;:2,&quot;2&quot;:&quot;QUINTO SEMESTRE | CIENCIA POLITICA | SECCION A&quot;}\"><strong>QUINTO SEMESTRE |\u00a0 SECCION A<\/strong><\/td>\n<\/tr>\n<tr>\n<td data-sheets-value=\"{&quot;1&quot;:2,&quot;2&quot;:&quot;025|Historia de Guatemala II Secci\u00f3n: A Profesor: Licda. Sonia Abigail P\u00e9rez Pivaral&quot;}\">025|Historia de Guatemala II &#8211; Licda. Sonia Abigail P\u00e9rez Pivaral<\/td>\n<td style=\"text-align: center;\" colspan=\"3\" rowspan=\"1\"><a href=\"https:\/\/drive.google.com\/file\/d\/1etZ0QNnOWXdLo_9U3wGvzxM1YLhrO5Kd\/view?usp=sharing\" target=\"_blank\" rel=\"noopener\">Ver Acta<\/a><\/td>\n<\/tr>\n<tr>\n<td data-sheets-value=\"{&quot;1&quot;:2,&quot;2&quot;:&quot;107|Teor\u00eda Pol\u00edtica II Secci\u00f3n: A Profesor: Mtra. Cindy Lisbeth Poroj Caraballo&quot;}\">107|Teor\u00eda Pol\u00edtica II &#8211; Mtra. Cindy Lisbeth Poroj Caraballo<\/td>\n<td style=\"text-align: center;\" colspan=\"3\" rowspan=\"1\"><a href=\"https:\/\/drive.google.com\/file\/d\/1tU3-BHo93PpS-5imlw7FPe9dvqvU7KM8\/view?usp=sharing\" target=\"_blank\" rel=\"noopener\">Ver Acta<\/a><\/td>\n<\/tr>\n<tr>\n<td data-sheets-value=\"{&quot;1&quot;:2,&quot;2&quot;:&quot;108|Sistemas Pol\u00edticos II Secci\u00f3n: A Profesor: Dr. Pablo Daniel Rangel Romero&quot;}\">108|Sistemas Pol\u00edticos II &#8211; Dr. Pablo Daniel Rangel Romero<\/td>\n<td style=\"text-align: center;\" colspan=\"3\" rowspan=\"1\"><a href=\"https:\/\/drive.google.com\/file\/d\/1UpfwFGvu_TAimzC-9Q4YVs-WgkhlUO6O\/view?usp=sharing\" target=\"_blank\" rel=\"noopener\">Ver Acta<\/a><\/td>\n<\/tr>\n<tr>\n<td data-sheets-value=\"{&quot;1&quot;:2,&quot;2&quot;:&quot;110|Ideolog\u00edas Pol\u00edticas Secci\u00f3n: A Profesor: Lic. Werner Enrique Castillo Regalado&quot;}\">110|Ideolog\u00edas Pol\u00edticas &#8211; Lic. Werner Enrique Castillo Regalado<\/td>\n<td style=\"text-align: center;\" colspan=\"3\" rowspan=\"1\"><a href=\"https:\/\/drive.google.com\/file\/d\/1PVlGv8U5LSnXXuzkz-uO-M_vqGbqnfxl\/view?usp=sharing\" target=\"_blank\" rel=\"noopener\">Ver Acta<\/a><\/td>\n<\/tr>\n<tr>\n<td data-sheets-value=\"{&quot;1&quot;:2,&quot;2&quot;:&quot;114|Administraci\u00f3n P\u00fablica de Guatemala I Secci\u00f3n: A Profesor: Mtra. Geovanna Marcela Letona Rodr\u00edguez&quot;}\">109|Administraci\u00f3n P\u00fablica de Guatemala I &#8211; Mtra. Geovanna Marcela Letona Rodr\u00edguez<\/td>\n<td style=\"text-align: center;\" colspan=\"3\" rowspan=\"1\"><a href=\"https:\/\/drive.google.com\/file\/d\/1f3pjhiiMiCW-WWW8HwYJODHvRAvp8Nlv\/view?usp=sharing\" target=\"_blank\" rel=\"noopener\">Ver Acta<\/a><\/p>\n<p><a href=\"https:\/\/drive.google.com\/file\/d\/1xo5nrwOqZqr3G_gU_T_nlfaqrfYO7660\/view?usp=sharing\" target=\"_blank\" rel=\"noopener\">1era. Oportunidad de Recuperaci\u00f3n<\/a><\/p>\n<p><a href=\"https:\/\/drive.google.com\/file\/d\/1huUJC0vQ6042d30QHiK96-3eYF0O202A\/view?usp=sharing\" target=\"_blank\" rel=\"noopener\">2da. Oportunidad de Recuperaci\u00f3n<\/a><\/td>\n<\/tr>\n<\/tbody>\n<\/table>\n<p>&nbsp;<\/p>\n<table dir=\"ltr\" border=\"1\" cellspacing=\"0\" cellpadding=\"0\">\n<colgroup>\n<col width=\"664\" \/>\n<col width=\"42\" \/>\n<col width=\"51\" \/>\n<col width=\"97\" \/><\/colgroup>\n<tbody>\n<tr>\n<td style=\"text-align: center;\" colspan=\"4\" rowspan=\"1\" data-sheets-value=\"{&quot;1&quot;:2,&quot;2&quot;:&quot;QUINTO SEMESTRE | CIENCIA POLITICA | SECCION B&quot;}\"><strong>QUINTO SEMESTRE | SECCION B<\/strong><\/td>\n<\/tr>\n<tr>\n<td data-sheets-value=\"{&quot;1&quot;:2,&quot;2&quot;:&quot;025|Historia de Guatemala II Secci\u00f3n: B Profesor: Mtro. Francisco Jos\u00e9 Lemus Miranda&quot;}\">025|Historia de Guatemala II &#8211; Mtro. Francisco Jos\u00e9 Lemus Miranda<\/td>\n<td style=\"text-align: center;\" colspan=\"3\" rowspan=\"1\"><a href=\"https:\/\/drive.google.com\/file\/d\/1bWRd0qFjywwa_lVzFUjzBOqqW0A-xudD\/view?usp=sharing\" target=\"_blank\" rel=\"noopener\">Ver Acta<\/a><\/p>\n<p><a href=\"https:\/\/drive.google.com\/file\/d\/11CvYrld_G2mOLwji--_szEK_YrbV10Oh\/view?usp=sharing\" target=\"_blank\" rel=\"noopener\">1era Oportunidad de Recuperaci\u00f3n<\/a><\/p>\n<p><a href=\"https:\/\/drive.google.com\/file\/d\/18nfWSn7QGr4hRDQtAFSh9xKq1Ca0-bQP\/view?usp=sharing\" target=\"_blank\" rel=\"noopener\">2da. Oportunidad de Recuperaci\u00f3n<\/a><\/td>\n<\/tr>\n<tr>\n<td data-sheets-value=\"{&quot;1&quot;:2,&quot;2&quot;:&quot;107|Teor\u00eda Pol\u00edtica II Secci\u00f3n: B Profesor: Lic. Guido Armando Barillas Quezada&quot;}\">&nbsp;<\/p>\n<p>107|Teor\u00eda Pol\u00edtica II &#8211; Lic. Guido Armando Barillas Quezada<\/td>\n<td style=\"text-align: center;\" colspan=\"3\" rowspan=\"1\"><a href=\"https:\/\/drive.google.com\/file\/d\/1rLEadmMl52yFG2dfhJsJ0cW7DGCpCfhO\/view?usp=sharing\" target=\"_blank\" rel=\"noopener\">Ver Acta<\/a><\/td>\n<\/tr>\n<tr>\n<td data-sheets-value=\"{&quot;1&quot;:2,&quot;2&quot;:&quot;108|Sistemas Pol\u00edticos II Secci\u00f3n: B Profesor: Dr. Iv\u00e1n Ricardo Le\u00f3n Archila&quot;}\">108|Sistemas Pol\u00edticos II &#8211; Dr. Iv\u00e1n Ricardo Le\u00f3n Archila<\/td>\n<td style=\"text-align: center;\" colspan=\"3\" rowspan=\"1\"><a href=\"https:\/\/drive.google.com\/file\/d\/1untqwjxTRpfsarOlNkMocn1SaJ3CGAmn\/view?usp=sharing\" target=\"_blank\" rel=\"noopener\">Ver Acta<\/a><\/td>\n<\/tr>\n<tr>\n<td data-sheets-value=\"{&quot;1&quot;:2,&quot;2&quot;:&quot;109|Administraci\u00f3n P\u00fablica de Guatemala Secci\u00f3n: B Profesor: Lic. Jorge Luis Amado Barrios&quot;}\">109|Administraci\u00f3n P\u00fablica de Guatemala I- Lic. Jorge Luis Amado Barrios<\/td>\n<td style=\"text-align: center;\" colspan=\"3\" rowspan=\"1\"><a href=\"https:\/\/drive.google.com\/file\/d\/1v4IClVGSJs2Vz-mcoXxRixwx4Kh9QS_F\/view?usp=sharing\" target=\"_blank\" rel=\"noopener\">Ver Acta<\/a><\/p>\n<p><a href=\"https:\/\/drive.google.com\/file\/d\/1mxYRfD1G1jxPDDiyLNdxAJ2FCcH0UT3l\/view?usp=sharing\" target=\"_blank\" rel=\"noopener\">1era. Oportunidad de Recuperaci\u00f3n<\/a><\/td>\n<\/tr>\n<tr>\n<td data-sheets-value=\"{&quot;1&quot;:2,&quot;2&quot;:&quot;111|Procesos de Cambio y Modernidad Secci\u00f3n: B Profesor: Mtra. Nora Lizeth G\u00e1lvez Garc\u00eda&quot;}\">111|Procesos de Cambio y Modernidad &#8211; Mtra. Nora Lizeth G\u00e1lvez Garc\u00eda<\/td>\n<td style=\"text-align: center;\" colspan=\"3\" rowspan=\"1\"><a href=\"https:\/\/drive.google.com\/file\/d\/1ajbnHLhN6Vd86TuV5cHOdKqbXIO1wwSH\/view?usp=sharing\" target=\"_blank\" rel=\"noopener\">Ver Acta<\/a><\/td>\n<\/tr>\n<\/tbody>\n<\/table>\n<h2 style=\"text-align: left;\"><strong>S\u00e9ptimo semestre secciones A y B<\/strong><\/h2>\n<table dir=\"ltr\" border=\"1\" cellspacing=\"0\" cellpadding=\"0\">\n<colgroup>\n<col width=\"664\" \/>\n<col width=\"42\" \/>\n<col width=\"51\" \/>\n<col width=\"97\" \/><\/colgroup>\n<tbody>\n<tr>\n<td style=\"text-align: center;\" colspan=\"4\" rowspan=\"1\" data-sheets-value=\"{&quot;1&quot;:2,&quot;2&quot;:&quot;SEPTIMO SEMESTRE | CIENCIA POLITICA | SECCION A&quot;}\"><strong>SEPTIMO SEMESTRE | SECCION A<\/strong><\/td>\n<\/tr>\n<tr>\n<td data-sheets-value=\"{&quot;1&quot;:2,&quot;2&quot;:&quot;117|Teor\u00eda Pol\u00edtica IV Secci\u00f3n: A Profesor: Lic. Henry Dennys Mira Sandoval&quot;}\">117|Teor\u00eda Pol\u00edtica IV &#8211; Lic. Henry Dennys Mira Sandoval<\/td>\n<td style=\"text-align: center;\" colspan=\"3\" rowspan=\"1\"><a href=\"https:\/\/drive.google.com\/file\/d\/1DiVsvJFSpLvZOIMiTi1fQxO1m4vwV1xf\/view?usp=sharing\" target=\"_blank\" rel=\"noopener\">Ver Acta<\/a><\/p>\n<p><a href=\"https:\/\/drive.google.com\/file\/d\/1942X2sTXay5dghZz3P_l0Rgo3LPhnWzP\/view?usp=sharing\" target=\"_blank\" rel=\"noopener\">1era. Oportunidad de Recuperaci\u00f3n<\/a><\/td>\n<\/tr>\n<tr>\n<td data-sheets-value=\"{&quot;1&quot;:2,&quot;2&quot;:&quot;118|Econom\u00eda Internacional Secci\u00f3n: A Profesor: Lic. Carlos Anibal Mart\u00ednez Cortez&quot;}\">118|Econom\u00eda Internacional &#8211; Lic. Carlos Anibal Mart\u00ednez Cortez<\/td>\n<td style=\"text-align: center;\" colspan=\"3\" rowspan=\"1\"><a href=\"https:\/\/drive.google.com\/file\/d\/1tBOEfjrd_rUV3mRU1IrqiRpt9RSeZ8Uu\/view?usp=sharing\" target=\"_blank\" rel=\"noopener\">Ver Acta<\/a><\/td>\n<\/tr>\n<tr>\n<td data-sheets-value=\"{&quot;1&quot;:2,&quot;2&quot;:&quot;119|Administraci\u00f3n P\u00fablica de Guatemala II Secci\u00f3n: A Profesor: Mtra. Cindy Lisbeth Poroj Caraballo&quot;}\">119|Administraci\u00f3n P\u00fablica de Guatemala II &#8211; Mtra. Cindy Lisbeth Poroj Caraballo<\/td>\n<td style=\"text-align: center;\" colspan=\"3\" rowspan=\"1\"><a href=\"https:\/\/drive.google.com\/file\/d\/1DTVWEw2YUZ7WZIV06Ul4wbYTssGvc2Xw\/view?usp=sharing\" target=\"_blank\" rel=\"noopener\">Ver Acta<\/a><\/p>\n<p><a href=\"https:\/\/drive.google.com\/file\/d\/1uSQ2zhHCEMGl_1RXJ3SKrOVAfbI2YHRH\/view?usp=sharing\" target=\"_blank\" rel=\"noopener\">1era. Oportunidad de Recuperaci\u00f3n<\/a><\/td>\n<\/tr>\n<tr>\n<td data-sheets-value=\"{&quot;1&quot;:2,&quot;2&quot;:&quot;120|Actores Pol\u00edticos y Gobalizaci\u00f3n Secci\u00f3n: A Profesor: Mtro. Aldo Nery Bonilla Vicente&quot;}\">120|Actores Pol\u00edticos y Globalizaci\u00f3n &#8211; Mtro. Aldo Nery Bonilla Vicente<\/td>\n<td style=\"text-align: center;\" colspan=\"3\" rowspan=\"1\"><a href=\"https:\/\/drive.google.com\/file\/d\/1hLxYIzilthSBxEFovX9zel8rfae-T2Pm\/view?usp=sharing\" target=\"_blank\" rel=\"noopener\">Ver Acta<\/a><\/td>\n<\/tr>\n<tr>\n<td data-sheets-value=\"{&quot;1&quot;:2,&quot;2&quot;:&quot;122|Formulaci\u00f3n de Pol\u00edticas P\u00fablicas Secci\u00f3n: A Profesor: Mtro. Juan Fernando Molina Meza&quot;}\">122|Formulaci\u00f3n de Pol\u00edticas P\u00fablicas &#8211; Mtro. Juan Fernando Molina Meza<\/td>\n<td style=\"text-align: center;\" colspan=\"3\" rowspan=\"1\"><a href=\"https:\/\/drive.google.com\/file\/d\/1uBt9sAj4Vpq5bfldqyhLrVlIkYvJqbQj\/view?usp=sharing\" target=\"_blank\" rel=\"noopener\">Ver Acta<\/a><\/td>\n<\/tr>\n<\/tbody>\n<\/table>\n<p>&nbsp;<\/p>\n<table dir=\"ltr\" border=\"1\" cellspacing=\"0\" cellpadding=\"0\">\n<colgroup>\n<col width=\"664\" \/>\n<col width=\"42\" \/>\n<col width=\"51\" \/>\n<col width=\"97\" \/><\/colgroup>\n<tbody>\n<tr>\n<td style=\"text-align: center;\" colspan=\"4\" rowspan=\"1\" data-sheets-value=\"{&quot;1&quot;:2,&quot;2&quot;:&quot;SEPTIMO SEMESTRE | CIENCIA POLITICA | SECCION B&quot;}\"><strong>SEPTIMO SEMESTRE | SECCION B<\/strong><\/td>\n<\/tr>\n<tr>\n<td data-sheets-value=\"{&quot;1&quot;:2,&quot;2&quot;:&quot;117|Teor\u00eda Pol\u00edtica IV Secci\u00f3n: B Profesor: Mtra. Cindy Lisbeth Poroj Caraballo&quot;}\">117|Teor\u00eda Pol\u00edtica IV &#8211; Mtra. Cindy Lisbeth Poroj Caraballo<\/td>\n<td style=\"text-align: center;\" colspan=\"3\" rowspan=\"1\"><a href=\"https:\/\/drive.google.com\/file\/d\/1ueanLF2M4XFRHf-dKEgc49U8X4HIHtDU\/view?usp=sharing\" target=\"_blank\" rel=\"noopener\">Ver Acta<\/a><\/td>\n<\/tr>\n<tr>\n<td data-sheets-value=\"{&quot;1&quot;:2,&quot;2&quot;:&quot;118|Econom\u00eda Internacional Secci\u00f3n: B Profesor: Lic. Carlos Anibal Mart\u00ednez Cortez&quot;}\">118|Econom\u00eda Internacional &#8211; Lic. Carlos Anibal Mart\u00ednez Cortez<\/td>\n<td style=\"text-align: center;\" colspan=\"3\" rowspan=\"1\"><a href=\"https:\/\/drive.google.com\/file\/d\/1CwsRTuMcWM4-Xs4rxP3nDsNhgzB5ZOXl\/view?usp=sharing\" target=\"_blank\" rel=\"noopener\">Ver Acta<\/a><\/td>\n<\/tr>\n<tr>\n<td data-sheets-value=\"{&quot;1&quot;:2,&quot;2&quot;:&quot;119|Administraci\u00f3n P\u00fablica de Guatemala III Secci\u00f3n: B Profesor: Licda. Silvia Carolina Montepeque Moncrieff&quot;}\">119|Administraci\u00f3n P\u00fablica de Guatemala III &#8211; Licda. Silvia Carolina Montepeque Moncrieff<\/td>\n<td style=\"text-align: center;\" colspan=\"3\" rowspan=\"1\"><a href=\"https:\/\/drive.google.com\/file\/d\/1XuOAa-ZRz9jecK9_Nb9Q17HC0P5xBA_S\/view?usp=sharing\" target=\"_blank\" rel=\"noopener\">Ver Acta<\/a><\/td>\n<\/tr>\n<tr>\n<td data-sheets-value=\"{&quot;1&quot;:2,&quot;2&quot;:&quot;120|Actores Pol\u00edticos Internacionales y Globalizaci\u00f3n Secci\u00f3n: B Profesor: Mtra. Mayra Villatoro del Valle&quot;}\">120|Actores Pol\u00edticos Internacionales y Globalizaci\u00f3n &#8211; Mtra. Mayra Villatoro del Valle<\/td>\n<td style=\"text-align: center;\" colspan=\"3\" rowspan=\"1\"><a href=\"https:\/\/drive.google.com\/file\/d\/1vHSX7L0QS5QtsINHVjXV7BujvFm3Seiw\/view?usp=sharing\" target=\"_blank\" rel=\"noopener\">Ver Acta<\/a><\/td>\n<\/tr>\n<tr>\n<td data-sheets-value=\"{&quot;1&quot;:2,&quot;2&quot;:&quot;121|Estructura y L\u00f3gica del Poder Pol\u00edtico Secci\u00f3n: B Profesor: Lic. Henry Dennys Mira Sandoval&quot;}\">121|Estructura y L\u00f3gica del Poder Pol\u00edtico &#8211; Lic. Henry Dennys Mira Sandoval<\/td>\n<td style=\"text-align: center;\" colspan=\"3\" rowspan=\"1\"><a href=\"https:\/\/drive.google.com\/file\/d\/1tSL6Ufq7nf2rdwTENnF9R53RukwpYwXw\/view?usp=sharing\" target=\"_blank\" rel=\"noopener\">Ver Acta<\/a><\/p>\n<p><a href=\"https:\/\/drive.google.com\/file\/d\/1JfvE9JFtQnFlL4UvNGCOeFFbJUoc9mUF\/view?usp=sharing\" target=\"_blank\" rel=\"noopener\">1era. Oportunidad de Recuperaci\u00f3n<\/a><\/td>\n<\/tr>\n<\/tbody>\n<\/table>\n<h2 style=\"text-align: left;\"><strong>Noveno semestre secciones A y B<\/strong><\/h2>\n<table dir=\"ltr\" border=\"1\" cellspacing=\"0\" cellpadding=\"0\">\n<colgroup>\n<col width=\"664\" \/>\n<col width=\"42\" \/>\n<col width=\"51\" \/>\n<col width=\"97\" \/><\/colgroup>\n<tbody>\n<tr>\n<td style=\"text-align: center;\" colspan=\"4\" rowspan=\"1\" data-sheets-value=\"{&quot;1&quot;:2,&quot;2&quot;:&quot;NOVENO SEMESTRE | CIENCIA POLITICA | SECCION A&quot;}\"><strong>NOVENO SEMESTRE | SECCION A<\/strong><\/td>\n<\/tr>\n<tr>\n<td data-sheets-value=\"{&quot;1&quot;:2,&quot;2&quot;:&quot;050|Dise\u00f1o de Investigaci\u00f3n de Tesis II Secci\u00f3n: A Profesor: Licda. Mar\u00eda Virginia Jim\u00e9nez Tuy&quot;}\">050|Dise\u00f1o de Investigaci\u00f3n de Tesis II &#8211; Licda. Mar\u00eda Virginia Jim\u00e9nez Tuy<\/td>\n<td style=\"text-align: center;\" colspan=\"3\" rowspan=\"1\"><a href=\"https:\/\/drive.google.com\/file\/d\/1Uc0uCejWUZVHGNcS-XQDkWxSuOQKsLni\/view?usp=sharing\" target=\"_blank\" rel=\"noopener\">Ver Acta<\/a><\/td>\n<\/tr>\n<tr>\n<td data-sheets-value=\"{&quot;1&quot;:2,&quot;2&quot;:&quot;136|Evaluaci\u00f3n de las Pol\u00edticas P\u00fablicas Secci\u00f3n: A Profesor: Mtro. Juan Fernando Molina Meza&quot;}\">136|Evaluaci\u00f3n de las Pol\u00edticas P\u00fablicas &#8211; Mtro. Juan Fernando Molina Meza<\/td>\n<td style=\"text-align: center;\" colspan=\"3\" rowspan=\"1\"><a href=\"https:\/\/drive.google.com\/file\/d\/1i1qxJ4y9g-3U40VvMDdkyRt2KNBxYrsQ\/view?usp=sharing\" target=\"_blank\" rel=\"noopener\">Ver Acta<\/a><\/td>\n<\/tr>\n<tr>\n<td data-sheets-value=\"{&quot;1&quot;:2,&quot;2&quot;:&quot;137|Proceso de Financiamiento y Gesti\u00f3n Presupuestaria de Pol\u00edticas P\u00fablicas Secci\u00f3n: A Profesor: Lic. Juan Francisco Sol\u00f3rzano Foppa&quot;}\">137|Proceso de Financiamiento y Gesti\u00f3n Presupuestaria de Pol\u00edticas P\u00fablicas &#8211; Lic. Juan Francisco Sol\u00f3rzano Foppa<\/td>\n<td style=\"text-align: center;\" colspan=\"3\" rowspan=\"1\"><a href=\"https:\/\/drive.google.com\/file\/d\/14R2k1eigTlhumKrC9yKCXWt7qRv8YD2M\/view?usp=sharing\" target=\"_blank\" rel=\"noopener\">Ver Acta<\/a><\/td>\n<\/tr>\n<tr>\n<td data-sheets-value=\"{&quot;1&quot;:2,&quot;2&quot;:&quot;138|Seminario de Reformas del Estado Secci\u00f3n: A Profesor: Mtra. Mar\u00eda Amalia Mandujano&quot;}\">138|Seminario de Reformas del Estado &#8211; Mtra. Mar\u00eda Amalia Mandujano<\/td>\n<td style=\"text-align: center;\" colspan=\"3\" rowspan=\"1\"><a href=\"https:\/\/drive.google.com\/file\/d\/1VULgLcoRDy8KV9mQIgWXt2Yq0qAA5_Nm\/view?usp=sharing\" target=\"_blank\" rel=\"noopener\">Ver Acta<\/a><\/td>\n<\/tr>\n<tr>\n<td data-sheets-value=\"{&quot;1&quot;:2,&quot;2&quot;:&quot;139|An\u00e1lisis e Interpretaci\u00f3n de Variables e Indicadores Socioecon\u00f3micos Secci\u00f3n: A Profesor: Dr. Fidel Ar\u00e9valo Gamboa&quot;}\">139|An\u00e1lisis e Interpretaci\u00f3n de Variables e Indicadores Socioecon\u00f3micos &#8211; Dr. Fidel Ar\u00e9valo Gamboa<\/td>\n<td style=\"text-align: center;\" colspan=\"3\" rowspan=\"1\"><a href=\"https:\/\/drive.google.com\/file\/d\/1zEA09-Wu_UKIe0kacqnzYMYb0oBuoLWD\/view?usp=sharing\" target=\"_blank\" rel=\"noopener\">Ver Acta<\/a><\/td>\n<\/tr>\n<\/tbody>\n<\/table>\n<p>&nbsp;<\/p>\n<table dir=\"ltr\" border=\"1\" cellspacing=\"0\" cellpadding=\"0\">\n<colgroup>\n<col width=\"664\" \/>\n<col width=\"42\" \/>\n<col width=\"51\" \/>\n<col width=\"97\" \/><\/colgroup>\n<tbody>\n<tr>\n<td style=\"text-align: center;\" colspan=\"4\" rowspan=\"1\" data-sheets-value=\"{&quot;1&quot;:2,&quot;2&quot;:&quot;NOVENO SEMESTRE | CIENCIA POLITICA | SECCION B&quot;}\"><strong>NOVENO SEMESTRE | SECCION B<\/strong><\/td>\n<\/tr>\n<tr>\n<td data-sheets-value=\"{&quot;1&quot;:2,&quot;2&quot;:&quot;050|Dise\u00f1o de Investigaci\u00f3n de Tesis II Secci\u00f3n: B Profesor: Mtro. Julio Alejandro Vald\u00e9z Rodas&quot;}\">050|Dise\u00f1o de Investigaci\u00f3n de Tesis II &#8211; Mtro. Julio Alejandro Valdez Rodas<\/td>\n<td style=\"text-align: center;\" colspan=\"3\" rowspan=\"1\"><a href=\"https:\/\/drive.google.com\/file\/d\/1Q0yDLZtr4FoKlPGVF_2F4BryRZ19P9N7\/view?usp=sharing\" target=\"_blank\" rel=\"noopener\">Ver Acta<\/a><\/td>\n<\/tr>\n<tr>\n<td data-sheets-value=\"{&quot;1&quot;:2,&quot;2&quot;:&quot;128|Seminario de An\u00e1lisis Pol\u00edtico Secci\u00f3n: B Profesor: Licda. Florentina Puac Puac&quot;}\">128|Seminario de An\u00e1lisis Pol\u00edtico &#8211; Licda. Florentina Puac Puac<\/td>\n<td style=\"text-align: center;\" colspan=\"3\" rowspan=\"1\"><a href=\"https:\/\/drive.google.com\/file\/d\/1J9vIBcEsM3Nq2NSkU9pmxBdzDhtwF0Ge\/view?usp=sharing\" target=\"_blank\" rel=\"noopener\">Ver Acta<\/a><\/p>\n<p><a href=\"https:\/\/drive.google.com\/file\/d\/1Q5RNzU4I1haAtGg8mAmpQtuOTbNejY-4\/view?usp=sharing\" target=\"_blank\" rel=\"noopener\">1era. Oportunidad de Recuperaci\u00f3n<\/a><\/td>\n<\/tr>\n<tr>\n<td data-sheets-value=\"{&quot;1&quot;:2,&quot;2&quot;:&quot;129|Discurso Pol\u00edtico Secci\u00f3n: B Profesor: Mtro. Ricardo Antonio Barreno Arriaza&quot;}\">129|Discurso Pol\u00edtico &#8211; Mtro. Ricardo Antonio Barreno Arriaza<\/td>\n<td style=\"text-align: center;\" colspan=\"3\" rowspan=\"1\"><a href=\"https:\/\/drive.google.com\/file\/d\/1a62dy0szL2OBWIq8aAEWqAIENQssbWeY\/view?usp=sharing\" target=\"_blank\" rel=\"noopener\">Ver Acta<\/a><\/td>\n<\/tr>\n<tr>\n<td data-sheets-value=\"{&quot;1&quot;:2,&quot;2&quot;:&quot;130|Psicolog\u00eda Pol\u00edtica Secci\u00f3n: B Profesor: Mtro. Sergio Alejandro Flores Cruz&quot;}\">130|Psicolog\u00eda Pol\u00edtica &#8211; Mtro. Sergio Alejandro Flores Cruz<\/td>\n<td style=\"text-align: center;\" colspan=\"3\" rowspan=\"1\"><a href=\"https:\/\/drive.google.com\/file\/d\/1F78MCgdX4bA5aH_V1m9Pib_cC4MPfF2e\/view?usp=sharing\" target=\"_blank\" rel=\"noopener\">Ver Acta<\/a><\/p>\n<p><a href=\"https:\/\/drive.google.com\/file\/d\/1PhMcldL6rehSU4yQDg5e6q3Fi1X_gu6K\/view?usp=sharing\" target=\"_blank\" rel=\"noopener\">2da. Oportunidad de Recuperaci\u00f3n<\/a><\/td>\n<\/tr>\n<tr>\n<td data-sheets-value=\"{&quot;1&quot;:2,&quot;2&quot;:&quot;131|Comunicaci\u00f3n Pol\u00edtica y Proceso Electoral Secci\u00f3n: B Profesor: Lic. Jos\u00e9 Miguel Anastasio Navarro Lima&quot;}\">131|Comunicaci\u00f3n Pol\u00edtica y Proceso Electoral &#8211; Lic. Jos\u00e9 Miguel Anastasio Navarro Lima<\/td>\n<td style=\"text-align: center;\" colspan=\"3\" rowspan=\"1\"><a href=\"https:\/\/drive.google.com\/file\/d\/1lyuezkcSiFsDfqL2OjzmE9IhHSnkxpAu\/view?usp=sharing\" target=\"_blank\" rel=\"noopener\">Ver Acta<\/a><\/td>\n<\/tr>\n<\/tbody>\n<\/table>\n<h4><a href=\"https:\/\/cienciapolitica.usac.edu.gt?page_id=4734\"><strong>&lt;&lt;\u00a0Regresar<\/strong><\/a><\/h4>\n","protected":false},"excerpt":{"rendered":"<p>&lt;&lt;\u00a0Regresar Consulta de Notas de Fin de Curso Licenciatura en Ciencia Pol\u00edtica Quinto Semestre Secciones A y B QUINTO SEMESTRE |\u00a0 SECCION A 025|Historia de Guatemala II &#8211; Licda. Sonia Abigail P\u00e9rez Pivaral Ver Acta 107|Teor\u00eda Pol\u00edtica II &#8211; Mtra. Cindy Lisbeth Poroj Caraballo Ver Acta 108|Sistemas Pol\u00edticos II &#8211; Dr. Pablo Daniel Rangel Romero [&hellip;]<\/p>\n","protected":false},"author":101012,"featured_media":0,"parent":0,"menu_order":0,"comment_status":"closed","ping_status":"closed","template":"","meta":[],"_links":{"self":[{"href":"https:\/\/cienciapolitica.usac.edu.gt\/index.php?rest_route=\/wp\/v2\/pages\/4743"}],"collection":[{"href":"https:\/\/cienciapolitica.usac.edu.gt\/index.php?rest_route=\/wp\/v2\/pages"}],"about":[{"href":"https:\/\/cienciapolitica.usac.edu.gt\/index.php?rest_route=\/wp\/v2\/types\/page"}],"author":[{"embeddable":true,"href":"https:\/\/cienciapolitica.usac.edu.gt\/index.php?rest_route=\/wp\/v2\/users\/101012"}],"replies":[{"embeddable":true,"href":"https:\/\/cienciapolitica.usac.edu.gt\/index.php?rest_route=%2Fwp%2Fv2%2Fcomments&post=4743"}],"version-history":[{"count":41,"href":"https:\/\/cienciapolitica.usac.edu.gt\/index.php?rest_route=\/wp\/v2\/pages\/4743\/revisions"}],"predecessor-version":[{"id":5274,"href":"https:\/\/cienciapolitica.usac.edu.gt\/index.php?rest_route=\/wp\/v2\/pages\/4743\/revisions\/5274"}],"wp:attachment":[{"href":"https:\/\/cienciapolitica.usac.edu.gt\/index.php?rest_route=%2Fwp%2Fv2%2Fmedia&parent=4743"}],"curies":[{"name":"wp","href":"https:\/\/api.w.org\/{rel}","templated":true}]}}