{"id":4671,"date":"2021-04-26T18:14:52","date_gmt":"2021-04-26T18:14:52","guid":{"rendered":"https:\/\/cienciapolitica.usac.edu.gt?page_id=4671"},"modified":"2023-05-04T04:04:32","modified_gmt":"2023-05-04T04:04:32","slug":"discapacidad","status":"publish","type":"page","link":"https:\/\/cienciapolitica.usac.edu.gt\/?page_id=4671","title":{"rendered":"Discapacidad"},"content":{"rendered":"<p><a href=\"https:\/\/cienciapolitica.usac.edu.gt\/wp-content\/uploads\/2022\/03\/Logotipo-accesibilidad-1.png\"><img decoding=\"async\" loading=\"lazy\" class=\"wp-image-5717 alignleft\" src=\"https:\/\/cienciapolitica.usac.edu.gt\/wp-content\/uploads\/2022\/03\/Logotipo-accesibilidad-1.png\" alt=\"\" width=\"98\" height=\"93\" srcset=\"https:\/\/cienciapolitica.usac.edu.gt\/wp-content\/uploads\/2022\/03\/Logotipo-accesibilidad-1.png 599w, https:\/\/cienciapolitica.usac.edu.gt\/wp-content\/uploads\/2022\/03\/Logotipo-accesibilidad-1-300x283.png 300w\" sizes=\"(max-width: 98px) 100vw, 98px\" \/><\/a><\/p>\n<p>La actual Administraci\u00f3n de la Escuela de Ciencia Pol\u00edtica se suma al valioso esfuerzo por incorporar como pol\u00edtica integral el eje de\u00a0discapacidad\u00a0en el modelo de ense\u00f1anza aprendizaje de la Educaci\u00f3n P\u00fablica Superior,\u00a0\u00a0como un aspecto fundamental para la Educaci\u00f3n Inclusiva.<\/p>\n<p><strong>Enlaces de inter\u00e9s<\/strong><\/p>\n<ul>\n<li><a href=\"https:\/\/vocacional.usac.edu.gt\/\" target=\"_blank\" rel=\"noopener\">Orientaci\u00f3n Vocacional<\/a><\/li>\n<li><a href=\"http:\/\/plani.usac.edu.gt\/wp-content\/uploads\/2014\/11\/politica-de-atencion-a-la-poblacion-con-discapacidad-usac-acuerdo.pdf\" target=\"_blank\" rel=\"noopener\">Pol\u00edticas de Atenci\u00f3n a la Poblaci\u00f3n con Discapacidad en la Universidad de San Carlos de Guatemala<\/a><\/li>\n<\/ul>\n","protected":false},"excerpt":{"rendered":"<p>La actual Administraci\u00f3n de la Escuela de Ciencia Pol\u00edtica se suma al valioso esfuerzo por incorporar como pol\u00edtica integral el eje de\u00a0discapacidad\u00a0en el modelo de ense\u00f1anza aprendizaje de la Educaci\u00f3n P\u00fablica Superior,\u00a0\u00a0como un aspecto fundamental para la Educaci\u00f3n Inclusiva. Enlaces de inter\u00e9s Orientaci\u00f3n Vocacional Pol\u00edticas de Atenci\u00f3n a la Poblaci\u00f3n con Discapacidad en la Universidad [&hellip;]<\/p>\n","protected":false},"author":101012,"featured_media":0,"parent":0,"menu_order":0,"comment_status":"closed","ping_status":"closed","template":"","meta":[],"_links":{"self":[{"href":"https:\/\/cienciapolitica.usac.edu.gt\/index.php?rest_route=\/wp\/v2\/pages\/4671"}],"collection":[{"href":"https:\/\/cienciapolitica.usac.edu.gt\/index.php?rest_route=\/wp\/v2\/pages"}],"about":[{"href":"https:\/\/cienciapolitica.usac.edu.gt\/index.php?rest_route=\/wp\/v2\/types\/page"}],"author":[{"embeddable":true,"href":"https:\/\/cienciapolitica.usac.edu.gt\/index.php?rest_route=\/wp\/v2\/users\/101012"}],"replies":[{"embeddable":true,"href":"https:\/\/cienciapolitica.usac.edu.gt\/index.php?rest_route=%2Fwp%2Fv2%2Fcomments&post=4671"}],"version-history":[{"count":8,"href":"https:\/\/cienciapolitica.usac.edu.gt\/index.php?rest_route=\/wp\/v2\/pages\/4671\/revisions"}],"predecessor-version":[{"id":7320,"href":"https:\/\/cienciapolitica.usac.edu.gt\/index.php?rest_route=\/wp\/v2\/pages\/4671\/revisions\/7320"}],"wp:attachment":[{"href":"https:\/\/cienciapolitica.usac.edu.gt\/index.php?rest_route=%2Fwp%2Fv2%2Fmedia&parent=4671"}],"curies":[{"name":"wp","href":"https:\/\/api.w.org\/{rel}","templated":true}]}}