{"id":3693,"date":"2020-07-09T02:51:00","date_gmt":"2020-07-09T02:51:00","guid":{"rendered":"https:\/\/cienciapolitica.usac.edu.gt?page_id=3693"},"modified":"2024-01-23T01:08:41","modified_gmt":"2024-01-23T01:08:41","slug":"consejo-directivo","status":"publish","type":"page","link":"https:\/\/cienciapolitica.usac.edu.gt\/?page_id=3693","title":{"rendered":"Consejo Directivo"},"content":{"rendered":"<h2>Consejo Directivo de la Escuela de Ciencia Pol\u00edtica de la Universidad de San Carlos de Guatemala<\/h2>\n<h4>Director<\/h4>\n<ul>\n<li>M.A. Jos\u00e9 Rolando Samayoa Lara<\/li>\n<\/ul>\n<h4>Representantes de profesores<\/h4>\n<ul>\n<li>M.A. Henry Manuel Arriaga Contreras<\/li>\n<li>Dr. Byron Giovanni Mej\u00eda Victorio<\/li>\n<\/ul>\n<h4>Representantes de estudiantes<\/h4>\n<ul>\n<li>Br. Hellen Herrera V\u00e1squez<\/li>\n<li>Br. Elvis Enrique Ram\u00edrez M\u00e9rida<\/li>\n<\/ul>\n<h4>Secretaria<\/h4>\n<ul>\n<li>M.Sc. Cinthya del Rosario Gir\u00f3n Franco<\/li>\n<\/ul>\n<h4><\/h4>\n<h4>Contacto:\u00a0<a href=\"mailto:asuntosconsejodirectivo2020ecp@gmail.co\">asuntosconsejodirectivo2020ecp@gmail.com<\/a><\/h4>\n","protected":false},"excerpt":{"rendered":"<p>Consejo Directivo de la Escuela de Ciencia Pol\u00edtica de la Universidad de San Carlos de Guatemala Director M.A. Jos\u00e9 Rolando Samayoa Lara Representantes de profesores M.A. Henry Manuel Arriaga Contreras Dr. Byron Giovanni Mej\u00eda Victorio Representantes de estudiantes Br. Hellen Herrera V\u00e1squez Br. Elvis Enrique Ram\u00edrez M\u00e9rida Secretaria M.Sc. Cinthya del Rosario Gir\u00f3n Franco Contacto:\u00a0asuntosconsejodirectivo2020ecp@gmail.com<\/p>\n","protected":false},"author":101014,"featured_media":0,"parent":0,"menu_order":0,"comment_status":"closed","ping_status":"closed","template":"","meta":[],"_links":{"self":[{"href":"https:\/\/cienciapolitica.usac.edu.gt\/index.php?rest_route=\/wp\/v2\/pages\/3693"}],"collection":[{"href":"https:\/\/cienciapolitica.usac.edu.gt\/index.php?rest_route=\/wp\/v2\/pages"}],"about":[{"href":"https:\/\/cienciapolitica.usac.edu.gt\/index.php?rest_route=\/wp\/v2\/types\/page"}],"author":[{"embeddable":true,"href":"https:\/\/cienciapolitica.usac.edu.gt\/index.php?rest_route=\/wp\/v2\/users\/101014"}],"replies":[{"embeddable":true,"href":"https:\/\/cienciapolitica.usac.edu.gt\/index.php?rest_route=%2Fwp%2Fv2%2Fcomments&post=3693"}],"version-history":[{"count":8,"href":"https:\/\/cienciapolitica.usac.edu.gt\/index.php?rest_route=\/wp\/v2\/pages\/3693\/revisions"}],"predecessor-version":[{"id":8443,"href":"https:\/\/cienciapolitica.usac.edu.gt\/index.php?rest_route=\/wp\/v2\/pages\/3693\/revisions\/8443"}],"wp:attachment":[{"href":"https:\/\/cienciapolitica.usac.edu.gt\/index.php?rest_route=%2Fwp%2Fv2%2Fmedia&parent=3693"}],"curies":[{"name":"wp","href":"https:\/\/api.w.org\/{rel}","templated":true}]}}