{"id":3038,"date":"2020-05-18T18:18:42","date_gmt":"2020-05-18T18:18:42","guid":{"rendered":"https:\/\/cienciapolitica.usac.edu.gt?page_id=3038"},"modified":"2020-07-11T01:09:25","modified_gmt":"2020-07-11T01:09:25","slug":"relaciones-internacionales","status":"publish","type":"page","link":"https:\/\/cienciapolitica.usac.edu.gt\/?page_id=3038","title":{"rendered":"Relaciones internacionales"},"content":{"rendered":"<h1><span style=\"color: #0000ff;\"><strong>NOTAS DEL QUINTO CICLO<\/strong><\/span><\/h1>\n<p>PIEDE DAR CLIK EN LOS ENLACES ACTIVADOS DE COLOR VINO TINTO<\/p>\n<p>SECCION A<\/p>\n<p>&nbsp;<\/p>\n<table>\n<tbody>\n<tr>\n<td width=\"106\">\n<h3>066<\/h3>\n<\/td>\n<td width=\"277\">\n<h3><span style=\"color: #800000;\"><a style=\"color: #800000;\" href=\"https:\/\/cienciapolitica.usac.edu.gtwp-content\/uploads\/2020\/06\/66-a.pdf\" target=\"_blank\" rel=\"noopener\">Teor\u00eda de las Relaciones Internacionales II<\/a>\u00a0<\/span><\/h3>\n<\/td>\n<\/tr>\n<tr>\n<td width=\"106\">067<\/td>\n<td width=\"277\">\n<h3><a href=\"https:\/\/cienciapolitica.usac.edu.gtwp-content\/uploads\/2020\/06\/67A.pdf\" target=\"_blank\" rel=\"noopener\"><span style=\"color: #800000;\">An\u00e1lisis de la pol\u00edtica Internacional II<\/span><\/a><\/h3>\n<\/td>\n<\/tr>\n<tr>\n<td width=\"106\">\n<h2>025<\/h2>\n<\/td>\n<td width=\"277\">\n<h2><span style=\"color: #800000;\"><a style=\"color: #800000;\" href=\"https:\/\/cienciapolitica.usac.edu.gtwp-content\/uploads\/2020\/06\/25a3.pdf\" target=\"_blank\" rel=\"noopener\">Historia de Guatemala II<\/a><\/span><\/h2>\n<\/td>\n<\/tr>\n<tr>\n<td width=\"106\">\n<h3>068<\/h3>\n<\/td>\n<td width=\"277\">\n<h3><span style=\"color: #800000;\"><a style=\"color: #800000;\" href=\"https:\/\/cienciapolitica.usac.edu.gtwp-content\/uploads\/2020\/06\/Filosofia-29_05_2020.pdf\" target=\"_blank\" rel=\"noopener\">Derecho Internacional P\u00fablico<\/a><\/span><\/h3>\n<\/td>\n<\/tr>\n<tr>\n<td width=\"106\">\n<h2>070<\/h2>\n<\/td>\n<td width=\"277\">\n<h2><a href=\"https:\/\/cienciapolitica.usac.edu.gtwp-content\/uploads\/2020\/07\/70modjulio.pdf\" target=\"_blank\" rel=\"noopener\"><span style=\"color: #800000;\">Problemas y Pol\u00edticas de Seguridad Internacional<\/span><\/a><\/h2>\n<\/td>\n<\/tr>\n<\/tbody>\n<\/table>\n<p>SECCION B<\/p>\n<table>\n<tbody>\n<tr>\n<td width=\"106\">\n<h3>066<\/h3>\n<\/td>\n<td width=\"277\">\n<h3><span style=\"color: #800000;\"><a style=\"color: #800000;\" href=\"https:\/\/cienciapolitica.usac.edu.gtwp-content\/uploads\/2020\/06\/66b.pdf\" target=\"_blank\" rel=\"noopener\">Teor\u00eda de las Relaciones Internacionales II<\/a><\/span><\/h3>\n<\/td>\n<\/tr>\n<tr>\n<td width=\"106\">\n<h3>067<\/h3>\n<\/td>\n<td width=\"277\">\n<h3><span style=\"color: #800000;\"><a style=\"color: #800000;\" href=\"https:\/\/cienciapolitica.usac.edu.gtwp-content\/uploads\/2020\/06\/67B.pdf\" target=\"_blank\" rel=\"noopener\">An\u00e1lisis de la pol\u00edtica Internacional II<\/a><\/span><\/h3>\n<\/td>\n<\/tr>\n<tr>\n<td width=\"106\">\n<h3>025<\/h3>\n<\/td>\n<td width=\"277\">\n<h3><span style=\"color: #800000;\"><a style=\"color: #800000;\" href=\"https:\/\/cienciapolitica.usac.edu.gtwp-content\/uploads\/2020\/06\/25B3-actafinal.pdf\" target=\"_blank\" rel=\"noopener\">Historia de Guatemala II<\/a><\/span><\/h3>\n<\/td>\n<\/tr>\n<tr>\n<td width=\"106\">\n<h3>068<\/h3>\n<\/td>\n<td width=\"277\">\n<h3><span style=\"color: #800000;\"><a style=\"color: #800000;\" href=\"https:\/\/cienciapolitica.usac.edu.gtwp-content\/uploads\/2020\/06\/68B.pdf\" target=\"_blank\" rel=\"noopener\">Derecho Internacional P\u00fablico<\/a><\/span><\/h3>\n<\/td>\n<\/tr>\n<tr>\n<td width=\"106\">\n<h3>069<\/h3>\n<\/td>\n<td width=\"277\">\n<h3><span style=\"color: #800000;\"><a style=\"color: #800000;\" href=\"https:\/\/cienciapolitica.usac.edu.gtwp-content\/uploads\/2020\/06\/69b.pdf\" target=\"_blank\" rel=\"noopener\">Metodolog\u00eda para el An\u00e1lisis Pol\u00edtico Internacional<\/a><\/span><\/h3>\n<h3><\/h3>\n<\/td>\n<\/tr>\n<\/tbody>\n<\/table>\n<p>&nbsp;<\/p>\n<p>&nbsp;<\/p>\n","protected":false},"excerpt":{"rendered":"<p>NOTAS DEL QUINTO CICLO PIEDE DAR CLIK EN LOS ENLACES ACTIVADOS DE COLOR VINO TINTO SECCION A &nbsp; 066 Teor\u00eda de las Relaciones Internacionales II\u00a0 067 An\u00e1lisis de la pol\u00edtica Internacional II 025 Historia de Guatemala II 068 Derecho Internacional P\u00fablico 070 Problemas y Pol\u00edticas de Seguridad Internacional SECCION B 066 Teor\u00eda de las Relaciones [&hellip;]<\/p>\n","protected":false},"author":2,"featured_media":0,"parent":3028,"menu_order":0,"comment_status":"closed","ping_status":"closed","template":"","meta":[],"_links":{"self":[{"href":"https:\/\/cienciapolitica.usac.edu.gt\/index.php?rest_route=\/wp\/v2\/pages\/3038"}],"collection":[{"href":"https:\/\/cienciapolitica.usac.edu.gt\/index.php?rest_route=\/wp\/v2\/pages"}],"about":[{"href":"https:\/\/cienciapolitica.usac.edu.gt\/index.php?rest_route=\/wp\/v2\/types\/page"}],"author":[{"embeddable":true,"href":"https:\/\/cienciapolitica.usac.edu.gt\/index.php?rest_route=\/wp\/v2\/users\/2"}],"replies":[{"embeddable":true,"href":"https:\/\/cienciapolitica.usac.edu.gt\/index.php?rest_route=%2Fwp%2Fv2%2Fcomments&post=3038"}],"version-history":[{"count":15,"href":"https:\/\/cienciapolitica.usac.edu.gt\/index.php?rest_route=\/wp\/v2\/pages\/3038\/revisions"}],"predecessor-version":[{"id":3776,"href":"https:\/\/cienciapolitica.usac.edu.gt\/index.php?rest_route=\/wp\/v2\/pages\/3038\/revisions\/3776"}],"up":[{"embeddable":true,"href":"https:\/\/cienciapolitica.usac.edu.gt\/index.php?rest_route=\/wp\/v2\/pages\/3028"}],"wp:attachment":[{"href":"https:\/\/cienciapolitica.usac.edu.gt\/index.php?rest_route=%2Fwp%2Fv2%2Fmedia&parent=3038"}],"curies":[{"name":"wp","href":"https:\/\/api.w.org\/{rel}","templated":true}]}}