{"id":229,"date":"2013-05-03T17:36:54","date_gmt":"2013-05-03T17:36:54","guid":{"rendered":"http:\/\/sitios.usac.edu.gt\/wp_cienciapolitica\/?page_id=229"},"modified":"2021-06-29T21:23:30","modified_gmt":"2021-06-29T21:23:30","slug":"descargas","status":"publish","type":"page","link":"https:\/\/cienciapolitica.usac.edu.gt\/?page_id=229","title":{"rendered":"Consulta Reglamentos y Pensum 1998"},"content":{"rendered":"<h3 style=\"text-align: left;\"><a href=\"https:\/\/cienciapolitica.usac.edu.gtwp-content\/uploads\/2021\/06\/REGLAMENTOSECP.pdf\" target=\"_blank\" rel=\"noopener\">Reglamentos de la Escuela de Ciencia Pol\u00edtica<\/a><\/h3>\n<h3><a href=\"https:\/\/cienciapolitica.usac.edu.gtwp-content\/uploads\/2013\/05\/cipManualdeOrganizacionEscueladeCienciaPolitica.pdf\" target=\"_blank\" rel=\"noopener\">Manual de Organizaci\u00f3n de la Escuela de Ciencia Pol\u00edtica &#8211; 2006<\/a><\/h3>\n<h3>Pensum 1998<\/h3>\n<ul>\n<li>\n<h4><a href=\"https:\/\/cienciapolitica.usac.edu.gtwp-content\/uploads\/2021\/06\/Pensum-1998-Ciencia-Pol\u00edtica.pdf\" target=\"_blank\" rel=\"noopener\">Ciencia Pol\u00edtica<\/a><\/h4>\n<\/li>\n<li>\n<h4><a href=\"https:\/\/cienciapolitica.usac.edu.gtwp-content\/uploads\/2021\/06\/Pensum-1998-Sociolog\u00eda.pdf\" target=\"_blank\" rel=\"noopener\">Sociolog\u00eda<\/a><\/h4>\n<\/li>\n<li>\n<h4><a href=\"https:\/\/cienciapolitica.usac.edu.gtwp-content\/uploads\/2021\/06\/Pensum-1998-Relaciones-Internacionales.pdf\">Relaciones Internacionales<\/a><\/h4>\n<\/li>\n<\/ul>\n<h3 style=\"text-align: left;\"><span style=\"color: #800000;\"><a style=\"color: #800000;\" href=\"https:\/\/cienciapolitica.usac.edu.gtwp-content\/uploads\/2013\/05\/CATALOGO_-CP.pdf\" target=\"_blank\" rel=\"noopener\">Cat\u00e1logo de Estudios con Contenidos M\u00ednimos Pensum <\/a><a style=\"color: #800000;\" href=\"http:\/\/sitios.usac.edu.gt\/wp_cienciapolitica\/wp-content\/uploads\/2013\/05\/ccpol.pdf\" target=\"_blank\" rel=\"noopener\">1998<\/a><\/span><\/h3>\n<h3><\/h3>\n","protected":false},"excerpt":{"rendered":"<p>Reglamentos de la Escuela de Ciencia Pol\u00edtica Manual de Organizaci\u00f3n de la Escuela de Ciencia Pol\u00edtica &#8211; 2006 Pensum 1998 Ciencia Pol\u00edtica Sociolog\u00eda Relaciones Internacionales Cat\u00e1logo de Estudios con Contenidos M\u00ednimos Pensum 1998<\/p>\n","protected":false},"author":1,"featured_media":0,"parent":0,"menu_order":0,"comment_status":"closed","ping_status":"closed","template":"","meta":[],"_links":{"self":[{"href":"https:\/\/cienciapolitica.usac.edu.gt\/index.php?rest_route=\/wp\/v2\/pages\/229"}],"collection":[{"href":"https:\/\/cienciapolitica.usac.edu.gt\/index.php?rest_route=\/wp\/v2\/pages"}],"about":[{"href":"https:\/\/cienciapolitica.usac.edu.gt\/index.php?rest_route=\/wp\/v2\/types\/page"}],"author":[{"embeddable":true,"href":"https:\/\/cienciapolitica.usac.edu.gt\/index.php?rest_route=\/wp\/v2\/users\/1"}],"replies":[{"embeddable":true,"href":"https:\/\/cienciapolitica.usac.edu.gt\/index.php?rest_route=%2Fwp%2Fv2%2Fcomments&post=229"}],"version-history":[{"count":83,"href":"https:\/\/cienciapolitica.usac.edu.gt\/index.php?rest_route=\/wp\/v2\/pages\/229\/revisions"}],"predecessor-version":[{"id":9965,"href":"https:\/\/cienciapolitica.usac.edu.gt\/index.php?rest_route=\/wp\/v2\/pages\/229\/revisions\/9965"}],"wp:attachment":[{"href":"https:\/\/cienciapolitica.usac.edu.gt\/index.php?rest_route=%2Fwp%2Fv2%2Fmedia&parent=229"}],"curies":[{"name":"wp","href":"https:\/\/api.w.org\/{rel}","templated":true}]}}