{"id":223,"date":"2013-04-27T01:49:42","date_gmt":"2013-04-27T01:49:42","guid":{"rendered":"http:\/\/sitios.usac.edu.gt\/wp_cienciapolitica\/?page_id=223"},"modified":"2017-10-02T22:20:04","modified_gmt":"2017-10-02T22:20:04","slug":"distribucion-de-salones-15-abril","status":"publish","type":"page","link":"https:\/\/cienciapolitica.usac.edu.gt\/?page_id=223","title":{"rendered":"Distribuci\u00f3n de salones 15 abril"},"content":{"rendered":"<p>&nbsp;<\/p>\n<h3 align=\"center\"><a href=\"http:\/\/sitios.usac.edu.gt\/wp_cienciapolitica\/wp-content\/uploads\/2013\/04\/Logo-USAC1.png\"><img decoding=\"async\" loading=\"lazy\" class=\"aligncenter size-thumbnail wp-image-218\" title=\"Logo USAC\" src=\"http:\/\/sitios.usac.edu.gt\/wp_cienciapolitica\/wp-content\/uploads\/2013\/04\/Logo-USAC1-150x150.png\" alt=\"\" width=\"150\" height=\"150\" srcset=\"https:\/\/cienciapolitica.usac.edu.gt\/wp-content\/uploads\/2013\/04\/Logo-USAC1-150x150.png 150w, https:\/\/cienciapolitica.usac.edu.gt\/wp-content\/uploads\/2013\/04\/Logo-USAC1-300x300.png 300w, https:\/\/cienciapolitica.usac.edu.gt\/wp-content\/uploads\/2013\/04\/Logo-USAC1.png 480w\" sizes=\"(max-width: 150px) 100vw, 150px\" \/><\/a><\/h3>\n<h3 align=\"center\"><strong>Universidad de San Carlos de Guatemala<\/strong><\/h3>\n<h3 align=\"center\"><strong>Escuela de Ciencia Pol\u00edtica<\/strong><\/h3>\n<p align=\"center\"><strong>PROCESO DE SOCIALIZACION DE LA PROPUESTA\u00a0<\/strong><strong>DE READECUACION CURRICULAR<\/strong><\/p>\n<p>\u00a0DISTRIBUCI\u00d3N\u00a0DE SALONES DE TRABAJO<strong>\u00a0<\/strong><\/p>\n<p><strong>EGRESADOS<\/strong><\/p>\n<table style=\"height: 116px;\" border=\"1\" width=\"375\" cellspacing=\"0\" cellpadding=\"0\">\n<tbody>\n<tr>\n<td valign=\"top\" width=\"121\">\n<p align=\"center\"><strong>Grupo<\/strong><\/p>\n<\/td>\n<td valign=\"top\" width=\"264\">\n<p align=\"center\"><strong>Carrera<\/strong><\/p>\n<\/td>\n<td valign=\"top\" width=\"192\">\n<p align=\"center\"><strong>Sal\u00f3n<\/strong><\/p>\n<\/td>\n<\/tr>\n<tr>\n<td valign=\"top\" width=\"121\">\n<p align=\"center\">1<\/p>\n<\/td>\n<td valign=\"top\" width=\"264\">Relaciones Internacionales<\/td>\n<td valign=\"top\" width=\"192\">\n<p align=\"center\">210<\/p>\n<\/td>\n<\/tr>\n<\/tbody>\n<\/table>\n<p>&nbsp;<\/p>\n<table style=\"height: 117px;\" border=\"1\" width=\"373\" cellspacing=\"0\" cellpadding=\"0\">\n<tbody>\n<tr>\n<td valign=\"top\" width=\"121\">\n<p align=\"center\"><strong>Grupo<\/strong><\/p>\n<\/td>\n<td valign=\"top\" width=\"264\">\n<p align=\"center\"><strong>Carrera<\/strong><\/p>\n<\/td>\n<td valign=\"top\" width=\"192\">\n<p align=\"center\"><strong>Sal\u00f3n<\/strong><\/p>\n<\/td>\n<\/tr>\n<tr>\n<td valign=\"top\" width=\"121\">\n<p align=\"center\">1<\/p>\n<\/td>\n<td valign=\"top\" width=\"264\">Sociolog\u00eda<\/td>\n<td valign=\"top\" width=\"192\">\n<p align=\"center\">211<\/p>\n<\/td>\n<\/tr>\n<\/tbody>\n<\/table>\n<p>&nbsp;<\/p>\n<table style=\"height: 113px;\" border=\"1\" width=\"373\" cellspacing=\"0\" cellpadding=\"0\">\n<tbody>\n<tr>\n<td valign=\"top\" width=\"121\">\n<p align=\"center\"><strong>Grupo<\/strong><\/p>\n<\/td>\n<td valign=\"top\" width=\"264\">\n<p align=\"center\"><strong>Carrera<\/strong><\/p>\n<\/td>\n<td valign=\"top\" width=\"192\">\n<p align=\"center\"><strong>Sal\u00f3n<\/strong><\/p>\n<\/td>\n<\/tr>\n<tr>\n<td valign=\"top\" width=\"121\">\n<p align=\"center\">1<\/p>\n<\/td>\n<td valign=\"top\" width=\"264\">Ciencia Pol\u00edtica<\/td>\n<td valign=\"top\" width=\"192\">\n<p align=\"center\">205<\/p>\n<\/td>\n<\/tr>\n<\/tbody>\n<\/table>\n<p><strong>\u00a0<\/strong><\/p>\n<p><strong>\u00a0<\/strong><\/p>\n<p><strong>\u00a0<\/strong><\/p>\n<p><strong>\u00a0<\/strong><\/p>\n","protected":false},"excerpt":{"rendered":"<p>&nbsp; Universidad de San Carlos de Guatemala Escuela de Ciencia Pol\u00edtica PROCESO DE SOCIALIZACION DE LA PROPUESTA\u00a0DE READECUACION CURRICULAR \u00a0DISTRIBUCI\u00d3N\u00a0DE SALONES DE TRABAJO\u00a0 EGRESADOS Grupo Carrera Sal\u00f3n 1 Relaciones Internacionales 210 &nbsp; Grupo Carrera Sal\u00f3n 1 Sociolog\u00eda 211 &nbsp; Grupo Carrera Sal\u00f3n 1 Ciencia Pol\u00edtica 205 \u00a0 \u00a0 \u00a0 \u00a0<\/p>\n","protected":false},"author":1,"featured_media":0,"parent":864,"menu_order":0,"comment_status":"closed","ping_status":"closed","template":"","meta":[],"_links":{"self":[{"href":"https:\/\/cienciapolitica.usac.edu.gt\/index.php?rest_route=\/wp\/v2\/pages\/223"}],"collection":[{"href":"https:\/\/cienciapolitica.usac.edu.gt\/index.php?rest_route=\/wp\/v2\/pages"}],"about":[{"href":"https:\/\/cienciapolitica.usac.edu.gt\/index.php?rest_route=\/wp\/v2\/types\/page"}],"author":[{"embeddable":true,"href":"https:\/\/cienciapolitica.usac.edu.gt\/index.php?rest_route=\/wp\/v2\/users\/1"}],"replies":[{"embeddable":true,"href":"https:\/\/cienciapolitica.usac.edu.gt\/index.php?rest_route=%2Fwp%2Fv2%2Fcomments&post=223"}],"version-history":[{"count":6,"href":"https:\/\/cienciapolitica.usac.edu.gt\/index.php?rest_route=\/wp\/v2\/pages\/223\/revisions"}],"predecessor-version":[{"id":2405,"href":"https:\/\/cienciapolitica.usac.edu.gt\/index.php?rest_route=\/wp\/v2\/pages\/223\/revisions\/2405"}],"up":[{"embeddable":true,"href":"https:\/\/cienciapolitica.usac.edu.gt\/index.php?rest_route=\/wp\/v2\/pages\/864"}],"wp:attachment":[{"href":"https:\/\/cienciapolitica.usac.edu.gt\/index.php?rest_route=%2Fwp%2Fv2%2Fmedia&parent=223"}],"curies":[{"name":"wp","href":"https:\/\/api.w.org\/{rel}","templated":true}]}}