{"id":10745,"date":"2025-10-28T16:45:56","date_gmt":"2025-10-28T16:45:56","guid":{"rendered":"https:\/\/cienciapolitica.usac.edu.gt\/?page_id=10745"},"modified":"2026-03-04T14:26:14","modified_gmt":"2026-03-04T14:26:14","slug":"relaciones-internacionales-semestre-2-2025","status":"publish","type":"page","link":"https:\/\/cienciapolitica.usac.edu.gt\/?page_id=10745","title":{"rendered":"Relaciones Internacionales &#8211; Semestre 2- 2025"},"content":{"rendered":"\n<figure class=\"wp-block-table\"><table class=\"has-background\" style=\"background:linear-gradient(232deg,rgb(255,245,203) 0%,rgb(182,227,212) 50%,rgb(51,167,181) 100%)\"><tbody><tr><td colspan=\"4\"><strong>CUARTO CICLO SECCI\u00d3N A<\/strong><\/td><\/tr><tr><td><strong>CODIGO<\/strong><\/td><td><strong>CURSO<\/strong><\/td><td><strong>PROFESOR (A)<\/strong><\/td><td><strong>VER ACTA<\/strong><\/td><\/tr><tr><td>18<\/td><td>METODOLOG\u00cdA DE LAS CIENCIAS SOCIALES IV<\/td><td>MTRA. FLOR DE MAR\u00cdA SAP\u00d3N<\/td><td><a href=\"https:\/\/drive.google.com\/file\/d\/1lsrpg3N9TFiDBjNh1Sq1He-ClNOBWbSh\/view?usp=sharing\" target=\"_blank\" rel=\"noreferrer noopener\">FINAL<\/a><\/td><\/tr><tr><td>19<\/td><td>MICRO Y MACROECONOM\u00cdA<\/td><td>MTRA. MAR\u00cdA ELENA IZQUIERDO<\/td><td><a rel=\"noreferrer noopener\" href=\"https:\/\/drive.google.com\/file\/d\/156x0PEMlm82TTS0FUfIc47eC2Bksyshy\/view?usp=sharing\" target=\"_blank\">FINAL<\/a><br><a href=\"https:\/\/drive.google.com\/file\/d\/1QkZXhT-jYGoPKMGoqHX-yOM4O9VOlmXp\/view?usp=sharing\" target=\"_blank\" rel=\"noreferrer noopener\">1ra. Oportunidad<\/a><\/td><\/tr><tr><td>62<\/td><td>TEOR\u00cdA DE LAS RELACIONES INTERNACIONALES I<\/td><td>MTRA. BEATRIZ BOLA\u00d1OS SAGASTUME<\/td><td><a href=\"https:\/\/drive.google.com\/file\/d\/17_X5Fpc5b9DV-ycq87Vg93almEsm94hl\/view?usp=drive_link\" target=\"_blank\" rel=\"noreferrer noopener\">FINAL<\/a><\/td><\/tr><tr><td>63<\/td><td>AN\u00c1LISIS DE POL\u00cdTICA INTERNACIONAL I<\/td><td>LIC. SERGIO CABRIA<\/td><td><a href=\"https:\/\/drive.google.com\/file\/d\/1_rH0BRWb8BuFZUHycWUavxKBfYCS-SLH\/view?usp=sharing\" target=\"_blank\" rel=\"noreferrer noopener\">FINAL<\/a><\/td><\/tr><tr><td>65<\/td><td>TEOR\u00cdAS DE LA SEGURIDAD INTERNACIONAL<\/td><td>MTRO. LUIS ABRAHAM BOROR RAM\u00cdREZ<\/td><td><a rel=\"noreferrer noopener\" href=\"https:\/\/drive.google.com\/file\/d\/1zs2Gem7GOY-Rmm5-1pNgtO5KVgfdZ8Uf\/view?usp=sharing\" target=\"_blank\">FINAL<\/a><br><a rel=\"noreferrer noopener\" href=\"https:\/\/drive.google.com\/file\/d\/1Scr4IgAqqfpHQxrct8NW9zc7aGoCzoSp\/view?usp=sharing\" target=\"_blank\">1ra. Oportunidad<\/a><br><a href=\"https:\/\/drive.google.com\/file\/d\/1kG3h_FTEu4HivwYhd7ydH9N-msUwdffC\/view?usp=sharing\" target=\"_blank\" rel=\"noreferrer noopener\">2da. Oportunidad<\/a><\/td><\/tr><tr><td colspan=\"4\"><strong>CUARTO CICLO SECCI\u00d3N B<\/strong><\/td><\/tr><tr><td><strong>CODIGO<\/strong><\/td><td><strong>CURSO<\/strong><\/td><td><strong>PROFESOR (A)<\/strong><\/td><td><strong>VER ACTA<\/strong><\/td><\/tr><tr><td>18<\/td><td>METODOLOG\u00cdA DE LAS CIENCIAS SOCIALES IV<\/td><td>MTRO. CARLOS ROBERTO MONZ\u00d3N<\/td><td><a href=\"https:\/\/drive.google.com\/file\/d\/1JW-dhNvvQ7HE71DPUxSwxOWAOpopa0ij\/view?usp=drive_link\" target=\"_blank\" rel=\"noreferrer noopener\">&nbsp;FINAL<\/a><\/td><\/tr><tr><td>19<\/td><td>MICRO Y MACROECONOM\u00cdA<\/td><td>MTRA. MAR\u00cdA ELENA IZQUIERDO<\/td><td><a rel=\"noreferrer noopener\" href=\"https:\/\/drive.google.com\/file\/d\/14DZUihYus856XDYFHZTkFaFk03p7VGxI\/view?usp=drive_link\" target=\"_blank\">FINAL<\/a><br><a rel=\"noreferrer noopener\" href=\"https:\/\/drive.google.com\/file\/d\/1-J93q9jKKs1K9hfiKgOMmwqcqnxRPDI3\/view?usp=sharing\" target=\"_blank\">1ra. Oportunidad<\/a><br><a href=\"https:\/\/drive.google.com\/file\/d\/1WGyOeW5krcs-zbSuMl3EsmQow2dny5IH\/view?usp=sharing\" target=\"_blank\" rel=\"noreferrer noopener\">2da. Oportunidad<\/a><\/td><\/tr><tr><td>62<\/td><td>TEOR\u00cdA DE LAS RELACIONES INTERNACIONALES I<\/td><td>MTRA. BEATRIZ BOLA\u00d1OS SAGASTUME<\/td><td><a href=\"https:\/\/drive.google.com\/file\/d\/1ppkWWA3LYDK_haS2R0RbaYqOtxf4JvaK\/view?usp=sharing\" target=\"_blank\" rel=\"noreferrer noopener\">FINAL<\/a><\/td><\/tr><tr><td>63<\/td><td>AN\u00c1LISIS DE POL\u00cdTICA INTERNACIONAL I<\/td><td>MTRA. M\u00d3NICA GABRIELA ROMERO<\/td><td><a rel=\"noreferrer noopener\" href=\"https:\/\/drive.google.com\/file\/d\/18aVAaubI6oelt9gmcxCoZnCNN_sEqaUl\/view?usp=sharing\" target=\"_blank\">FINAL<\/a>&nbsp;<br><a href=\"https:\/\/drive.google.com\/file\/d\/1G_vl4hnxbD-359PI0F0FBFrtnhTxm6U9\/view?usp=sharing\" target=\"_blank\" rel=\"noreferrer noopener\">2da. Oportunidad<\/a><\/td><\/tr><tr><td>64<\/td><td>TEOR\u00cdA PARA EL AN\u00c1LISIS POL\u00cdTICO INTERNACIONAL<\/td><td>MTRO. SELVIN D\u00cdAZ<\/td><td><a rel=\"noreferrer noopener\" href=\"https:\/\/drive.google.com\/file\/d\/1M_hh6mQDpDYhz1B9fFKdMoiOnvuM4P_v\/view?usp=sharing\" target=\"_blank\">FINAL<\/a><br><a rel=\"noreferrer noopener\" href=\"https:\/\/drive.google.com\/file\/d\/17cmO4keYtto6r5ec1mUo5y4z9toybEkg\/view?usp=sharing\" target=\"_blank\">1ra. Oportunidad<\/a><br><a href=\"https:\/\/drive.google.com\/file\/d\/1gOahv3Kxtr7FMhG4eZEuciMURBSLM0FY\/view?usp=sharing\" target=\"_blank\" rel=\"noreferrer noopener\">2da. Oportunidad<\/a><\/td><\/tr><tr><td colspan=\"4\"><strong>SEXTO CICLO SECCI\u00d3N A<\/strong><\/td><\/tr><tr><td><strong>CODIGO<\/strong><\/td><td><strong>CURSO<\/strong><\/td><td><strong>PROFESOR (A)<\/strong><\/td><td><strong>VER ACTA<\/strong><\/td><\/tr><tr><td>31<\/td><td>HISTORIA DE GUATEMALA III<\/td><td>LICDA. CELIA FLORES<\/td><td><a href=\"https:\/\/drive.google.com\/file\/d\/1Wog7EA7sVSvaKG0oAQ1bP_EubRgefwhb\/view?usp=sharing\" target=\"_blank\" rel=\"noreferrer noopener\">FINAL<\/a>&nbsp;<\/td><\/tr><tr><td>71<\/td><td>COMERCIO INTERNACIONAL<\/td><td>LICDA. ESTEFANY GIR\u00d3N LINARES<\/td><td><a rel=\"noreferrer noopener\" href=\"https:\/\/drive.google.com\/file\/d\/19VaN-2NpwRPtjzY1qMGJqc7iqEcg-JUp\/view?usp=sharing\" target=\"_blank\">FINAL<\/a><br><a href=\"https:\/\/drive.google.com\/file\/d\/1BSSBXPlP_-gaLT6EOVzcKJgA6eSxnjqa\/view?usp=drive_link\" target=\"_blank\" rel=\"noreferrer noopener\">1o. Recuperaci\u00f3n<\/a><\/td><\/tr><tr><td>72<\/td><td>ORGANISMOS INTERNACIONALES I<\/td><td>LICDA. ALEJANDRA MOREIRA<\/td><td><a rel=\"noreferrer noopener\" href=\"https:\/\/drive.google.com\/file\/d\/1DuQG6VkTQHsa3ifkyzlREDBiT7_sVdPV\/view?usp=drive_link\" target=\"_blank\">&nbsp;FINAL<\/a><br><a href=\"https:\/\/drive.google.com\/file\/d\/1_EWJPn1pGYIreSOgFWJmVXW-4IV-C14T\/view?usp=drive_link\" target=\"_blank\" rel=\"noreferrer noopener\">Complementaria<\/a><\/td><\/tr><tr><td>73<\/td><td>DERECHO CONSULAR Y DIPLOM\u00c1TICO<\/td><td>LICDA. CARMEN ANZUETO<\/td><td><a href=\"https:\/\/drive.google.com\/file\/d\/1rC55Joo7L2-dPuxLCN-h5AY2RY78hLm5\/view?usp=sharing\" target=\"_blank\" rel=\"noreferrer noopener\">FINAL<\/a><\/td><\/tr><tr><td>75<\/td><td>ESTRUCTURA, ACTORES E INSTITUCIONES DE SEGURIDAD INTERNACIONAL<\/td><td>LICDA. INGRID RIVERA BARILLAS<\/td><td><a href=\"https:\/\/drive.google.com\/file\/d\/1lj6UpBrSQuRNO6aZLWGKQ3ChJ1x2YoMP\/view?usp=sharing\" target=\"_blank\" rel=\"noreferrer noopener\">FINAL<\/a><\/td><\/tr><tr><td colspan=\"4\"><strong>SEXTO CICLO SECCI\u00d3N B<\/strong><\/td><\/tr><tr><td><strong>CODIGO<\/strong><\/td><td><strong>CURSO<\/strong><\/td><td><strong>PROFESOR (A)<\/strong><\/td><td><strong>VER ACTA<\/strong><\/td><\/tr><tr><td>31<\/td><td>HISTORIA DE GUATEMALA III<\/td><td>LICDA. EUNICE RODR\u00cdGUEZ<\/td><td><a href=\"https:\/\/drive.google.com\/file\/d\/1wJL0obflQLJeDNv7YKKvUXSrURZAtaaP\/view?usp=sharing\" target=\"_blank\" rel=\"noreferrer noopener\">FINAL<\/a><\/td><\/tr><tr><td>71<\/td><td>COMERCIO INTERNACIONAL<\/td><td>MTRA. BEATRIZ BOLA\u00d1OS SAGASTUME<\/td><td><a href=\"https:\/\/drive.google.com\/file\/d\/191-Prpr1bCSFeDlNvlCogWgP51iqug-W\/view?usp=sharing\" target=\"_blank\" rel=\"noreferrer noopener\">FINAL<\/a><\/td><\/tr><tr><td>72<\/td><td>ORGANISMOS INTERNACIONALES I<\/td><td>MTRA. MAYRA DEL ROSARIO VILLATORO<\/td><td><a rel=\"noreferrer noopener\" href=\"https:\/\/drive.google.com\/file\/d\/1AwvnjNio87N9BQIZb8JQ5WGG1qPjz-Gv\/view?usp=sharing\" target=\"_blank\">FINAL&nbsp;<\/a><br><a href=\"https:\/\/drive.google.com\/file\/d\/1S2Uau9iNIsqmvlbEfKV_u2uPrk4K3wp7\/view?usp=sharing\" target=\"_blank\" rel=\"noreferrer noopener\">2da. Oportunidad<\/a><\/td><\/tr><tr><td>73<\/td><td>DERECHO CONSULAR Y DIPLOM\u00c1TICO<\/td><td>MTRA. JENNIFER LISETH CHAC\u00d3N<\/td><td><a href=\"https:\/\/drive.google.com\/file\/d\/1ItMVIcCYahgUsXiagib16NOikjK3IfbO\/view?usp=sharing\" target=\"_blank\" rel=\"noreferrer noopener\">FINAL<\/a><\/td><\/tr><tr><td>74<\/td><td>PROBLEMAS MUNDIALES<\/td><td>MTRO. SECIL DE LE\u00d3N<\/td><td><a href=\"https:\/\/drive.google.com\/file\/d\/13-yyuSQPsl1cjvMp87HQco5mw0MXA3Q6\/view?usp=drive_link\" target=\"_blank\" rel=\"noreferrer noopener\">&nbsp;FINAL<\/a><\/td><\/tr><tr><td colspan=\"4\"><strong>OCTAVO CICLO SECCI\u00d3N A<\/strong><\/td><\/tr><tr><td><strong>CODIGO<\/strong><\/td><td><strong>CURSO<\/strong><\/td><td><strong>PROFESOR (A)<\/strong><\/td><td><strong>VER ACTA<\/strong><\/td><\/tr><tr><td>43<\/td><td>DISE\u00d1O DE INVESTIGACI\u00d3N DE TESIS I<\/td><td>LIC. WILLIAM RAM\u00cdREZ<\/td><td><a href=\"https:\/\/drive.google.com\/file\/d\/1_L39l96fylXkccayVl7UWfYCGPFULtY7\/view?usp=sharing\" target=\"_blank\" rel=\"noreferrer noopener\">FINAL<\/a><\/td><\/tr><tr><td>82<\/td><td>POL\u00cdTICA EXTERIOR DE GUATEMALA<\/td><td>MTRO. SERGIO ALEJANDRO MART\u00cdNEZ<\/td><td><a href=\"https:\/\/drive.google.com\/file\/d\/1Blj22hBxIzGCTfExCPBTYYWbTyjQl64-\/view?usp=sharing\" target=\"_blank\" rel=\"noreferrer noopener\">FINAL<\/a>&nbsp;<\/td><\/tr><tr><td>83<\/td><td>ESTRUCTURA Y L\u00d3GICA DEL PODER MUNDIAL<\/td><td>MTRA. MARIELY CARRILLO T\u00d3RTOLA<\/td><td><a href=\"https:\/\/drive.google.com\/file\/d\/1JCy6NeBdZCX07Fqfsrxh4QXuAvga3bg2\/view?usp=sharing\" target=\"_blank\" rel=\"noreferrer noopener\">FINAL<\/a><\/td><\/tr><tr><td>84<\/td><td>NEGOCIACI\u00d3N INTERNACIONAL<\/td><td>MTRO. LUIS RODOLFO D\u00c1VILA S\u00c1NCHEZ<\/td><td><a href=\"https:\/\/drive.google.com\/file\/d\/1dgbQ4u-FEyJpzFov0Px-F4TXgibFOIl6\/view?usp=sharing\" target=\"_blank\" rel=\"noreferrer noopener\">FINAL<\/a><\/td><\/tr><tr><td>86<\/td><td>AN\u00c1LISIS ESTRAT\u00c9GICO INTERNO E INTERNACIONAL<\/td><td>MTRA. VER\u00d3NICA YOC \u00c1VILA<\/td><td><a href=\"https:\/\/drive.google.com\/file\/d\/1oEiA6lBliA7CXOUPdUBClNXOTnshpY8M\/view?usp=sharing\" target=\"_blank\" rel=\"noreferrer noopener\">FINAL<\/a><\/td><\/tr><tr><td colspan=\"4\"><strong>OCTAVO CICLO SECCI\u00d3N B<\/strong><\/td><\/tr><tr><td><strong>CODIGO<\/strong><\/td><td><strong>CURSO<\/strong><\/td><td><strong>PROFESOR (A)<\/strong><\/td><td><strong>VER ACTA<\/strong><\/td><\/tr><tr><td>43<\/td><td>DISE\u00d1O DE INVESTIGACI\u00d3N DE TESIS I<\/td><td>LICDA. JEIMY NAIROBI G\u00d3MEZ<\/td><td><a href=\"https:\/\/drive.google.com\/file\/d\/1xhqGeaCFtpInS2i8HX-pppwFr3X7MIuO\/view?usp=sharing\" target=\"_blank\" rel=\"noopener\">FINAL<\/a><\/td><\/tr><tr><td>82<\/td><td>POL\u00cdTICA EXTERIOR DE GUATEMALA<\/td><td>MTRA. MAYRA DEL ROSARIO VILLATORO<\/td><td><a rel=\"noreferrer noopener\" href=\"https:\/\/drive.google.com\/file\/d\/1yBIjU7XHYAXb8pcyO4ioThTiwKF1owUz\/view?usp=sharing\" target=\"_blank\">FINAL<\/a><br><a href=\"https:\/\/drive.google.com\/file\/d\/1IN5rGN2Q3eikHi-KlK8Qp0dPWmtu9UCi\/view?usp=sharing\" target=\"_blank\" rel=\"noreferrer noopener\">2da. Oportunidad<\/a><\/td><\/tr><tr><td>83<\/td><td>ESTRUCTURA Y L\u00d3GICA DEL PODER MUNDIAL<\/td><td>MTRO. FRANCISCO JOS\u00c9 LEMUS MIRANDA<\/td><td><a href=\"https:\/\/drive.google.com\/file\/d\/1l6DPnAGOxNSp96ffLwWvCr87uReI3Mkq\/view?usp=sharing\" target=\"_blank\" rel=\"noreferrer noopener\">FINAL<\/a>&nbsp;<\/td><\/tr><tr><td>84<\/td><td>NEGOCIACI\u00d3N INTERNACIONAL<\/td><td>LICDA. THELMA S\u00c1NCHEZ<\/td><td><a href=\"https:\/\/drive.google.com\/file\/d\/14YGqDStYcgszuw41DxIgURTvMCwNxcWw\/view?usp=sharing\" target=\"_blank\" rel=\"noopener\">FINAL<\/a><\/td><\/tr><tr><td>85<\/td><td>FORMULACI\u00d3N AN\u00c1LISIS Y EVALUACI\u00d3N DE POL\u00cdTICA PUBLICA I<\/td><td>MTRA. GEIDY MAGALY DE MATA MEDRANO<\/td><td><a href=\"https:\/\/drive.google.com\/file\/d\/1vKOF-Km5EXu_asUz0DbCN9bhRzwx5qQb\/view?usp=sharing\" target=\"_blank\" rel=\"noreferrer noopener\">FINAL<\/a>&nbsp;<\/td><\/tr><tr><td colspan=\"4\"><strong>OCTAVO CICLO SECCI\u00d3N C<\/strong><\/td><\/tr><tr><td><strong>CODIGO<\/strong><\/td><td><strong>CURSO<\/strong><\/td><td><strong>PROFESOR (A)<\/strong><\/td><td><strong>VER ACTA<\/strong><\/td><\/tr><tr><td>43<\/td><td>DISE\u00d1O DE INVESTIGACI\u00d3N DE TESIS I<\/td><td>MTRA. KARIN M\u00c9RIDA<\/td><td><a href=\"https:\/\/drive.google.com\/file\/d\/18qzmYbjwIHXHUzHrMRC7bBKxaSwN6o2T\/view?usp=sharing\" target=\"_blank\" rel=\"noreferrer noopener\">FINAL<\/a>&nbsp;<\/td><\/tr><tr><td>82<\/td><td>POL\u00cdTICA EXTERIOR DE GUATEMALA<\/td><td>LIC. DIEGO ALEJANDRO PALMA<\/td><td><a href=\"https:\/\/drive.google.com\/file\/d\/1b0RWJP5uOpX7_QEJWkKVOY9B2tnPCsz3\/view?usp=sharing\" target=\"_blank\" rel=\"noreferrer noopener\">FINAL<\/a><\/td><\/tr><tr><td>83<\/td><td>ESTRUCTURA Y L\u00d3GICA DEL PODER MUNDIAL<\/td><td>MTRO. SERGIO ALEJANDRO MART\u00cdNEZ<\/td><td><a href=\"https:\/\/drive.google.com\/file\/d\/1Q1fTkQc4ItaqMXEfTrpvg85y0XtwLg5-\/view?usp=sharing\" target=\"_blank\" rel=\"noreferrer noopener\">FINAL<\/a><\/td><\/tr><tr><td>84<\/td><td>NEGOCIACI\u00d3N INTERNACIONAL<\/td><td>MTRO. LUIS FERNANDO DE LE\u00d3N LAPARRA<\/td><td><a rel=\"noreferrer noopener\" href=\"https:\/\/drive.google.com\/file\/d\/1A7RY4AyiXkS6km61CyhAB0DUng8jAX7j\/view?usp=sharing\" target=\"_blank\">FINAL<\/a><\/td><\/tr><tr><td>85<\/td><td>FORMULACI\u00d3N AN\u00c1LISIS Y EVALUACI\u00d3N DE POL\u00cdTICA PUBLICA I<\/td><td>MTRA. EKATERINA PARRILLA<\/td><td><a href=\"https:\/\/drive.google.com\/file\/d\/11-QhGyBaUj5r8D9p6DP5EcN5gZ2x8uxc\/view?usp=sharing\" target=\"_blank\" rel=\"noreferrer noopener\">FINAL<\/a>&nbsp;<\/td><\/tr><tr><td colspan=\"4\"><strong>D\u00c9CIMO CICLO SECCI\u00d3N A<\/strong><\/td><\/tr><tr><td><strong>CODIGO<\/strong><\/td><td><strong>CURSO<\/strong><\/td><td><strong>PROFESOR (A)<\/strong><\/td><td><strong>VER ACTA<\/strong><\/td><\/tr><tr><td>55<\/td><td>INFORME DE TESIS<\/td><td>MTRA. PAOLA GONZ\u00c1LEZ ROSALES<\/td><td><a href=\"https:\/\/drive.google.com\/file\/d\/1bwabjPqu-mTCVXBe14Xgwc-CXDthTE31\/view?usp=sharing\" target=\"_blank\" rel=\"noreferrer noopener\">FINAL<\/a><\/td><\/tr><tr><td>99<\/td><td>GESTION DE SEGURIDAD, CRISIS Y EMERGENCIAS<\/td><td>MTRO. HECTOR ALEJANDRO ARAG\u00d3N<\/td><td><a href=\"https:\/\/drive.google.com\/file\/d\/1KLX4Z2Fr335okCJteN2yzhw02m5C1qDc\/view?usp=sharing\" target=\"_blank\" rel=\"noreferrer noopener\">FINAL<\/a><\/td><\/tr><tr><td>100<\/td><td>SEM. DE AN\u00c1LISIS DE VULNERABILIDAD, GEST. DE RIESGOS Y AYUDA HUMANITARIA<\/td><td>DR. JORGE CALVO DRAGO<\/td><td><a href=\"https:\/\/drive.google.com\/file\/d\/1ScD95JLedtcJwZVFR-UKsf7ZRADCkxE2\/view?usp=sharing\" target=\"_blank\" rel=\"noreferrer noopener\">FINAL<\/a><\/td><\/tr><tr><td>101<\/td><td>AN\u00c1LISIS Y CONSTRUCCI\u00d3N DE ESCENARIOS DE SEG. NAC. E INTERNAC.<\/td><td>DR. CARLOS FREDY OCHOA<\/td><td><a href=\"https:\/\/drive.google.com\/file\/d\/1lViFfLLI8uoZcz7y7zC__VhgxeOT-12x\/view?usp=sharing\" target=\"_blank\" rel=\"noreferrer noopener\">FINAL<\/a><\/td><\/tr><tr><td>102<\/td><td>FORMULACI\u00d3N, AN\u00c1LISIS Y EV. DE POL\u00cdTICAS P\u00daBLICAS DE SEG.<\/td><td>LICDA. INGRID RIVERA BARILLAS<\/td><td><a href=\"https:\/\/drive.google.com\/file\/d\/1slxpSGvLyhqNrxztbWcO2tYidsgH_YEL\/view?usp=sharing\" target=\"_blank\" rel=\"noreferrer noopener\">FINAL<\/a><\/td><\/tr><tr><td colspan=\"4\"><strong>D\u00c9CIMO CICLO SECCI\u00d3N B<\/strong><\/td><\/tr><tr><td><strong>CODIGO<\/strong><\/td><td><strong>CURSO<\/strong><\/td><td><strong>PROFESOR (A)<\/strong><\/td><td><strong>VER ACTA<\/strong><\/td><\/tr><tr><td>55<\/td><td>INFORME DE TESIS<\/td><td>LICDA. ANA CANEK<\/td><td><a href=\"https:\/\/drive.google.com\/file\/d\/10lN18itkjpHuZBiqZSyUQuv7XMZLHRWc\/view?usp=drive_link\" target=\"_blank\" rel=\"noreferrer noopener\"> FINAL<\/a><\/td><\/tr><tr><td>91<\/td><td>ESTUDIOS REGIONALES: LA UNION EUROPEA<\/td><td>MTRO. SECIL DE LE\u00d3N<\/td><td><a rel=\"noreferrer noopener\" href=\"https:\/\/drive.google.com\/file\/d\/1_wPrd1qfP2sjshjTiE1RdxQAMj0JI0rO\/view?usp=drive_link\" target=\"_blank\">FINAL<\/a><br> <a href=\"https:\/\/drive.google.com\/file\/d\/1toZ_aaZiMV_NwGw8m3neZWVePCD8E50A\/view?usp=drive_link\" target=\"_blank\" rel=\"noreferrer noopener\">1Ra._Oportunidad<\/a><\/td><\/tr><tr><td>92<\/td><td>ESTUDIOS REGIONALES: ASIA Y MEDIO ORIENTE<\/td><td>LIC. LUIS DAVID WINTHER LUTHER<\/td><td><a href=\"https:\/\/drive.google.com\/file\/d\/1BmoUE5OBIrTqdNx96MIOeMbvZ000QFoh\/view?usp=sharing\" target=\"_blank\" rel=\"noreferrer noopener\">FINAL<\/a><\/td><\/tr><tr><td>93<\/td><td>AN\u00c1LISIS Y CONSTRUCCI\u00d3N DE ESCENARIOS POL\u00cdTICOS INTERNACIONALES<\/td><td>LIC. RANFERY MONTUFAR<\/td><td><a rel=\"noreferrer noopener\" href=\"https:\/\/drive.google.com\/file\/d\/1_6y8HIROz-UomcI2gcLAvSbRPoxTmtDh\/view?usp=sharing\" target=\"_blank\">FINAL<\/a>&nbsp;<br><a href=\"https:\/\/drive.google.com\/file\/d\/1NABjNZuyEJ3nVNm2kXc69sk8RWAkTYKy\/view?usp=sharing\" target=\"_blank\" rel=\"noreferrer noopener\">2da. Oportunidad<\/a><\/td><\/tr><tr><td>94<\/td><td>FORMULACI\u00d3N, AN\u00c1LISIS Y EVALUACI\u00d3N DE POL\u00cdTICA P\u00daBLICA II<\/td><td>LICDA. INGRID RIVERA BARILLAS<\/td><td><a href=\"https:\/\/drive.google.com\/file\/d\/1ghqHkTusZXNi3k2DEXYeLxGelmQaBEAs\/view?usp=sharing\" target=\"_blank\" rel=\"noreferrer noopener\">FINAL<\/a><\/td><\/tr><\/tbody><\/table><\/figure>\n\n\n\n<div class=\"wp-block-buttons is-layout-flex\">\n<div class=\"wp-block-button\"><a class=\"wp-block-button__link has-vivid-cyan-blue-to-vivid-purple-gradient-background has-background wp-element-button\" href=\"https:\/\/cienciapolitica.usac.edu.gt\/?page_id=10721(abre en una nueva pesta\u00f1a)\">REGRESAR<\/a><\/div>\n<\/div>\n","protected":false},"excerpt":{"rendered":"<p>CUARTO CICLO SECCI\u00d3N A CODIGO CURSO PROFESOR (A) VER ACTA 18 METODOLOG\u00cdA DE LAS CIENCIAS SOCIALES IV MTRA. FLOR DE MAR\u00cdA SAP\u00d3N FINAL 19 MICRO Y MACROECONOM\u00cdA MTRA. MAR\u00cdA ELENA IZQUIERDO FINAL1ra. Oportunidad 62 TEOR\u00cdA DE LAS RELACIONES INTERNACIONALES I MTRA. BEATRIZ BOLA\u00d1OS SAGASTUME FINAL 63 AN\u00c1LISIS DE POL\u00cdTICA INTERNACIONAL I LIC. SERGIO CABRIA FINAL [&hellip;]<\/p>\n","protected":false},"author":101013,"featured_media":0,"parent":0,"menu_order":0,"comment_status":"closed","ping_status":"closed","template":"","meta":[],"_links":{"self":[{"href":"https:\/\/cienciapolitica.usac.edu.gt\/index.php?rest_route=\/wp\/v2\/pages\/10745"}],"collection":[{"href":"https:\/\/cienciapolitica.usac.edu.gt\/index.php?rest_route=\/wp\/v2\/pages"}],"about":[{"href":"https:\/\/cienciapolitica.usac.edu.gt\/index.php?rest_route=\/wp\/v2\/types\/page"}],"author":[{"embeddable":true,"href":"https:\/\/cienciapolitica.usac.edu.gt\/index.php?rest_route=\/wp\/v2\/users\/101013"}],"replies":[{"embeddable":true,"href":"https:\/\/cienciapolitica.usac.edu.gt\/index.php?rest_route=%2Fwp%2Fv2%2Fcomments&post=10745"}],"version-history":[{"count":83,"href":"https:\/\/cienciapolitica.usac.edu.gt\/index.php?rest_route=\/wp\/v2\/pages\/10745\/revisions"}],"predecessor-version":[{"id":11288,"href":"https:\/\/cienciapolitica.usac.edu.gt\/index.php?rest_route=\/wp\/v2\/pages\/10745\/revisions\/11288"}],"wp:attachment":[{"href":"https:\/\/cienciapolitica.usac.edu.gt\/index.php?rest_route=%2Fwp%2Fv2%2Fmedia&parent=10745"}],"curies":[{"name":"wp","href":"https:\/\/api.w.org\/{rel}","templated":true}]}}