{"id":10109,"date":"2025-05-06T02:06:10","date_gmt":"2025-05-06T02:06:10","guid":{"rendered":"https:\/\/cienciapolitica.usac.edu.gt\/?page_id=10109"},"modified":"2025-08-29T01:43:52","modified_gmt":"2025-08-29T01:43:52","slug":"actas-de-pensum-introductorio","status":"publish","type":"page","link":"https:\/\/cienciapolitica.usac.edu.gt\/?page_id=10109","title":{"rendered":"ACTAS DE PENSUM INTRODUCTORIO"},"content":{"rendered":"\n<div class=\"wp-block-columns is-layout-flex wp-container-3\">\n<div class=\"wp-block-column is-layout-flow\">\n<div class=\"wp-block-buttons is-layout-flex\"><\/div>\n\n\n\n<p><a href=\"https:\/\/cienciapolitica.usac.edu.gt\/?page_id=10105\">Regresar<\/a><\/p>\n<\/div>\n<\/div>\n\n\n\n<p>Primer ciclo secci\u00f3n A<\/p>\n\n\n\n<div class=\"wp-block-columns is-layout-flex wp-container-5\">\n<div class=\"wp-block-column is-layout-flow\">\n<figure class=\"wp-block-table has-small-font-size\"><table class=\"has-pale-ocean-gradient-background has-background\"><thead><tr><td><strong>C\u00f3digo<\/strong><\/td><td><strong>Curso<\/strong><\/td><td><strong>Docente<\/strong><\/td><td><strong>Acta Final <\/strong>    <\/td><td><strong>Acta de recuperaci\u00f3n<\/strong><\/td><\/tr><\/thead><tbody><tr><td>001<\/td><td>CIENCIA POLITICA I<\/td><td>LICDA CARMEN AMANDA ALVAREZ<\/td><td><a rel=\"noreferrer noopener\" href=\"https:\/\/drive.google.com\/file\/d\/1niCrBcnjjieVdCI8g6gExDRbB-92_EHh\/view?usp=sharing\" target=\"_blank\">Ver Acta<\/a><\/td><td><a rel=\"noreferrer noopener\" href=\"https:\/\/drive.google.com\/file\/d\/1NEmDGOPyQRbx2LfELxgkrDi4Wso7rJ-3\/view?usp=sharing\" target=\"_blank\">1RA. OPORTUNIDAD<\/a><br> <br><a href=\"https:\/\/drive.google.com\/file\/d\/1lSyBr7t2JiSdbTXalkjPuCydpiuwbsZT\/view?usp=sharing\" target=\"_blank\" rel=\"noreferrer noopener\">2DA. OPORTUNIDAD<\/a><\/td><\/tr><tr><td>002<\/td><td>SOCIOLOGIA I<\/td><td>LIC. MANUEL CUPERTINO RIVERA RIVERA<\/td><td><a href=\"https:\/\/drive.google.com\/file\/d\/1e64cUUA1eagnhknE_J_SGRxTRpxMdDJQ\/view?usp=sharing\" target=\"_blank\" rel=\"noreferrer noopener\">Ver Acta<\/a><\/td><td><a rel=\"noreferrer noopener\" href=\"https:\/\/drive.google.com\/file\/d\/10TODfH4j8ZvaYdPhILsjOb6vetUtlc1E\/view?usp=sharing\" target=\"_blank\">1RA. OPORTUNIDAD<\/a><br><br><a href=\"https:\/\/drive.google.com\/file\/d\/1SakFN4zCDqFSqo9Yv0tyZcDBloorzAui\/view?usp=sharing\" target=\"_blank\" rel=\"noreferrer noopener\">2DA. OPORTUNIDAD<\/a><\/td><\/tr><tr><td>003<\/td><td>RELACIONES INTERNACIONALES I<\/td><td>MTRO. JOS\u00c9 CORTEZ CHAC\u00d3N<\/td><td><a href=\"https:\/\/drive.google.com\/file\/d\/181bRGF3S0vO2WgQIGKh7w1TAYnb2YW-r\/view?usp=sharing\" target=\"_blank\" rel=\"noreferrer noopener\">Ver Acta<\/a><\/td><td><a rel=\"noreferrer noopener\" href=\"https:\/\/drive.google.com\/file\/d\/13PWWVHMtP23BBNq6cJ89P0Hkex0ZX_S4\/view?usp=sharing\" target=\"_blank\">1RA. OPORTUNIDAD<\/a><br><br><a href=\"https:\/\/drive.google.com\/file\/d\/14hhKF5xv_RU5i1bfWB4kb07ryRgKwbh7\/view?usp=sharing\" target=\"_blank\" rel=\"noreferrer noopener\">2DA. OPORTUNIDAD<\/a><\/td><\/tr><tr><td><br>004<\/td><td>HISTORIA MUNDIAL<\/td><td>LIC. JUAN CARLOS GUZMAN MORAN<\/td><td><a href=\"https:\/\/drive.google.com\/file\/d\/1vo_Co0kryIyfUiTCzYYQ_Bn2XllKfGdv\/view?usp=sharing\" target=\"_blank\" rel=\"noreferrer noopener\">Ver Acta<\/a><\/td><td>&nbsp;<\/td><\/tr><tr><td>005<\/td><td>METODOLOG\u00cdA DE LAS CIENCIAS SOCIALES<\/td><td>LIC. SERGIO ABRAHAM CABRIA BATRES<\/td><td><a href=\"https:\/\/drive.google.com\/file\/d\/1s2MH7B3FaUAEfNBke2nauC6xPMhLgUwH\/view?usp=sharing\" target=\"_blank\" rel=\"noreferrer noopener\">Ver Acta<\/a><\/td><td><a rel=\"noreferrer noopener\" href=\"https:\/\/drive.google.com\/file\/d\/16NkQ2a90pZ03Pqx3ZcMX8fQ4ZYx3ecbd\/view?usp=sharing\" target=\"_blank\">1RA. OPORTUNIDAD<\/a><br><br><a href=\"https:\/\/drive.google.com\/file\/d\/1_qzEKLroRN8wXBfOm6sH2NVVpn-W00Le\/view?usp=sharing\" target=\"_blank\" rel=\"noreferrer noopener\">2DA. OPORTUNIDAD<\/a><\/td><\/tr><\/tbody><\/table><\/figure>\n<\/div>\n<\/div>\n\n\n\n<p>Primer ciclo secci\u00f3n B<\/p>\n\n\n\n<div class=\"wp-block-columns is-layout-flex wp-container-7\">\n<div class=\"wp-block-column is-layout-flow\">\n<figure class=\"wp-block-table has-small-font-size\"><table class=\"has-pale-ocean-gradient-background has-background\"><thead><tr><td><strong>C\u00f3digo<\/strong>       <\/td><td><strong>curso<\/strong><\/td><td><strong>Docente<\/strong><\/td><td><strong>Acta final<\/strong>  <\/td><td><strong>Acta de recuperaci\u00f3n <\/strong>   <\/td><\/tr><\/thead><tbody><tr><td>001<\/td><td>CIENCIA POLITICA I<\/td><td>DRA. CLAUDIA VERONICA AGREDA AJQUI<\/td><td><a href=\"https:\/\/drive.google.com\/file\/d\/1663nlM2q8DKxoR_NJtk3DBgw7L1gp_yO\/view?usp=sharing\" target=\"_blank\" rel=\"noreferrer noopener\">Ver Acta<\/a><\/td><td>&nbsp;<a href=\"https:\/\/drive.google.com\/file\/d\/17ds_nPklDGPctPBXRURYz-WjF-4m56la\/view?usp=sharing\" target=\"_blank\" rel=\"noreferrer noopener\">1RA. OPORTUNIDAD<\/a><\/td><\/tr><tr><td>002<\/td><td>SOCIOLOG\u00cdA I<\/td><td>LIC. MANUEL CUPERTINO RIVERA RIVERA<\/td><td><a href=\"https:\/\/drive.google.com\/file\/d\/1MuBolOkd2Otr3CPPDfsE82Pzo5on28RY\/view?usp=sharing\" target=\"_blank\" rel=\"noreferrer noopener\">Ver Acta<\/a><\/td><td><a rel=\"noreferrer noopener\" href=\"https:\/\/drive.google.com\/file\/d\/1fWXsevdY3kuKcxJb8p2OCzj8lzcjilPn\/view?usp=sharing\" target=\"_blank\">1RA. OPORTUNIDAD<\/a><br><br><a href=\"https:\/\/drive.google.com\/file\/d\/1VKTdGqLoKx7ZUiiuVAZZugck0TJBDGNC\/view?usp=sharing\" target=\"_blank\" rel=\"noreferrer noopener\">2DA. OPORTUNIDAD<\/a><\/td><\/tr><tr><td>003<\/td><td>RELACIONES INTERNACIONALES   I<\/td><td>MSC. SECIL OSWALDO DE LEON<\/td><td>&nbsp;<a href=\"https:\/\/drive.google.com\/file\/d\/15Pm2jpkCOs1mYN18Wb5p-usgjzrAIYVw\/view?usp=drive_link\" target=\"_blank\" rel=\"noreferrer noopener\">Ver_Acta<\/a><\/td><td>&nbsp;<\/td><\/tr><tr><td>004<\/td><td>HISTORIA MUNDIAL<\/td><td>LICDA. LAYDI CONSUELO RUANO MARROQUIN<\/td><td><a href=\"https:\/\/drive.google.com\/file\/d\/1QXblb5s8JVk6sQVBnnStQ24i6388NRZa\/view?usp=sharing\" target=\"_blank\" rel=\"noreferrer noopener\">Ver Acta<\/a><\/td><td>&nbsp;<a rel=\"noreferrer noopener\" href=\"https:\/\/drive.google.com\/file\/d\/1EIrQtJzVdumryp1T7t3Iz0P_9K_LK9V6\/view?usp=drive_link\" target=\"_blank\">Primera Oportunidad<\/a><br><br><a rel=\"noreferrer noopener\" href=\"https:\/\/drive.google.com\/file\/d\/1ZS3-_HnzO1FZMdjbhPtI68yOtRjB0n8Q\/view?usp=drive_link\" target=\"_blank\">Segund<\/a><a href=\"https:\/\/drive.google.com\/file\/d\/1ZS3-_HnzO1FZMdjbhPtI68yOtRjB0n8Q\/view?usp=drive_link\" target=\"_blank\" rel=\"noreferrer noopener\">a<\/a><a rel=\"noreferrer noopener\" href=\"https:\/\/drive.google.com\/file\/d\/1ZS3-_HnzO1FZMdjbhPtI68yOtRjB0n8Q\/view?usp=drive_link\" target=\"_blank\"> Oportunidad<\/a><\/td><\/tr><tr><td>005<\/td><td>METODOLOG\u00cdA DE LAS CIENCIAS SOCIALES<\/td><td>LICDA. MAR\u00cdA CONSUELO MORALES SALAZAR<\/td><td><a href=\"https:\/\/drive.google.com\/file\/d\/1V0fqjonzR3QeqmvN2X0Or5JhLy8nkk9V\/view?usp=drive_link\">&nbsp;Ver_Acta<\/a><\/td><td>&nbsp;<a href=\"https:\/\/drive.google.com\/file\/d\/1BNSUm9vMWEoxTBYhS1A5V_sZzKHcQSmP\/view?usp=drive_link\" target=\"_blank\" rel=\"noreferrer noopener\">Primera Oportunidad<\/a><\/td><\/tr><\/tbody><\/table><\/figure>\n<\/div>\n<\/div>\n\n\n\n<p>Primer ciclo secci\u00f3n C<\/p>\n\n\n\n<div class=\"wp-block-columns is-layout-flex wp-container-9\">\n<div class=\"wp-block-column is-layout-flow\">\n<figure class=\"wp-block-table has-small-font-size\"><table class=\"has-pale-ocean-gradient-background has-background\"><tbody><tr><td><strong>C\u00f3digo<\/strong><\/td><td><strong>Curso<\/strong><\/td><td><strong>Docente<\/strong><\/td><td><strong>Acta final<\/strong>  <\/td><td><strong>Acta de recuperaci\u00f3n<\/strong><\/td><\/tr><tr><td>001<\/td><td>CIENCIA POLITICA I<\/td><td>LIC. HUGO EFREN&nbsp; RAMIREZ PAZOS<\/td><td><a href=\"https:\/\/drive.google.com\/file\/d\/1gGXN6s7Q6MHnvqNbUSEZ5z97Bc5NsVXf\/view?usp=drive_link\" target=\"_blank\" rel=\"noreferrer noopener\">Ver Acta<\/a><\/td><td>&nbsp;<\/td><\/tr><tr><td>002<\/td><td>SOCIOLOGIA I<\/td><td>LIC. MANUEL CUPERTINO RIVERA RIVERA<\/td><td><a href=\"https:\/\/drive.google.com\/file\/d\/11uSlsuMLOUkCCU--_4B3hs-SCqCltMyC\/view?usp=sharing\" target=\"_blank\" rel=\"noreferrer noopener\">Ver Acta<\/a><\/td><td><a rel=\"noreferrer noopener\" href=\"https:\/\/drive.google.com\/file\/d\/1v0O52vePST3TumWnqf1BS6AEhHP4t4Eb\/view?usp=sharing\" target=\"_blank\">1RA. OPORTUNIDAD<\/a><br><br><a href=\"https:\/\/drive.google.com\/file\/d\/1aGJr-fhl3GcBStp0w565XOCaKRHihF14\/view?usp=sharing\" target=\"_blank\" rel=\"noreferrer noopener\">2DA. OPORTUNIDAD<\/a><\/td><\/tr><tr><td>003<\/td><td>RELACIONES INTERNACIONALES I<\/td><td>MTRO. JOSE GILBERTO CORTEZ CHACON<\/td><td><a href=\"https:\/\/drive.google.com\/file\/d\/1bT7KSNIxbKNTBV0P_PlfTwrjBZB9q-FE\/view?usp=sharing\" target=\"_blank\" rel=\"noreferrer noopener\">Ver Acta<\/a><\/td><td><a rel=\"noreferrer noopener\" href=\"https:\/\/drive.google.com\/file\/d\/11te_ZQoUtZHuUODyI3vBQ9KrpxfGwjqa\/view?usp=sharing\" target=\"_blank\">1RA. OPORTUNIDAD<\/a><br><br><a href=\"https:\/\/drive.google.com\/file\/d\/14EjLg9Dbh-D-vczyXRerW_35Qd8hbJ_M\/view?usp=sharing\" target=\"_blank\" rel=\"noreferrer noopener\">2DA. OPORTUNIDAD<\/a><\/td><\/tr><tr><td><br>004<\/td><td>HISTORIA MUNDIAL<\/td><td>LICDA. LAYDI CONSUELO&nbsp; RUANO MARROQUIN<\/td><td><a href=\"https:\/\/drive.google.com\/file\/d\/1cTHLLGnX4vnY_LgtUVw6OG8n9eRND6KL\/view?usp=drive_link\" target=\"_blank\" rel=\"noreferrer noopener\">Ver_Acta<\/a><\/td><td><a rel=\"noreferrer noopener\" href=\"https:\/\/drive.google.com\/file\/d\/1vsEjMhU6_V5IBoQepNMboFeo8xZrSkT2\/view?usp=drive_link\" target=\"_blank\">Primera Oportunidad<\/a><br><br><a rel=\"noreferrer noopener\" href=\"https:\/\/drive.google.com\/file\/d\/1ZXRvp25qJVDdjYKbhob_lLwdQZ3nsAjB\/view?usp=drive_link\" target=\"_blank\">Segunda_ Oportinidas<\/a><\/td><\/tr><tr><td>005<\/td><td>METODOLOG\u00cdA DE LAS CIENCIAS SOCIALES<\/td><td>LICDA. KARLA PATRICIA GIRON FRANCO<\/td><td><a href=\"https:\/\/drive.google.com\/file\/d\/145082zIGwrSuETYyK2zcFDNVd6kenTOQ\/view?usp=drive_link\" target=\"_blank\" rel=\"noreferrer noopener\">Ver_Acta<\/a><\/td><td>&nbsp;<a rel=\"noreferrer noopener\" href=\"https:\/\/drive.google.com\/file\/d\/1hb5G-BBS8fWf-gmwJ4EX_EnLxGYpdM5L\/view?usp=drive_link\" target=\"_blank\">Primera_Oportunidad<\/a><br><br><a href=\"https:\/\/drive.google.com\/file\/d\/1jrFlFcJF9-uBLdjpHEKJ-3wlOp_TAcQg\/view?usp=sharing\" target=\"_blank\" rel=\"noreferrer noopener\">Segunda Oportunidad<\/a><\/td><\/tr><\/tbody><\/table><\/figure>\n<\/div>\n<\/div>\n\n\n\n<p>Primer ciclo secci\u00f3n D<\/p>\n\n\n\n<div class=\"wp-block-columns is-layout-flex wp-container-11\">\n<div class=\"wp-block-column is-layout-flow\">\n<figure class=\"wp-block-table has-small-font-size\"><table class=\"has-pale-ocean-gradient-background has-background\"><tbody><tr><td><strong>C\u00f3digo<\/strong><\/td><td><strong>Curso<\/strong><\/td><td><strong>Docente<\/strong><\/td><td><strong>Acta final<\/strong>  <\/td><td><strong>Acta de recuperaci\u00f3n<\/strong><\/td><\/tr><tr><td>001<\/td><td>CIENCIA POLITICA I<\/td><td>LICDA CARMEN AMANDA ALVAREZ<\/td><td><a href=\"https:\/\/drive.google.com\/file\/d\/1M_BT1OLrqP67fP1JsR485fF69WZZRbvc\/view?usp=drive_link\" target=\"_blank\" rel=\"noreferrer noopener\"> Ver Acta<\/a><\/td><td><a rel=\"noreferrer noopener\" href=\"https:\/\/drive.google.com\/file\/d\/1emKtpsp64C3K2hUSM8VhpW0SOdbvo05l\/view?usp=sharing\" target=\"_blank\">1RA. OPORTUNIDAD<\/a><br><br><a href=\"https:\/\/drive.google.com\/file\/d\/1l-SCj1nNQ-Fovw18Aa6Os6ew3zXjE5K5\/view?usp=sharing\" target=\"_blank\" rel=\"noreferrer noopener\">2DA. OPORTUNIDAD<\/a><\/td><\/tr><tr><td>002<\/td><td>SOCIOLOGIA I<\/td><td>LIC. MANUEL CUPERTINO RIVERA RIVERA<\/td><td><a href=\"https:\/\/drive.google.com\/file\/d\/1xvK77VXf8Mgi4-zCm5sWlDkUCgexlq61\/view?usp=sharing\" target=\"_blank\" rel=\"noreferrer noopener\">Ver Acta<\/a><\/td><td><a rel=\"noreferrer noopener\" href=\"https:\/\/drive.google.com\/file\/d\/1U0rLHfvuhUUT8A_n3RbXoznmwUokWz1g\/view?usp=sharing\" target=\"_blank\">1RA. OPORTUNIDAD<\/a><br><br><a href=\"https:\/\/drive.google.com\/file\/d\/1GwjaPkThyna-eCZ71EuiWkfxU0HbNJHl\/view?usp=sharing\" target=\"_blank\" rel=\"noreferrer noopener\">2DA. OPORTUNIDAD<\/a><\/td><\/tr><tr><td>003<\/td><td>RELACIONES INTERNACIONALES I<\/td><td>LICDA. JOHANA ESTEFANY GIR\u00d3N LINARES<\/td><td>&nbsp;<a href=\"https:\/\/drive.google.com\/file\/d\/1316k_YfWFUS2zqvueYfhqqEBvHv-BfE2\/view?usp=sharing\" target=\"_blank\" rel=\"noreferrer noopener\">Ver_Acta<\/a><\/td><td><a href=\"https:\/\/drive.google.com\/file\/d\/1nrJwhFMImQbS1QNx91y2SGw4WZclfE90\/view?usp=sharing\" target=\"_blank\" rel=\"noreferrer noopener\">1RA. OPORTUNIDAD<\/a><\/td><\/tr><tr><td>004<\/td><td>HISTORIA MUNDIAL<\/td><td>LICDA. LAYDI CONSUELO&nbsp; RUANO MARROQUIN<\/td><td>&nbsp;<a href=\"https:\/\/drive.google.com\/file\/d\/1HPPiThFsBuI6P9OaUGCoLUTrZmA4kEC1\/view?usp=drive_link\" target=\"_blank\" rel=\"noreferrer noopener\">Ver_Acta<\/a><\/td><td>&nbsp;<a href=\"https:\/\/drive.google.com\/file\/d\/1Q07EVSS4bWXc0bZBwu5Jn-tBkQ62nlKE\/view?usp=drive_link\" target=\"_blank\" rel=\"noreferrer noopener\">Primera_Recuperaci\u00f3n<\/a><\/td><\/tr><tr><td>005<\/td><td>METODOLOG\u00cdA DE LAS CIENCIAS SOCIALES<\/td><td>LICDA. KARLA PATRICIA GIRON FRANCO<\/td><td>&nbsp;<a href=\"https:\/\/drive.google.com\/file\/d\/1zll91nZQK-lvqc6oYseM5oBdm8bWFGHW\/view?usp=drive_link\" target=\"_blank\" rel=\"noreferrer noopener\">Ver_Acta<\/a><\/td><td>&nbsp;<\/td><\/tr><\/tbody><\/table><\/figure>\n<\/div>\n<\/div>\n\n\n\n<p>Tercer ciclo secci\u00f3n A<\/p>\n\n\n\n<div class=\"wp-block-columns is-layout-flex wp-container-13\">\n<div class=\"wp-block-column is-layout-flow\">\n<figure class=\"wp-block-table has-small-font-size\"><table class=\"has-pale-ocean-gradient-background has-background\"><tbody><tr><td><strong>C\u00f3digo<\/strong>        <\/td><td><strong>Curso<\/strong><\/td><td><strong>Docente<\/strong><\/td><td><strong>Acta final<\/strong>          <\/td><td><strong>Acta de recuperaci\u00f3n<\/strong>       <\/td><\/tr><tr><td>011<\/td><td>FILOSOFIA<\/td><td>MTRA. CORY NINETH GIR\u00d3N BELTR\u00c1N<\/td><td><a href=\"https:\/\/drive.google.com\/file\/d\/1JVBbNdGiW61UO_5Ep1Tm-bCHtAAOw8dv\/view?usp=sharing\" target=\"_blank\" rel=\"noreferrer noopener\">Ver Acta<\/a><\/td><td>&nbsp;<\/td><\/tr><tr><td>012<\/td><td>INTRODUCCI\u00d3N A LA ECONOM\u00cdA<\/td><td>MTRA. MAR\u00cdA ELENA IZQUIERDO MERLO<\/td><td><a href=\"https:\/\/drive.google.com\/file\/d\/1mUjYHWXEHHBmGcFgQzqvmWZZLr685wKM\/view?usp=sharing\" target=\"_blank\" rel=\"noreferrer noopener\">Ver Acta<\/a><\/td><td>&nbsp;<a rel=\"noreferrer noopener\" href=\"https:\/\/drive.google.com\/file\/d\/1QDV7I3x_27unINUeSIv_rbvjWYYT5Sc4\/view?usp=sharing\" target=\"_blank\">1RA. OPORTUNIDAD<\/a><br><br><a href=\"https:\/\/drive.google.com\/file\/d\/1NPMd80SqT43yzed6oGgkmbS120jb3f7E\/view?usp=sharing\" target=\"_blank\" rel=\"noreferrer noopener\">2DA. OPORTUNIDAD<\/a><\/td><\/tr><tr><td>013<\/td><td>INTRODUCCI\u00d3N AL DERECHO<\/td><td>LIC. OSCAR ESTUARDO BAUTISTA SOTO<\/td><td><a href=\"https:\/\/drive.google.com\/file\/d\/13cCSckQlk8iVY6aaMAmsQC2yjtWZc9Os\/view?usp=sharing\" target=\"_blank\" rel=\"noreferrer noopener\">Ver Acta<\/a><\/td><td><a rel=\"noreferrer noopener\" href=\"https:\/\/drive.google.com\/file\/d\/1kkUYPiB0Yh6zw6kAQXaRhQ5wpm5zj-E2\/view?usp=sharing\" target=\"_blank\">1RA. OPORTUNIDAD<\/a><br><br><a href=\"https:\/\/drive.google.com\/file\/d\/1U7JH0UIW1jaC7CkPN4dYNZfA0U1dt1sd\/view?usp=sharing\" target=\"_blank\" rel=\"noreferrer noopener\">2DA. OPORTUNIDAD<\/a><\/td><\/tr><tr><td>014<\/td><td>HISTORIA DE GUATEMALA I<\/td><td>MSC. ALMA CONSUELO COGUOX P\u00c9REZ<\/td><td><a href=\"https:\/\/drive.google.com\/file\/d\/1QKRL8gt9MF2Ftgi_gHj_qdZZL69jWP6S\/view?usp=sharing\" target=\"_blank\" rel=\"noreferrer noopener\">Ver Acta<\/a><\/td><td><a rel=\"noreferrer noopener\" href=\"https:\/\/drive.google.com\/file\/d\/1oYuOjK9sYcifALiC9J9UghX9QXdnE9SY\/view?usp=sharing\" target=\"_blank\">1RA. OPORTUNIDAD<\/a><br><br><a href=\"https:\/\/drive.google.com\/file\/d\/1fd-6FjIz6zQ9VGBCd-3KEZJa9EuM3l9D\/view?usp=sharing\" target=\"_blank\" rel=\"noreferrer noopener\">2DA. OPORTUNIDAD<\/a><\/td><\/tr><tr><td>015<\/td><td>METODOLOG\u00cdA DE LAS CIENCIAS SOCIALES III<\/td><td>MSC. CARLOS ROBERTO MONZ\u00d3N GONZ\u00c1LEZ<\/td><td><a href=\"https:\/\/drive.google.com\/file\/d\/1KZh8bziO0v6LuONvWSqnJyrXmtxhMiXa\/view?usp=sharing\" target=\"_blank\" rel=\"noreferrer noopener\">Ver Acta<\/a><\/td><td><a rel=\"noreferrer noopener\" href=\"https:\/\/drive.google.com\/file\/d\/1KI-Pry0zN599gW2ka2m812i2DsuLvOrR\/view?usp=sharing\" target=\"_blank\">1RA. OPORTUNIDAD<\/a><br><br><a href=\"https:\/\/drive.google.com\/file\/d\/1YtedNJZGjumD5gZfO9YjuxOSf79RUU_s\/view?usp=sharing\" target=\"_blank\" rel=\"noreferrer noopener\">2DA. OPORTUNIDAD<\/a><\/td><\/tr><\/tbody><\/table><\/figure>\n<\/div>\n<\/div>\n\n\n\n<p>Tercer ciclo secci\u00f3n B<\/p>\n\n\n\n<div class=\"wp-block-columns is-layout-flex wp-container-15\">\n<div class=\"wp-block-column is-layout-flow\">\n<figure class=\"wp-block-table has-small-font-size\"><table class=\"has-pale-ocean-gradient-background has-background\"><tbody><tr><td><strong>C\u00f3digo<\/strong>    <\/td><td><strong>Curso<\/strong><\/td><td><strong>Docente<\/strong><\/td><td><strong>Acta final<\/strong>       <\/td><td>Acta de recuperaci\u00f3n        <\/td><\/tr><tr><td>011<\/td><td>FILOSOFIA<\/td><td>DR. CARLOS OLIVA MURALLES<\/td><td><a href=\"https:\/\/drive.google.com\/file\/d\/1IYCjQfWksMgzGmuNApw2R3VLukYVU1sk\/view?usp=sharing\" target=\"_blank\" rel=\"noreferrer noopener\">Ver Acta<\/a><\/td><td><a rel=\"noreferrer noopener\" href=\"https:\/\/drive.google.com\/file\/d\/1PIBNDSg5B6pP4E9gzB56QiSKvsAQ977a\/view?usp=sharing\" target=\"_blank\">1RA. OPORTUNIDAD<\/a><br><br><a href=\"https:\/\/drive.google.com\/file\/d\/1LnC1Dr5ol2UfqnybtVdJ6SPbfrtDuc00\/view?usp=sharing\" target=\"_blank\" rel=\"noreferrer noopener\">2DA. OPORTUNIDAD<\/a><\/td><\/tr><tr><td>012<\/td><td>INTRODUCCI\u00d3N A LA ECONOM\u00cdA<\/td><td>MTRA. MAR\u00cdA ELENA IZQUIERDO<\/td><td><a href=\"https:\/\/drive.google.com\/file\/d\/1qXarH67jX8Iv6sGxQbFUU7Tq9AvSatsn\/view?usp=sharing\" target=\"_blank\" rel=\"noreferrer noopener\">Ver Acta<\/a><\/td><td><a rel=\"noreferrer noopener\" href=\"https:\/\/drive.google.com\/file\/d\/1K9hNHMURIK_UVJupDpwRdizgRaJaYTBH\/view?usp=sharing\" target=\"_blank\">1RA. OPORTUNIDAD<\/a><br><br><a href=\"https:\/\/drive.google.com\/file\/d\/1CXYSGUK53V5FLI1SwKrPF966q8LM1ppo\/view?usp=sharing\" target=\"_blank\" rel=\"noreferrer noopener\">2DA. OPORTUNIDAD<\/a><\/td><\/tr><tr><td>013<\/td><td>INTRODUCCI\u00d3N AL DERECHO<\/td><td>LIC. OSCAR BAUTISTA SOTO<\/td><td><a href=\"https:\/\/drive.google.com\/file\/d\/1oJtVdR0_F7g6dPXC9tN4WvlXF0pJn0je\/view?usp=sharing\" target=\"_blank\" rel=\"noreferrer noopener\">Ver Acta<\/a><\/td><td>&nbsp;<\/td><\/tr><tr><td>014<\/td><td>HISTORIA DE GUATEMALA I<\/td><td>LICDA. KARLA PATRICIA GIR\u00d3N<\/td><td>&nbsp;<a href=\"https:\/\/drive.google.com\/file\/d\/1YwNSYSg25iRAMfhq133z1kvnPYyW6ykK\/view?usp=drive_link\" target=\"_blank\" rel=\"noreferrer noopener\">Ver_Acta<\/a><\/td><td>&nbsp;<a href=\"https:\/\/drive.google.com\/file\/d\/1ONKJpd6VAVz2dDpaIsADEkzy6ShrZXtN\/view?usp=drive_link\" target=\"_blank\" rel=\"noreferrer noopener\">Complementaria<\/a><\/td><\/tr><tr><td>015<\/td><td>METODOLOG\u00cdA DE LAS CIENCIAS SOCIALES III<\/td><td>DR. FIDEL AR\u00c9VALO<\/td><td><a href=\"https:\/\/drive.google.com\/file\/d\/1qgRaahPGUdAcIChxLGgv7D8niEDj2BBC\/view?usp=sharing\" target=\"_blank\" rel=\"noreferrer noopener\">Ver Acta<\/a><\/td><td><a rel=\"noreferrer noopener\" href=\"https:\/\/drive.google.com\/file\/d\/1yF4QvgHFLSp-EQ6ow8Bx2k2fdx4Z504F\/view?usp=sharing\" target=\"_blank\">1RA. OPORTUNIDAD<\/a><br><br><a rel=\"noreferrer noopener\" href=\"https:\/\/drive.google.com\/file\/d\/1pgAcCoEpdRRsUs-AdVBhBmLFvWmXuFid\/view?usp=sharing\" target=\"_blank\">2DA. OPORTUNIDAD<\/a><br><br><a href=\"https:\/\/drive.google.com\/file\/d\/1CF1g8wZWhFJLJHAdDGnwppOhpxm6JWX0\/view?usp=drive_link\" target=\"_blank\" rel=\"noreferrer noopener\">Complementaria<\/a><\/td><\/tr><\/tbody><\/table><\/figure>\n<\/div>\n<\/div>\n\n\n\n<p>Tercer ciclo secci\u00f3n C<\/p>\n\n\n\n<div class=\"wp-block-columns is-layout-flex wp-container-17\">\n<div class=\"wp-block-column is-layout-flow\">\n<figure class=\"wp-block-table has-small-font-size\"><table class=\"has-pale-ocean-gradient-background has-background\"><tbody><tr><td><strong>C\u00f3digo<\/strong>       <\/td><td><strong>Curso<\/strong><\/td><td><strong>Docente<\/strong><\/td><td><strong>Acta final<\/strong>          <\/td><td>Acta de recuperaci\u00f3n           <\/td><\/tr><tr><td>011<\/td><td>FILOSOFIA<\/td><td>MTRO. EDDY MORALES<\/td><td><a href=\"https:\/\/drive.google.com\/file\/d\/1k6q-2LsRHEL9mPTfA8zU5r0IwKwp32aC\/view?usp=sharing\" target=\"_blank\" rel=\"noreferrer noopener\">Ver Acta<\/a><\/td><td>&nbsp;<\/td><\/tr><tr><td>012<\/td><td>INTRODUCCI\u00d3N A LA ECONOM\u00cdA<\/td><td>LIC. MYNOR IVAN MIRANDA<\/td><td><a href=\"https:\/\/drive.google.com\/file\/d\/1_N0_3EXqF_eEPEEo-iO-iaJ4dzeiLa0e\/view?usp=sharing\" target=\"_blank\" rel=\"noreferrer noopener\">Ver Acta<\/a><\/td><td>&nbsp;<\/td><\/tr><tr><td>013<\/td><td>INTRODUCCI\u00d3N AL DERECHO<\/td><td>LIC. OSCAR BAUTISTA SOTO<\/td><td><a href=\"https:\/\/drive.google.com\/file\/d\/1dAPizbkI6f73EaDZxZWb_JN5alKKJjiV\/view?usp=sharing\" target=\"_blank\" rel=\"noreferrer noopener\">Ver Acta<\/a><\/td><td><a href=\"https:\/\/drive.google.com\/file\/d\/13JRXtkEKbz1OktDmTGgEXYsvKTuzNyKp\/view?usp=sharing\" target=\"_blank\" rel=\"noreferrer noopener\">1RA. OPORTUNIDAD<\/a><\/td><\/tr><tr><td>014<\/td><td>HISTORIA DE GUATEMALA I<\/td><td>LICDA. EUNICE RODR\u00cdGUEZ GUILLEN<\/td><td><a href=\"https:\/\/drive.google.com\/file\/d\/1sp1tDogFKGbNi_KaowpKjxdekZ5HR_ZU\/view?usp=sharing\" target=\"_blank\" rel=\"noreferrer noopener\">Ver Acta<\/a><\/td><td>&nbsp;<\/td><\/tr><tr><td>015<\/td><td>METODOLOG\u00cdA DE LAS CIENCIAS SOCIALES III<\/td><td>LICDA. LISSETH MONTENEGRO<\/td><td><a href=\"https:\/\/drive.google.com\/file\/d\/1iR0Kys-zq7HMpQVDeOoLrhs5rem9clBc\/view?usp=sharing\" target=\"_blank\" rel=\"noreferrer noopener\">Ver Acta<\/a><\/td><td><a href=\"https:\/\/drive.google.com\/file\/d\/1eu2JRXbbCWgNmI7pz_xHYOIUOV7kuuNI\/view?usp=sharing\" target=\"_blank\" rel=\"noreferrer noopener\">2DA. OPORTUNIDAD<\/a><\/td><\/tr><\/tbody><\/table><\/figure>\n<\/div>\n<\/div>\n","protected":false},"excerpt":{"rendered":"<p>Regresar Primer ciclo secci\u00f3n A C\u00f3digo Curso Docente Acta Final Acta de recuperaci\u00f3n 001 CIENCIA POLITICA I LICDA CARMEN AMANDA ALVAREZ Ver Acta 1RA. OPORTUNIDAD 2DA. OPORTUNIDAD 002 SOCIOLOGIA I LIC. MANUEL CUPERTINO RIVERA RIVERA Ver Acta 1RA. OPORTUNIDAD 2DA. OPORTUNIDAD 003 RELACIONES INTERNACIONALES I MTRO. JOS\u00c9 CORTEZ CHAC\u00d3N Ver Acta 1RA. OPORTUNIDAD 2DA. OPORTUNIDAD [&hellip;]<\/p>\n","protected":false},"author":101014,"featured_media":0,"parent":0,"menu_order":0,"comment_status":"closed","ping_status":"closed","template":"","meta":[],"_links":{"self":[{"href":"https:\/\/cienciapolitica.usac.edu.gt\/index.php?rest_route=\/wp\/v2\/pages\/10109"}],"collection":[{"href":"https:\/\/cienciapolitica.usac.edu.gt\/index.php?rest_route=\/wp\/v2\/pages"}],"about":[{"href":"https:\/\/cienciapolitica.usac.edu.gt\/index.php?rest_route=\/wp\/v2\/types\/page"}],"author":[{"embeddable":true,"href":"https:\/\/cienciapolitica.usac.edu.gt\/index.php?rest_route=\/wp\/v2\/users\/101014"}],"replies":[{"embeddable":true,"href":"https:\/\/cienciapolitica.usac.edu.gt\/index.php?rest_route=%2Fwp%2Fv2%2Fcomments&post=10109"}],"version-history":[{"count":123,"href":"https:\/\/cienciapolitica.usac.edu.gt\/index.php?rest_route=\/wp\/v2\/pages\/10109\/revisions"}],"predecessor-version":[{"id":10661,"href":"https:\/\/cienciapolitica.usac.edu.gt\/index.php?rest_route=\/wp\/v2\/pages\/10109\/revisions\/10661"}],"wp:attachment":[{"href":"https:\/\/cienciapolitica.usac.edu.gt\/index.php?rest_route=%2Fwp%2Fv2%2Fmedia&parent=10109"}],"curies":[{"name":"wp","href":"https:\/\/api.w.org\/{rel}","templated":true}]}}